{"id":4751,"date":"2019-06-10T16:52:44","date_gmt":"2019-06-10T16:52:44","guid":{"rendered":"https:\/\/www.defensoria.gob.ec\/?post_type=project&#038;p=4751"},"modified":"2019-06-10T16:52:44","modified_gmt":"2019-06-10T16:52:44","slug":"la-defensoria-publica-continua-su-plan-de-capacitacion-a-su-personal-misional","status":"publish","type":"project","link":"https:\/\/www.defensoria.gob.ec\/?project=la-defensoria-publica-continua-su-plan-de-capacitacion-a-su-personal-misional","title":{"rendered":"La Defensor\u00eda P\u00fablica contin\u00faa su Plan de Capacitaci\u00f3n a su personal misional"},"content":{"rendered":"<p>[et_pb_section fb_built=\u00bb1&#8243; _builder_version=\u00bb3.23.3&#8243;][et_pb_row _builder_version=\u00bb3.23.3&#8243;][et_pb_column type=\u00bb4_4&#8243; _builder_version=\u00bb3.23.3&#8243;][et_pb_post_title meta=\u00bboff\u00bb featured_image=\u00bboff\u00bb _builder_version=\u00bb3.23.3&#8243;][\/et_pb_post_title][et_pb_text _builder_version=\u00bb3.23.3&#8243; text_font=\u00bb||||||||\u00bb text_text_align=\u00bbjustify\u00bb]<\/p>\n<p>Con la presencia del Defensor P\u00fablico General (e), \u00c1ngel Torres Machuca, se realiz\u00f3 el\u00a0 taller de \u201cVictimolog\u00eda\u201d, dictado por la experta en Educaci\u00f3n, Psicolog\u00eda Cl\u00ednica, Criminolog\u00eda y Criminal\u00edstica, Dra. Alexandra Mantilla, en el Auditorio de la Corte Nacional de Justicia.<\/p>\n<p>La jornada que acredit\u00f3 veinte horas acad\u00e9micas, se desarroll\u00f3 entre el 6 y 8 de junio, tuvo como objetivo fortalecer en los Defensores P\u00fablicos la misi\u00f3n de la Instituci\u00f3n que es entregar patrocinio legal a las v\u00edctimas.<\/p>\n<p>\u201cLa expectativa es que el\u00a0 personal misional se siga preparando, tenga conocimiento de la especialidad en v\u00edctimas y se fortalezca esta \u00e1rea, para que se pueda mejorar el servicio a la ciudadan\u00eda\u201d, se\u00f1al\u00f3 el Defensor P\u00fablico General (e), \u00c1ngel Torres Machuca. Anunci\u00f3, para los pr\u00f3ximos d\u00edas,\u00a0 nuevos seminarios a nivel local e internacional.<\/p>\n<p>En el taller de \u201cVictimolog\u00eda\u201d, la Dra. Alexandra Mantilla, abord\u00f3 los temas: victimolog\u00eda general, critica penal, niveles de victimizaci\u00f3n, s\u00edntomas f\u00edsicos y emocionales asociados al stress, percepciones de v\u00edctimas y no v\u00edctimas, construcci\u00f3n de la victimolog\u00eda forense, c\u00f3mo manejar v\u00edctimas, entre otros.<\/p>\n<p>En el acto de clausura, el Defensor P\u00fablico General (e), \u00c1ngel Torres Machuca, entreg\u00f3 un reconocimiento a la Dra. Alexandra Mantilla, por los conocimientos impartidos y le invit\u00f3 a seguir participando, ya que est\u00e1 en proceso el\u00a0 proyecto de la Escuela Defensor\u00edal, para mantener de forma permanente la capacitaci\u00f3n a los defensores p\u00fablicos.<\/p>\n<p>De igual manera, en su intervenci\u00f3n, el Coordinador Nacional de Gesti\u00f3n de la Defensa P\u00fablica, Dr. Ricardo Morales, destac\u00f3 el aporte acad\u00e9mico proporcionado por la Dra. Mantilla y a la vez, le entreg\u00f3 el certificado como facilitadora del taller de \u201cVictimolog\u00eda\u201d, al cual asistieron 56 funcionarios.<\/p>\n<p>[\/et_pb_text][et_pb_gallery _builder_version=\u00bb3.23.3&#8243; gallery_ids=\u00bb4755,4754,4753,4752&#8243;][\/et_pb_gallery][\/et_pb_column][\/et_pb_row][\/et_pb_section]<\/p>\n","protected":false},"excerpt":{"rendered":"<p>Con la presencia del Defensor P\u00fablico General (e), \u00c1ngel Torres Machuca, se realiz\u00f3 el\u00a0 taller de \u201cVictimolog\u00eda\u201d, dictado por la experta en Educaci\u00f3n, Psicolog\u00eda Cl\u00ednica, Criminolog\u00eda y Criminal\u00edstica, Dra. Alexandra [&hellip;]<\/p>\n","protected":false},"author":1,"featured_media":4752,"comment_status":"open","ping_status":"closed","template":"","meta":{"_et_pb_use_builder":"on","_et_pb_old_content":"","_et_gb_content_width":"","footnotes":""},"project_category":[5],"project_tag":[],"class_list":["post-4751","project","type-project","status-publish","has-post-thumbnail","hentry","project_category-noticias"],"_links":{"self":[{"href":"https:\/\/www.defensoria.gob.ec\/index.php?rest_route=\/wp\/v2\/project\/4751","targetHints":{"allow":["GET"]}}],"collection":[{"href":"https:\/\/www.defensoria.gob.ec\/index.php?rest_route=\/wp\/v2\/project"}],"about":[{"href":"https:\/\/www.defensoria.gob.ec\/index.php?rest_route=\/wp\/v2\/types\/project"}],"author":[{"embeddable":true,"href":"https:\/\/www.defensoria.gob.ec\/index.php?rest_route=\/wp\/v2\/users\/1"}],"replies":[{"embeddable":true,"href":"https:\/\/www.defensoria.gob.ec\/index.php?rest_route=%2Fwp%2Fv2%2Fcomments&post=4751"}],"version-history":[{"count":0,"href":"https:\/\/www.defensoria.gob.ec\/index.php?rest_route=\/wp\/v2\/project\/4751\/revisions"}],"wp:featuredmedia":[{"embeddable":true,"href":"https:\/\/www.defensoria.gob.ec\/index.php?rest_route=\/wp\/v2\/media\/4752"}],"wp:attachment":[{"href":"https:\/\/www.defensoria.gob.ec\/index.php?rest_route=%2Fwp%2Fv2%2Fmedia&parent=4751"}],"wp:term":[{"taxonomy":"project_category","embeddable":true,"href":"https:\/\/www.defensoria.gob.ec\/index.php?rest_route=%2Fwp%2Fv2%2Fproject_category&post=4751"},{"taxonomy":"project_tag","embeddable":true,"href":"https:\/\/www.defensoria.gob.ec\/index.php?rest_route=%2Fwp%2Fv2%2Fproject_tag&post=4751"}],"curies":[{"name":"wp","href":"https:\/\/api.w.org\/{rel}","templated":true}]}}

La Defensoría Pública continúa su Plan de Capacitación a su personal misional

<p>[et_pb_section fb_built=»1&#8243; _builder_version=»3.23.3&#8243;][et_pb_row _builder_version=»3.23.3&#8243;][et_pb_column type=»4_4&#8243; _builder_version=»3.23.3&#8243;][et_pb_post_title meta=»off» featured_image=»off» _builder_version=»3.23.3&#8243;][/et_pb_post_title][et_pb_text _builder_version=»3.23.3&#8243; text_font=»||||||||» text_text_align=»justify»]</p>
<p>Con la presencia del Defensor Público General (e), Ángel Torres Machuca, se realizó el  taller de “Victimología”, dictado por la experta en Educación, Psicología Clínica, Criminología y Criminalística, Dra. Alexandra Mantilla, en el Auditorio de la Corte Nacional de Justicia.</p>
<p>La jornada que acreditó veinte horas académicas, se desarrolló entre el 6 y 8 de junio, tuvo como objetivo fortalecer en los Defensores Públicos la misión de la Institución que es entregar patrocinio legal a las víctimas.</p>
<p>“La expectativa es que el  personal misional se siga preparando, tenga conocimiento de la especialidad en víctimas y se fortalezca esta área, para que se pueda mejorar el servicio a la ciudadanía”, señaló el Defensor Público General (e), Ángel Torres Machuca. Anunció, para los próximos días,  nuevos seminarios a nivel local e internacional.</p>
<p>En el taller de “Victimología”, la Dra. Alexandra Mantilla, abordó los temas: victimología general, critica penal, niveles de victimización, síntomas físicos y emocionales asociados al stress, percepciones de víctimas y no víctimas, construcción de la victimología forense, cómo manejar víctimas, entre otros.</p>
<p>En el acto de clausura, el Defensor Público General (e), Ángel Torres Machuca, entregó un reconocimiento a la Dra. Alexandra Mantilla, por los conocimientos impartidos y le invitó a seguir participando, ya que está en proceso el  proyecto de la Escuela Defensoríal, para mantener de forma permanente la capacitación a los defensores públicos.</p>
<p>De igual manera, en su intervención, el Coordinador Nacional de Gestión de la Defensa Pública, Dr. Ricardo Morales, destacó el aporte académico proporcionado por la Dra. Mantilla y a la vez, le entregó el certificado como facilitadora del taller de “Victimología”, al cual asistieron 56 funcionarios.</p>
<p>[/et_pb_text][et_pb_gallery _builder_version=»3.23.3&#8243; gallery_ids=»4755,4754,4753,4752&#8243;][/et_pb_gallery][/et_pb_column][/et_pb_row][/et_pb_section]</p>

<p>Con la presencia del Defensor Público General (e), Ángel Torres Machuca, se realizó el  taller de “Victimología”, dictado por la experta en Educación, Psicología Clínica, Criminología y Criminalística, Dra. Alexandra [&hellip;]</p>
