{"id":4682,"date":"2019-06-06T21:55:27","date_gmt":"2019-06-06T21:55:27","guid":{"rendered":"https:\/\/www.defensoria.gob.ec\/?post_type=project&#038;p=4682"},"modified":"2019-06-06T21:55:28","modified_gmt":"2019-06-06T21:55:28","slug":"pastaza-mesa-de-justicia-abordo-el-tema-de-violencia-contra-la-mujer","status":"publish","type":"project","link":"https:\/\/www.defensoria.gob.ec\/?project=pastaza-mesa-de-justicia-abordo-el-tema-de-violencia-contra-la-mujer","title":{"rendered":"Pastaza: Mesa de Justicia abord\u00f3 el tema de violencia contra la mujer"},"content":{"rendered":"<p>[et_pb_section fb_built=\u00bb1&#8243; _builder_version=\u00bb3.23.3&#8243;][et_pb_row _builder_version=\u00bb3.23.3&#8243;][et_pb_column type=\u00bb3_4&#8243; _builder_version=\u00bb3.23.3&#8243;][et_pb_post_title meta=\u00bboff\u00bb featured_image=\u00bboff\u00bb _builder_version=\u00bb3.23.3&#8243;][\/et_pb_post_title][et_pb_text _builder_version=\u00bb3.23.3&#8243; text_font=\u00bb||||||||\u00bb text_text_align=\u00bbjustify\u00bb]<\/p>\n<p>El Defensor P\u00fablico provincial de Pastaza, Luis \u00c1lvarez, particip\u00f3 en la Mesa de Justicia desarrollada el 4 de junio, en la Direcci\u00f3n Provincial del Consejo de la Judicatura, que abord\u00f3 los temas de Violencia contra la Mujer y Atenci\u00f3n a los Grupos Prioritarios.<\/p>\n<p>Adem\u00e1s, asisti\u00f3 como invitado a la sesi\u00f3n del GAD Municipal de Mera, en la que se eligi\u00f3 y posesion\u00f3 a los representantes de la sociedad civil ante el directorio del Consejo Protecci\u00f3n de Derechos de Mera.<\/p>\n<p>[\/et_pb_text][et_pb_gallery _builder_version=\u00bb3.23.3&#8243; gallery_ids=\u00bb4684,4683&#8243;][\/et_pb_gallery][\/et_pb_column][et_pb_column type=\u00bb1_4&#8243; _builder_version=\u00bb3.23.3&#8243;][et_pb_sidebar _builder_version=\u00bb3.23.3&#8243;][\/et_pb_sidebar][\/et_pb_column][\/et_pb_row][\/et_pb_section]<\/p>\n","protected":false},"excerpt":{"rendered":"<p>El Defensor P\u00fablico provincial de Pastaza, Luis \u00c1lvarez, particip\u00f3 en la Mesa de Justicia desarrollada el 4 de junio, en la Direcci\u00f3n Provincial del Consejo de la Judicatura, que abord\u00f3 [&hellip;]<\/p>\n","protected":false},"author":1,"featured_media":4683,"comment_status":"open","ping_status":"closed","template":"","meta":{"_et_pb_use_builder":"on","_et_pb_old_content":"","_et_gb_content_width":"","footnotes":""},"project_category":[8,5],"project_tag":[],"class_list":["post-4682","project","type-project","status-publish","has-post-thumbnail","hentry","project_category-cerca-a-ti","project_category-noticias"],"_links":{"self":[{"href":"https:\/\/www.defensoria.gob.ec\/index.php?rest_route=\/wp\/v2\/project\/4682","targetHints":{"allow":["GET"]}}],"collection":[{"href":"https:\/\/www.defensoria.gob.ec\/index.php?rest_route=\/wp\/v2\/project"}],"about":[{"href":"https:\/\/www.defensoria.gob.ec\/index.php?rest_route=\/wp\/v2\/types\/project"}],"author":[{"embeddable":true,"href":"https:\/\/www.defensoria.gob.ec\/index.php?rest_route=\/wp\/v2\/users\/1"}],"replies":[{"embeddable":true,"href":"https:\/\/www.defensoria.gob.ec\/index.php?rest_route=%2Fwp%2Fv2%2Fcomments&post=4682"}],"version-history":[{"count":0,"href":"https:\/\/www.defensoria.gob.ec\/index.php?rest_route=\/wp\/v2\/project\/4682\/revisions"}],"wp:featuredmedia":[{"embeddable":true,"href":"https:\/\/www.defensoria.gob.ec\/index.php?rest_route=\/wp\/v2\/media\/4683"}],"wp:attachment":[{"href":"https:\/\/www.defensoria.gob.ec\/index.php?rest_route=%2Fwp%2Fv2%2Fmedia&parent=4682"}],"wp:term":[{"taxonomy":"project_category","embeddable":true,"href":"https:\/\/www.defensoria.gob.ec\/index.php?rest_route=%2Fwp%2Fv2%2Fproject_category&post=4682"},{"taxonomy":"project_tag","embeddable":true,"href":"https:\/\/www.defensoria.gob.ec\/index.php?rest_route=%2Fwp%2Fv2%2Fproject_tag&post=4682"}],"curies":[{"name":"wp","href":"https:\/\/api.w.org\/{rel}","templated":true}]}}

Pastaza: Mesa de Justicia abordó el tema de violencia contra la mujer

<p>[et_pb_section fb_built=»1&#8243; _builder_version=»3.23.3&#8243;][et_pb_row _builder_version=»3.23.3&#8243;][et_pb_column type=»3_4&#8243; _builder_version=»3.23.3&#8243;][et_pb_post_title meta=»off» featured_image=»off» _builder_version=»3.23.3&#8243;][/et_pb_post_title][et_pb_text _builder_version=»3.23.3&#8243; text_font=»||||||||» text_text_align=»justify»]</p>
<p>El Defensor Público provincial de Pastaza, Luis Álvarez, participó en la Mesa de Justicia desarrollada el 4 de junio, en la Dirección Provincial del Consejo de la Judicatura, que abordó los temas de Violencia contra la Mujer y Atención a los Grupos Prioritarios.</p>
<p>Además, asistió como invitado a la sesión del GAD Municipal de Mera, en la que se eligió y posesionó a los representantes de la sociedad civil ante el directorio del Consejo Protección de Derechos de Mera.</p>
<p>[/et_pb_text][et_pb_gallery _builder_version=»3.23.3&#8243; gallery_ids=»4684,4683&#8243;][/et_pb_gallery][/et_pb_column][et_pb_column type=»1_4&#8243; _builder_version=»3.23.3&#8243;][et_pb_sidebar _builder_version=»3.23.3&#8243;][/et_pb_sidebar][/et_pb_column][/et_pb_row][/et_pb_section]</p>

<p>El Defensor Público provincial de Pastaza, Luis Álvarez, participó en la Mesa de Justicia desarrollada el 4 de junio, en la Dirección Provincial del Consejo de la Judicatura, que abordó [&hellip;]</p>
