{"id":4462,"date":"2019-05-28T21:02:28","date_gmt":"2019-05-28T21:02:28","guid":{"rendered":"https:\/\/www.defensoria.gob.ec\/?post_type=project&#038;p=4462"},"modified":"2019-05-28T22:08:51","modified_gmt":"2019-05-28T22:08:51","slug":"loja-120-mujeres-privadas-de-libertad-reciben-asesoria-legal","status":"publish","type":"project","link":"https:\/\/www.defensoria.gob.ec\/?project=loja-120-mujeres-privadas-de-libertad-reciben-asesoria-legal","title":{"rendered":"Loja: 100 mujeres privadas de libertad reciben asesor\u00eda legal"},"content":{"rendered":"<p>[et_pb_section fb_built=\u00bb1&#8243; _builder_version=\u00bb3.22.7&#8243;][et_pb_row _builder_version=\u00bb3.22.7&#8243;][et_pb_column type=\u00bb3_4&#8243; _builder_version=\u00bb3.22.7&#8243;][et_pb_post_title meta=\u00bboff\u00bb featured_image=\u00bboff\u00bb _builder_version=\u00bb3.22.7&#8243;][\/et_pb_post_title][et_pb_text _builder_version=\u00bb3.22.7&#8243; text_font=\u00bb||||||||\u00bb text_orientation=\u00bbjustified\u00bb]<\/p>\n<p>El 22 de mayo, la Defensora P\u00fablica Provincial de Loja, Mar\u00eda Cristina Meneses junto a los defensores p\u00fablicos, Darwin Bravo, Beatriz Saraguro y el asistente legal Jonathan Cort\u00e9s realizaron una feria ciudadana en el pabell\u00f3n Santa Martha del Centro de Privaci\u00f3n de Libertad de Personas Adultas.\u00a0<\/p>\n<p>Las personas privadas de libertad solicitaron informaci\u00f3n sobre juicios de alimentos, patria potestad, cambio de r\u00e9gimen penitenciario y delitos. El personal misional de la Defensor\u00eda P\u00fablica, entregaron material informativo sobre derechos humanos \u00a0y los servicios gratuitos que brinda la instituci\u00f3n. Esta jornada benefici\u00f3 a 100 mujeres.\u00a0<\/p>\n<p>Tambi\u00e9n, el 23 de mayo\u00a0de 2019, la Defensora P\u00fablica provincial de Loja, recibi\u00f3 en las instalaciones de la instituci\u00f3n a los directivos del Colegio de Ingenieros Electromec\u00e1nicos, quienes denunciaron \u00a0que les ha sido \u00a0vulnerado su derecho al trabajo.\u00a0<\/p>\n<p>La Defensora P\u00fablica Provincial de Loja, Mar\u00eda Cristina Meneses, canaliz\u00f3 esta solicitud a la Defensor\u00eda del Pueblo. A trav\u00e9s de un trabajo interinstitucional coordinado, emprendieron acciones inmediatas en defensa de este gremio de profesionales. \u00a0<\/p>\n<p>[\/et_pb_text][et_pb_gallery gallery_ids=\u00bb4464,4463&#8243; _builder_version=\u00bb3.22.7&#8243;][\/et_pb_gallery][\/et_pb_column][et_pb_column type=\u00bb1_4&#8243; _builder_version=\u00bb3.22.7&#8243;][et_pb_sidebar _builder_version=\u00bb3.22.7&#8243;][\/et_pb_sidebar][\/et_pb_column][\/et_pb_row][\/et_pb_section]<\/p>\n","protected":false},"excerpt":{"rendered":"<p>El 22 de mayo, la Defensora P\u00fablica Provincial de Loja, Mar\u00eda Cristina Meneses junto a los defensores p\u00fablicos, Darwin Bravo, Beatriz Saraguro y el asistente legal Jonathan Cort\u00e9s realizaron una [&hellip;]<\/p>\n","protected":false},"author":1,"featured_media":4463,"comment_status":"open","ping_status":"closed","template":"","meta":{"_et_pb_use_builder":"on","_et_pb_old_content":"","_et_gb_content_width":"","footnotes":""},"project_category":[8,5],"project_tag":[],"class_list":["post-4462","project","type-project","status-publish","has-post-thumbnail","hentry","project_category-cerca-a-ti","project_category-noticias"],"_links":{"self":[{"href":"https:\/\/www.defensoria.gob.ec\/index.php?rest_route=\/wp\/v2\/project\/4462","targetHints":{"allow":["GET"]}}],"collection":[{"href":"https:\/\/www.defensoria.gob.ec\/index.php?rest_route=\/wp\/v2\/project"}],"about":[{"href":"https:\/\/www.defensoria.gob.ec\/index.php?rest_route=\/wp\/v2\/types\/project"}],"author":[{"embeddable":true,"href":"https:\/\/www.defensoria.gob.ec\/index.php?rest_route=\/wp\/v2\/users\/1"}],"replies":[{"embeddable":true,"href":"https:\/\/www.defensoria.gob.ec\/index.php?rest_route=%2Fwp%2Fv2%2Fcomments&post=4462"}],"version-history":[{"count":0,"href":"https:\/\/www.defensoria.gob.ec\/index.php?rest_route=\/wp\/v2\/project\/4462\/revisions"}],"wp:featuredmedia":[{"embeddable":true,"href":"https:\/\/www.defensoria.gob.ec\/index.php?rest_route=\/wp\/v2\/media\/4463"}],"wp:attachment":[{"href":"https:\/\/www.defensoria.gob.ec\/index.php?rest_route=%2Fwp%2Fv2%2Fmedia&parent=4462"}],"wp:term":[{"taxonomy":"project_category","embeddable":true,"href":"https:\/\/www.defensoria.gob.ec\/index.php?rest_route=%2Fwp%2Fv2%2Fproject_category&post=4462"},{"taxonomy":"project_tag","embeddable":true,"href":"https:\/\/www.defensoria.gob.ec\/index.php?rest_route=%2Fwp%2Fv2%2Fproject_tag&post=4462"}],"curies":[{"name":"wp","href":"https:\/\/api.w.org\/{rel}","templated":true}]}}

Loja: 100 mujeres privadas de libertad reciben asesoría legal

<p>[et_pb_section fb_built=»1&#8243; _builder_version=»3.22.7&#8243;][et_pb_row _builder_version=»3.22.7&#8243;][et_pb_column type=»3_4&#8243; _builder_version=»3.22.7&#8243;][et_pb_post_title meta=»off» featured_image=»off» _builder_version=»3.22.7&#8243;][/et_pb_post_title][et_pb_text _builder_version=»3.22.7&#8243; text_font=»||||||||» text_orientation=»justified»]</p>
<p>El 22 de mayo, la Defensora Pública Provincial de Loja, María Cristina Meneses junto a los defensores públicos, Darwin Bravo, Beatriz Saraguro y el asistente legal Jonathan Cortés realizaron una feria ciudadana en el pabellón Santa Martha del Centro de Privación de Libertad de Personas Adultas. </p>
<p>Las personas privadas de libertad solicitaron información sobre juicios de alimentos, patria potestad, cambio de régimen penitenciario y delitos. El personal misional de la Defensoría Pública, entregaron material informativo sobre derechos humanos  y los servicios gratuitos que brinda la institución. Esta jornada benefició a 100 mujeres. </p>
<p>También, el 23 de mayo de 2019, la Defensora Pública provincial de Loja, recibió en las instalaciones de la institución a los directivos del Colegio de Ingenieros Electromecánicos, quienes denunciaron  que les ha sido  vulnerado su derecho al trabajo. </p>
<p>La Defensora Pública Provincial de Loja, María Cristina Meneses, canalizó esta solicitud a la Defensoría del Pueblo. A través de un trabajo interinstitucional coordinado, emprendieron acciones inmediatas en defensa de este gremio de profesionales.  </p>
<p>[/et_pb_text][et_pb_gallery gallery_ids=»4464,4463&#8243; _builder_version=»3.22.7&#8243;][/et_pb_gallery][/et_pb_column][et_pb_column type=»1_4&#8243; _builder_version=»3.22.7&#8243;][et_pb_sidebar _builder_version=»3.22.7&#8243;][/et_pb_sidebar][/et_pb_column][/et_pb_row][/et_pb_section]</p>

<p>El 22 de mayo, la Defensora Pública Provincial de Loja, María Cristina Meneses junto a los defensores públicos, Darwin Bravo, Beatriz Saraguro y el asistente legal Jonathan Cortés realizaron una [&hellip;]</p>
