{"id":4451,"date":"2019-05-28T20:55:25","date_gmt":"2019-05-28T20:55:25","guid":{"rendered":"https:\/\/www.defensoria.gob.ec\/?post_type=project&#038;p=4451"},"modified":"2019-05-28T20:55:25","modified_gmt":"2019-05-28T20:55:25","slug":"chimborazo-grupo-de-militares-se-capacitaron-en-temas-de-violencia-intrafamiliar","status":"publish","type":"project","link":"https:\/\/www.defensoria.gob.ec\/?project=chimborazo-grupo-de-militares-se-capacitaron-en-temas-de-violencia-intrafamiliar","title":{"rendered":"Chimborazo: Grupo de militares se capacitaron en temas de Violencia Intrafamiliar"},"content":{"rendered":"<p>[et_pb_section fb_built=\u00bb1&#8243; _builder_version=\u00bb3.22.7&#8243;][et_pb_row _builder_version=\u00bb3.22.7&#8243;][et_pb_column type=\u00bb3_4&#8243; _builder_version=\u00bb3.22.7&#8243;][et_pb_post_title meta=\u00bboff\u00bb featured_image=\u00bboff\u00bb _builder_version=\u00bb3.22.7&#8243;][\/et_pb_post_title][et_pb_text text_orientation=\u00bbjustified\u00bb _builder_version=\u00bb3.22.7&#8243; text_font=\u00bb||||||||\u00bb]<\/p>\n<p>El <span>22 de mayo<\/span>\u00a0del 2019, el Defensor P\u00fablico Provincial de Chimborazo,\u00a0 Dr. Freddy Garz\u00f3n Jarr\u00edn, particip\u00f3 en calidad de ponente con el tema \u00abViolencia Intrafamiliar y sus repercusiones Legales, Profesionales y Familiares\u00bb, en la conferencia organizada por el grupo Comando de Apoyo Log\u00edstico No. 11, Calicuchima, de la ciudad \u00a0de Riobamba. \u00a0Asistieron \u00a0200 miembros de la fuerza terrestre.<\/p>\n<p>Los militares conocieron las diferentes formas de violencia, las sanciones que establecen las leyes y las\u00a0 repercusiones que tienen estos delitos en la sociedad, en la familia y especialmente, en ni\u00f1as, ni\u00f1os\u00a0 y adolescentes. Este tipo de encuentros de capacitaci\u00f3n sobre violencia, se van replicar en otros cuarteles y organizaciones p\u00fablicas y privadas.<\/p>\n<p>[\/et_pb_text][et_pb_gallery _builder_version=\u00bb3.22.7&#8243; gallery_ids=\u00bb4453,4452&#8243;][\/et_pb_gallery][\/et_pb_column][et_pb_column type=\u00bb1_4&#8243; _builder_version=\u00bb3.22.7&#8243;][et_pb_sidebar _builder_version=\u00bb3.22.7&#8243;][\/et_pb_sidebar][\/et_pb_column][\/et_pb_row][\/et_pb_section]<\/p>\n","protected":false},"excerpt":{"rendered":"<p>El 22 de mayo\u00a0del 2019, el Defensor P\u00fablico Provincial de Chimborazo,\u00a0 Dr. Freddy Garz\u00f3n Jarr\u00edn, particip\u00f3 en calidad de ponente con el tema \u00abViolencia Intrafamiliar y sus repercusiones Legales, Profesionales [&hellip;]<\/p>\n","protected":false},"author":1,"featured_media":4452,"comment_status":"open","ping_status":"closed","template":"","meta":{"_et_pb_use_builder":"on","_et_pb_old_content":"","_et_gb_content_width":"","footnotes":""},"project_category":[8,5],"project_tag":[],"class_list":["post-4451","project","type-project","status-publish","has-post-thumbnail","hentry","project_category-cerca-a-ti","project_category-noticias"],"_links":{"self":[{"href":"https:\/\/www.defensoria.gob.ec\/index.php?rest_route=\/wp\/v2\/project\/4451","targetHints":{"allow":["GET"]}}],"collection":[{"href":"https:\/\/www.defensoria.gob.ec\/index.php?rest_route=\/wp\/v2\/project"}],"about":[{"href":"https:\/\/www.defensoria.gob.ec\/index.php?rest_route=\/wp\/v2\/types\/project"}],"author":[{"embeddable":true,"href":"https:\/\/www.defensoria.gob.ec\/index.php?rest_route=\/wp\/v2\/users\/1"}],"replies":[{"embeddable":true,"href":"https:\/\/www.defensoria.gob.ec\/index.php?rest_route=%2Fwp%2Fv2%2Fcomments&post=4451"}],"version-history":[{"count":0,"href":"https:\/\/www.defensoria.gob.ec\/index.php?rest_route=\/wp\/v2\/project\/4451\/revisions"}],"wp:featuredmedia":[{"embeddable":true,"href":"https:\/\/www.defensoria.gob.ec\/index.php?rest_route=\/wp\/v2\/media\/4452"}],"wp:attachment":[{"href":"https:\/\/www.defensoria.gob.ec\/index.php?rest_route=%2Fwp%2Fv2%2Fmedia&parent=4451"}],"wp:term":[{"taxonomy":"project_category","embeddable":true,"href":"https:\/\/www.defensoria.gob.ec\/index.php?rest_route=%2Fwp%2Fv2%2Fproject_category&post=4451"},{"taxonomy":"project_tag","embeddable":true,"href":"https:\/\/www.defensoria.gob.ec\/index.php?rest_route=%2Fwp%2Fv2%2Fproject_tag&post=4451"}],"curies":[{"name":"wp","href":"https:\/\/api.w.org\/{rel}","templated":true}]}}

<p>[et_pb_section fb_built=»1&#8243; _builder_version=»3.22.7&#8243;][et_pb_row _builder_version=»3.22.7&#8243;][et_pb_column type=»3_4&#8243; _builder_version=»3.22.7&#8243;][et_pb_post_title meta=»off» featured_image=»off» _builder_version=»3.22.7&#8243;][/et_pb_post_title][et_pb_text text_orientation=»justified» _builder_version=»3.22.7&#8243; text_font=»||||||||»]</p>
<p>El <span>22 de mayo</span> del 2019, el Defensor Público Provincial de Chimborazo,  Dr. Freddy Garzón Jarrín, participó en calidad de ponente con el tema «Violencia Intrafamiliar y sus repercusiones Legales, Profesionales y Familiares», en la conferencia organizada por el grupo Comando de Apoyo Logístico No. 11, Calicuchima, de la ciudad  de Riobamba.  Asistieron  200 miembros de la fuerza terrestre.</p>
<p>Los militares conocieron las diferentes formas de violencia, las sanciones que establecen las leyes y las  repercusiones que tienen estos delitos en la sociedad, en la familia y especialmente, en niñas, niños  y adolescentes. Este tipo de encuentros de capacitación sobre violencia, se van replicar en otros cuarteles y organizaciones públicas y privadas.</p>
<p>[/et_pb_text][et_pb_gallery _builder_version=»3.22.7&#8243; gallery_ids=»4453,4452&#8243;][/et_pb_gallery][/et_pb_column][et_pb_column type=»1_4&#8243; _builder_version=»3.22.7&#8243;][et_pb_sidebar _builder_version=»3.22.7&#8243;][/et_pb_sidebar][/et_pb_column][/et_pb_row][/et_pb_section]</p>

<p>El 22 de mayo del 2019, el Defensor Público Provincial de Chimborazo,  Dr. Freddy Garzón Jarrín, participó en calidad de ponente con el tema «Violencia Intrafamiliar y sus repercusiones Legales, Profesionales [&hellip;]</p>
