{"id":4445,"date":"2019-05-28T20:51:27","date_gmt":"2019-05-28T20:51:27","guid":{"rendered":"https:\/\/www.defensoria.gob.ec\/?post_type=project&#038;p=4445"},"modified":"2019-05-28T20:52:14","modified_gmt":"2019-05-28T20:52:14","slug":"santa-elena-judicatura-fiscalia-y-defensoria-publica-planifican-jornadas-de-capacitacion","status":"publish","type":"project","link":"https:\/\/www.defensoria.gob.ec\/?project=santa-elena-judicatura-fiscalia-y-defensoria-publica-planifican-jornadas-de-capacitacion","title":{"rendered":"Santa Elena: Judicatura, Fiscal\u00eda y Defensor\u00eda P\u00fablica, planifican jornadas de capacitaci\u00f3n"},"content":{"rendered":"<p>[et_pb_section fb_built=\u00bb1&#8243; _builder_version=\u00bb3.22.7&#8243;][et_pb_row _builder_version=\u00bb3.22.7&#8243;][et_pb_column type=\u00bb3_4&#8243; _builder_version=\u00bb3.22.7&#8243;][et_pb_post_title meta=\u00bboff\u00bb featured_image=\u00bboff\u00bb _builder_version=\u00bb3.22.7&#8243;][\/et_pb_post_title][et_pb_text text_orientation=\u00bbjustified\u00bb _builder_version=\u00bb3.22.7&#8243; text_font=\u00bb||||||||\u00bb]<\/p>\n<p>El 22 de mayo, el Defensor P\u00fablico Provincial de Santa Elena, Jos\u00e9 Ram\u00edrez coordin\u00f3 con el delgado del Consejo de la Judicatura, Augusto Pino y con y el Fiscal de Santa Elena, Edmundo Briones, un cronograma de seminarios que prev\u00e9n realizar en diferentes fechas.<\/p>\n<p>En estos seminarios se abordar\u00e1n diferentes temas civiles, penales y laborales. El prop\u00f3sito es unificar conocimientos y criterios entre Jueces, Fiscales y Defensores P\u00fablicos para juzgar casos, especialmente de delitos de violencia intrafamiliar y en contra de Ni\u00f1as, Ni\u00f1os y Adolescentes.<\/p>\n<p>Para las autoridades judiciales, estas jornadas de capacitaci\u00f3n est\u00e1n destinadas a ofrecer al usuario un servicio profesional de alta calidad. Como ponentes participar\u00e1n Jueces, Fiscales y Defensores P\u00fablicos con experiencia y expertos externos invitados.<\/p>\n<p>[\/et_pb_text][et_pb_gallery _builder_version=\u00bb3.22.7&#8243; gallery_ids=\u00bb4447,4446&#8243;][\/et_pb_gallery][\/et_pb_column][et_pb_column type=\u00bb1_4&#8243; _builder_version=\u00bb3.22.7&#8243;][et_pb_sidebar _builder_version=\u00bb3.22.7&#8243;][\/et_pb_sidebar][\/et_pb_column][\/et_pb_row][\/et_pb_section]<\/p>\n","protected":false},"excerpt":{"rendered":"<p>El 22 de mayo, el Defensor P\u00fablico Provincial de Santa Elena, Jos\u00e9 Ram\u00edrez coordin\u00f3 con el delgado del Consejo de la Judicatura, Augusto Pino y con y el Fiscal de [&hellip;]<\/p>\n","protected":false},"author":1,"featured_media":4446,"comment_status":"open","ping_status":"closed","template":"","meta":{"_et_pb_use_builder":"on","_et_pb_old_content":"","_et_gb_content_width":"","footnotes":""},"project_category":[8,5],"project_tag":[],"class_list":["post-4445","project","type-project","status-publish","has-post-thumbnail","hentry","project_category-cerca-a-ti","project_category-noticias"],"_links":{"self":[{"href":"https:\/\/www.defensoria.gob.ec\/index.php?rest_route=\/wp\/v2\/project\/4445","targetHints":{"allow":["GET"]}}],"collection":[{"href":"https:\/\/www.defensoria.gob.ec\/index.php?rest_route=\/wp\/v2\/project"}],"about":[{"href":"https:\/\/www.defensoria.gob.ec\/index.php?rest_route=\/wp\/v2\/types\/project"}],"author":[{"embeddable":true,"href":"https:\/\/www.defensoria.gob.ec\/index.php?rest_route=\/wp\/v2\/users\/1"}],"replies":[{"embeddable":true,"href":"https:\/\/www.defensoria.gob.ec\/index.php?rest_route=%2Fwp%2Fv2%2Fcomments&post=4445"}],"version-history":[{"count":0,"href":"https:\/\/www.defensoria.gob.ec\/index.php?rest_route=\/wp\/v2\/project\/4445\/revisions"}],"wp:featuredmedia":[{"embeddable":true,"href":"https:\/\/www.defensoria.gob.ec\/index.php?rest_route=\/wp\/v2\/media\/4446"}],"wp:attachment":[{"href":"https:\/\/www.defensoria.gob.ec\/index.php?rest_route=%2Fwp%2Fv2%2Fmedia&parent=4445"}],"wp:term":[{"taxonomy":"project_category","embeddable":true,"href":"https:\/\/www.defensoria.gob.ec\/index.php?rest_route=%2Fwp%2Fv2%2Fproject_category&post=4445"},{"taxonomy":"project_tag","embeddable":true,"href":"https:\/\/www.defensoria.gob.ec\/index.php?rest_route=%2Fwp%2Fv2%2Fproject_tag&post=4445"}],"curies":[{"name":"wp","href":"https:\/\/api.w.org\/{rel}","templated":true}]}}

Santa Elena: Judicatura, Fiscalía y Defensoría Pública, planifican jornadas de capacitación

<p>[et_pb_section fb_built=»1&#8243; _builder_version=»3.22.7&#8243;][et_pb_row _builder_version=»3.22.7&#8243;][et_pb_column type=»3_4&#8243; _builder_version=»3.22.7&#8243;][et_pb_post_title meta=»off» featured_image=»off» _builder_version=»3.22.7&#8243;][/et_pb_post_title][et_pb_text text_orientation=»justified» _builder_version=»3.22.7&#8243; text_font=»||||||||»]</p>
<p>El 22 de mayo, el Defensor Público Provincial de Santa Elena, José Ramírez coordinó con el delgado del Consejo de la Judicatura, Augusto Pino y con y el Fiscal de Santa Elena, Edmundo Briones, un cronograma de seminarios que prevén realizar en diferentes fechas.</p>
<p>En estos seminarios se abordarán diferentes temas civiles, penales y laborales. El propósito es unificar conocimientos y criterios entre Jueces, Fiscales y Defensores Públicos para juzgar casos, especialmente de delitos de violencia intrafamiliar y en contra de Niñas, Niños y Adolescentes.</p>
<p>Para las autoridades judiciales, estas jornadas de capacitación están destinadas a ofrecer al usuario un servicio profesional de alta calidad. Como ponentes participarán Jueces, Fiscales y Defensores Públicos con experiencia y expertos externos invitados.</p>
<p>[/et_pb_text][et_pb_gallery _builder_version=»3.22.7&#8243; gallery_ids=»4447,4446&#8243;][/et_pb_gallery][/et_pb_column][et_pb_column type=»1_4&#8243; _builder_version=»3.22.7&#8243;][et_pb_sidebar _builder_version=»3.22.7&#8243;][/et_pb_sidebar][/et_pb_column][/et_pb_row][/et_pb_section]</p>

<p>El 22 de mayo, el Defensor Público Provincial de Santa Elena, José Ramírez coordinó con el delgado del Consejo de la Judicatura, Augusto Pino y con y el Fiscal de [&hellip;]</p>
