{"id":4394,"date":"2019-05-23T19:59:21","date_gmt":"2019-05-23T19:59:21","guid":{"rendered":"https:\/\/www.defensoria.gob.ec\/?post_type=project&#038;p=4394"},"modified":"2019-05-23T20:00:18","modified_gmt":"2019-05-23T20:00:18","slug":"pastaza-estudiantes-participan-en-charla-sobre-violencia-intrafamiliar","status":"publish","type":"project","link":"https:\/\/www.defensoria.gob.ec\/?project=pastaza-estudiantes-participan-en-charla-sobre-violencia-intrafamiliar","title":{"rendered":"Pastaza: Estudiantes participan en charla sobre violencia intrafamiliar"},"content":{"rendered":"<p>[et_pb_section fb_built=\u00bb1&#8243; _builder_version=\u00bb3.22.7&#8243;][et_pb_row _builder_version=\u00bb3.22.7&#8243;][et_pb_column type=\u00bb3_4&#8243; _builder_version=\u00bb3.22.7&#8243;][et_pb_post_title meta=\u00bboff\u00bb featured_image=\u00bboff\u00bb _builder_version=\u00bb3.22.7&#8243;][\/et_pb_post_title][et_pb_text text_orientation=\u00bbjustified\u00bb _builder_version=\u00bb3.22.7&#8243; text_font=\u00bb||||||||\u00bb]<\/p>\n<p>El 22 de mayo, el Defensor P\u00fablico Provincial de Pastaza, Luis \u00c1lvarez junto a la Defensora P\u00fablica, Nancy Azuero impartieron una charla sobre violencia intrafamiliar a estudiantes de la Unidad Educativa H\u00e9roes del Cenefa, en el cant\u00f3n Mera. El objetivo de estas charlas es de informar sobre los temas de violencia en procura de reducir los maltratos dentro del n\u00facleo familiar.<\/p>\n<p>Durante la charla, los j\u00f3venes estudiantes aprendieron sobre las diferentes formas de violencia \u00a0y qu\u00e9 se necesita para hacer una denuncia frente a esta problem\u00e1tica social.<\/p>\n<p>El Defensor P\u00fablico provincial de Pastaza se\u00f1al\u00f3 que el trabajo articulado con establecimientos educativos es fundamental, permite \u00a0informar sobre la necesidad del reconocimiento de los \u00a0plenos derechos de\u00a0 igualdad entre hombres y mujeres \u00a0y romper las relaciones de poder que se manifiesta al interior de la familia y que estas sean m\u00e1s bien orientadas al respeto. Lo que permitir\u00e1 una convivencia pac\u00edfica.<\/p>\n<p>[\/et_pb_text][et_pb_gallery _builder_version=\u00bb3.22.7&#8243; gallery_ids=\u00bb4396,4395&#8243;][\/et_pb_gallery][\/et_pb_column][et_pb_column type=\u00bb1_4&#8243; _builder_version=\u00bb3.22.7&#8243;][et_pb_sidebar _builder_version=\u00bb3.22.7&#8243;][\/et_pb_sidebar][\/et_pb_column][\/et_pb_row][\/et_pb_section]<\/p>\n","protected":false},"excerpt":{"rendered":"<p>El 22 de mayo, el Defensor P\u00fablico Provincial de Pastaza, Luis \u00c1lvarez junto a la Defensora P\u00fablica, Nancy Azuero impartieron una charla sobre violencia intrafamiliar a estudiantes de la Unidad [&hellip;]<\/p>\n","protected":false},"author":1,"featured_media":4395,"comment_status":"open","ping_status":"closed","template":"","meta":{"_et_pb_use_builder":"on","_et_pb_old_content":"","_et_gb_content_width":"","footnotes":""},"project_category":[8,5],"project_tag":[],"class_list":["post-4394","project","type-project","status-publish","has-post-thumbnail","hentry","project_category-cerca-a-ti","project_category-noticias"],"_links":{"self":[{"href":"https:\/\/www.defensoria.gob.ec\/index.php?rest_route=\/wp\/v2\/project\/4394","targetHints":{"allow":["GET"]}}],"collection":[{"href":"https:\/\/www.defensoria.gob.ec\/index.php?rest_route=\/wp\/v2\/project"}],"about":[{"href":"https:\/\/www.defensoria.gob.ec\/index.php?rest_route=\/wp\/v2\/types\/project"}],"author":[{"embeddable":true,"href":"https:\/\/www.defensoria.gob.ec\/index.php?rest_route=\/wp\/v2\/users\/1"}],"replies":[{"embeddable":true,"href":"https:\/\/www.defensoria.gob.ec\/index.php?rest_route=%2Fwp%2Fv2%2Fcomments&post=4394"}],"version-history":[{"count":0,"href":"https:\/\/www.defensoria.gob.ec\/index.php?rest_route=\/wp\/v2\/project\/4394\/revisions"}],"wp:featuredmedia":[{"embeddable":true,"href":"https:\/\/www.defensoria.gob.ec\/index.php?rest_route=\/wp\/v2\/media\/4395"}],"wp:attachment":[{"href":"https:\/\/www.defensoria.gob.ec\/index.php?rest_route=%2Fwp%2Fv2%2Fmedia&parent=4394"}],"wp:term":[{"taxonomy":"project_category","embeddable":true,"href":"https:\/\/www.defensoria.gob.ec\/index.php?rest_route=%2Fwp%2Fv2%2Fproject_category&post=4394"},{"taxonomy":"project_tag","embeddable":true,"href":"https:\/\/www.defensoria.gob.ec\/index.php?rest_route=%2Fwp%2Fv2%2Fproject_tag&post=4394"}],"curies":[{"name":"wp","href":"https:\/\/api.w.org\/{rel}","templated":true}]}}

<p>[et_pb_section fb_built=»1&#8243; _builder_version=»3.22.7&#8243;][et_pb_row _builder_version=»3.22.7&#8243;][et_pb_column type=»3_4&#8243; _builder_version=»3.22.7&#8243;][et_pb_post_title meta=»off» featured_image=»off» _builder_version=»3.22.7&#8243;][/et_pb_post_title][et_pb_text text_orientation=»justified» _builder_version=»3.22.7&#8243; text_font=»||||||||»]</p>
<p>El 22 de mayo, el Defensor Público Provincial de Pastaza, Luis Álvarez junto a la Defensora Pública, Nancy Azuero impartieron una charla sobre violencia intrafamiliar a estudiantes de la Unidad Educativa Héroes del Cenefa, en el cantón Mera. El objetivo de estas charlas es de informar sobre los temas de violencia en procura de reducir los maltratos dentro del núcleo familiar.</p>
<p>Durante la charla, los jóvenes estudiantes aprendieron sobre las diferentes formas de violencia  y qué se necesita para hacer una denuncia frente a esta problemática social.</p>
<p>El Defensor Público provincial de Pastaza señaló que el trabajo articulado con establecimientos educativos es fundamental, permite  informar sobre la necesidad del reconocimiento de los  plenos derechos de  igualdad entre hombres y mujeres  y romper las relaciones de poder que se manifiesta al interior de la familia y que estas sean más bien orientadas al respeto. Lo que permitirá una convivencia pacífica.</p>
<p>[/et_pb_text][et_pb_gallery _builder_version=»3.22.7&#8243; gallery_ids=»4396,4395&#8243;][/et_pb_gallery][/et_pb_column][et_pb_column type=»1_4&#8243; _builder_version=»3.22.7&#8243;][et_pb_sidebar _builder_version=»3.22.7&#8243;][/et_pb_sidebar][/et_pb_column][/et_pb_row][/et_pb_section]</p>

<p>El 22 de mayo, el Defensor Público Provincial de Pastaza, Luis Álvarez junto a la Defensora Pública, Nancy Azuero impartieron una charla sobre violencia intrafamiliar a estudiantes de la Unidad [&hellip;]</p>
