{"id":4197,"date":"2019-05-14T19:10:36","date_gmt":"2019-05-14T19:10:36","guid":{"rendered":"https:\/\/www.defensoria.gob.ec\/?post_type=project&#038;p=4197"},"modified":"2019-05-14T19:10:37","modified_gmt":"2019-05-14T19:10:37","slug":"imbabura-defensoria-publica-renovo-convenio-de-cooperacion","status":"publish","type":"project","link":"https:\/\/www.defensoria.gob.ec\/?project=imbabura-defensoria-publica-renovo-convenio-de-cooperacion","title":{"rendered":"Imbabura: Defensor\u00eda P\u00fablica renov\u00f3 convenio de cooperaci\u00f3n"},"content":{"rendered":"<p>[et_pb_section fb_built=\u00bb1&#8243; _builder_version=\u00bb3.22.7&#8243;][et_pb_row _builder_version=\u00bb3.22.7&#8243;][et_pb_column type=\u00bb3_4&#8243; _builder_version=\u00bb3.22.7&#8243;][et_pb_post_title meta=\u00bboff\u00bb featured_image=\u00bboff\u00bb _builder_version=\u00bb3.22.7&#8243;][\/et_pb_post_title][et_pb_text text_orientation=\u00bbjustified\u00bb _builder_version=\u00bb3.22.7&#8243; text_font=\u00bb||||||||\u00bb]<\/p>\n<p>El 07 de mayo, se realiz\u00f3 la firma de renovaci\u00f3n del convenio entre el GAD Municipal del cant\u00f3n Pimampiro y la Defensor\u00eda P\u00fablica de Imbabura.\u00a0 As\u00ed\u00a0 \u00a0se consolid\u00f3 el servicio de prestaci\u00f3n gratuita y oportuna de: orientaci\u00f3n, asistencia, asesor\u00eda y representaci\u00f3n judicial a los ciudadanos del cant\u00f3n, quienes, por su estado de indefensi\u00f3n o\u00a0condici\u00f3n\u00a0econ\u00f3mica, social o cultural, \u00a0no pueden contratar los servicios de un abogado particular; cumpliendo de esta forma la misi\u00f3n Institucional<\/p>\n<p>[\/et_pb_text][et_pb_gallery _builder_version=\u00bb3.22.7&#8243; gallery_ids=\u00bb4203&#8243;][\/et_pb_gallery][\/et_pb_column][et_pb_column type=\u00bb1_4&#8243; _builder_version=\u00bb3.22.7&#8243;][et_pb_sidebar _builder_version=\u00bb3.22.7&#8243;][\/et_pb_sidebar][\/et_pb_column][\/et_pb_row][\/et_pb_section]<\/p>\n","protected":false},"excerpt":{"rendered":"<p>El 07 de mayo, se realiz\u00f3 la firma de renovaci\u00f3n del convenio entre el GAD Municipal del cant\u00f3n Pimampiro y la Defensor\u00eda P\u00fablica de Imbabura.\u00a0 As\u00ed\u00a0 \u00a0se consolid\u00f3 el servicio [&hellip;]<\/p>\n","protected":false},"author":1,"featured_media":4203,"comment_status":"open","ping_status":"closed","template":"","meta":{"_et_pb_use_builder":"on","_et_pb_old_content":"","_et_gb_content_width":"","footnotes":""},"project_category":[8,5],"project_tag":[],"class_list":["post-4197","project","type-project","status-publish","has-post-thumbnail","hentry","project_category-cerca-a-ti","project_category-noticias"],"_links":{"self":[{"href":"https:\/\/www.defensoria.gob.ec\/index.php?rest_route=\/wp\/v2\/project\/4197","targetHints":{"allow":["GET"]}}],"collection":[{"href":"https:\/\/www.defensoria.gob.ec\/index.php?rest_route=\/wp\/v2\/project"}],"about":[{"href":"https:\/\/www.defensoria.gob.ec\/index.php?rest_route=\/wp\/v2\/types\/project"}],"author":[{"embeddable":true,"href":"https:\/\/www.defensoria.gob.ec\/index.php?rest_route=\/wp\/v2\/users\/1"}],"replies":[{"embeddable":true,"href":"https:\/\/www.defensoria.gob.ec\/index.php?rest_route=%2Fwp%2Fv2%2Fcomments&post=4197"}],"version-history":[{"count":0,"href":"https:\/\/www.defensoria.gob.ec\/index.php?rest_route=\/wp\/v2\/project\/4197\/revisions"}],"wp:featuredmedia":[{"embeddable":true,"href":"https:\/\/www.defensoria.gob.ec\/index.php?rest_route=\/wp\/v2\/media\/4203"}],"wp:attachment":[{"href":"https:\/\/www.defensoria.gob.ec\/index.php?rest_route=%2Fwp%2Fv2%2Fmedia&parent=4197"}],"wp:term":[{"taxonomy":"project_category","embeddable":true,"href":"https:\/\/www.defensoria.gob.ec\/index.php?rest_route=%2Fwp%2Fv2%2Fproject_category&post=4197"},{"taxonomy":"project_tag","embeddable":true,"href":"https:\/\/www.defensoria.gob.ec\/index.php?rest_route=%2Fwp%2Fv2%2Fproject_tag&post=4197"}],"curies":[{"name":"wp","href":"https:\/\/api.w.org\/{rel}","templated":true}]}}

Imbabura: Defensoría Pública renovó convenio de cooperación

<p>[et_pb_section fb_built=»1&#8243; _builder_version=»3.22.7&#8243;][et_pb_row _builder_version=»3.22.7&#8243;][et_pb_column type=»3_4&#8243; _builder_version=»3.22.7&#8243;][et_pb_post_title meta=»off» featured_image=»off» _builder_version=»3.22.7&#8243;][/et_pb_post_title][et_pb_text text_orientation=»justified» _builder_version=»3.22.7&#8243; text_font=»||||||||»]</p>
<p>El 07 de mayo, se realizó la firma de renovación del convenio entre el GAD Municipal del cantón Pimampiro y la Defensoría Pública de Imbabura.  Así   se consolidó el servicio de prestación gratuita y oportuna de: orientación, asistencia, asesoría y representación judicial a los ciudadanos del cantón, quienes, por su estado de indefensión o condición económica, social o cultural,  no pueden contratar los servicios de un abogado particular; cumpliendo de esta forma la misión Institucional</p>
<p>[/et_pb_text][et_pb_gallery _builder_version=»3.22.7&#8243; gallery_ids=»4203&#8243;][/et_pb_gallery][/et_pb_column][et_pb_column type=»1_4&#8243; _builder_version=»3.22.7&#8243;][et_pb_sidebar _builder_version=»3.22.7&#8243;][/et_pb_sidebar][/et_pb_column][/et_pb_row][/et_pb_section]</p>

<p>El 07 de mayo, se realizó la firma de renovación del convenio entre el GAD Municipal del cantón Pimampiro y la Defensoría Pública de Imbabura.  Así   se consolidó el servicio [&hellip;]</p>
