{"id":4184,"date":"2019-05-10T17:28:37","date_gmt":"2019-05-10T22:28:37","guid":{"rendered":"https:\/\/www.defensoria.gob.ec\/?post_type=project&#038;p=4184"},"modified":"2021-06-25T13:55:26","modified_gmt":"2021-06-25T18:55:26","slug":"defensoria-publica-patrocinara-nuevos-recursos-de-policias-sentenciados-por-el-30-s","status":"publish","type":"project","link":"https:\/\/www.defensoria.gob.ec\/?project=defensoria-publica-patrocinara-nuevos-recursos-de-policias-sentenciados-por-el-30-s","title":{"rendered":"Defensor\u00eda P\u00fablica patrocinar\u00e1 nuevos recursos de polic\u00edas sentenciados por el 30 S"},"content":{"rendered":"<p>[et_pb_section fb_built=\u00bb1&#8243; _builder_version=\u00bb3.22.7&#8243;][et_pb_row _builder_version=\u00bb3.22.7&#8243;][et_pb_column type=\u00bb4_4&#8243; _builder_version=\u00bb3.22.7&#8243;][et_pb_post_title meta=\u00bboff\u00bb featured_image=\u00bboff\u00bb _builder_version=\u00bb3.22.7&#8243;][\/et_pb_post_title][et_pb_text _builder_version=\u00bb3.22.7&#8243; text_font=\u00bb||||||||\u00bb text_orientation=\u00bbjustified\u00bb]<\/p>\n<p>Un grupo de Polic\u00edas acusados por tentativa de asesinato en grado de magnicidio, al ex presidente Rafael Correa, en los hechos del 30 de septiembre del 2010, acudieron a la Defensor\u00eda P\u00fablica en busca de patrocinio legal, para presentar nuevos recursos de revisi\u00f3n de sus causas.<\/p>\n<p>Ellos fueron declarados culpables y sentenciados a 12 a\u00f1os de prisi\u00f3n. Despu\u00e9s de cinco a\u00f1os han salido de las c\u00e1rceles, pero est\u00e1n en libertad condicional.\u00a0 Ellos aseguran que son inocentes, que se violentados sus derechos humanos y constitucionales. Afirman que\u00a0 a trav\u00e9s de falsificaci\u00f3n de\u00a0 documentos, fotos, videos e incluso de peritajes,\u00a0 los declararon culpables y los sentenciaron. \u00a0Consideran que ya es hora de\u00a0 que se haga justicia.<\/p>\n<p>El Defensor P\u00fablico encargado Dr. \u00c1ngel Torres, escucho sus argumentos y se comprometi\u00f3 a patrocinar los recursos que sean del caso, hasta que se haga justicia.<\/p>\n<p>La Asociaci\u00f3n \u201cV\u00edctimas del 30 S\u201d \u00a0hasta el momento ha procesado 181 casos, a trav\u00e9s de \u00a0recursos de casaci\u00f3n o revisi\u00f3n, se los ha declarado inocentes, sin embargo 80 casos aproximadamente,\u00a0 est\u00e1n pendientes de soluci\u00f3n definitiva. Todos los polic\u00edas acusados y sentenciados perdieron su trabajo, en muchos casos sus familias se desintegraron. Cuentan que para su defensa tuvieron que vender bienes y pedir pr\u00e9stamos. Hoy tienen dificultades para conseguir trabajo. Su aspiraci\u00f3n es que se\u00a0 declare su inocencia para retomar su vida con normalidad.<\/p>\n<p>Cuentan que se han \u00a0acercado a varias instituciones p\u00fablicas, han golpeado varias puertas, pero nadie dio\u00a0 o\u00eddo a sus pedidos. Hoy\u00a0 empiezan\u00a0 a confiar nuevamente en la justicia, reconocen que hay cambios. \u201cNos est\u00e1n devolviendo la esperanza, vemos en la Defensor\u00eda P\u00fablica \u00a0en camino id\u00f3neo para que por fin se demuestre nuestra inocencia\u201d, dicen.<\/p>\n<p>[\/et_pb_text][et_pb_video src=\u00bbhttps:\/\/www.defensoria.gob.ec\/wp-content\/uploads\/2019\/05\/30s.mp4&#8243; _builder_version=\u00bb3.22.7&#8243;][\/et_pb_video][et_pb_gallery gallery_ids=\u00bb4186,4185&#8243; _builder_version=\u00bb3.22.7&#8243;][\/et_pb_gallery][\/et_pb_column][\/et_pb_row][\/et_pb_section]<\/p>\n","protected":false},"excerpt":{"rendered":"<p>Un grupo de Polic\u00edas acusados por tentativa de asesinato en grado de magnicidio, al ex presidente Rafael Correa, en los hechos del 30 de septiembre del 2010, acudieron a la [&hellip;]<\/p>\n","protected":false},"author":1,"featured_media":4186,"comment_status":"open","ping_status":"closed","template":"","meta":{"_et_pb_use_builder":"on","_et_pb_old_content":"","_et_gb_content_width":"","footnotes":""},"project_category":[5,17],"project_tag":[],"class_list":["post-4184","project","type-project","status-publish","has-post-thumbnail","hentry","project_category-noticias","project_category-testimonios"],"_links":{"self":[{"href":"https:\/\/www.defensoria.gob.ec\/index.php?rest_route=\/wp\/v2\/project\/4184","targetHints":{"allow":["GET"]}}],"collection":[{"href":"https:\/\/www.defensoria.gob.ec\/index.php?rest_route=\/wp\/v2\/project"}],"about":[{"href":"https:\/\/www.defensoria.gob.ec\/index.php?rest_route=\/wp\/v2\/types\/project"}],"author":[{"embeddable":true,"href":"https:\/\/www.defensoria.gob.ec\/index.php?rest_route=\/wp\/v2\/users\/1"}],"replies":[{"embeddable":true,"href":"https:\/\/www.defensoria.gob.ec\/index.php?rest_route=%2Fwp%2Fv2%2Fcomments&post=4184"}],"version-history":[{"count":0,"href":"https:\/\/www.defensoria.gob.ec\/index.php?rest_route=\/wp\/v2\/project\/4184\/revisions"}],"wp:featuredmedia":[{"embeddable":true,"href":"https:\/\/www.defensoria.gob.ec\/index.php?rest_route=\/wp\/v2\/media\/4186"}],"wp:attachment":[{"href":"https:\/\/www.defensoria.gob.ec\/index.php?rest_route=%2Fwp%2Fv2%2Fmedia&parent=4184"}],"wp:term":[{"taxonomy":"project_category","embeddable":true,"href":"https:\/\/www.defensoria.gob.ec\/index.php?rest_route=%2Fwp%2Fv2%2Fproject_category&post=4184"},{"taxonomy":"project_tag","embeddable":true,"href":"https:\/\/www.defensoria.gob.ec\/index.php?rest_route=%2Fwp%2Fv2%2Fproject_tag&post=4184"}],"curies":[{"name":"wp","href":"https:\/\/api.w.org\/{rel}","templated":true}]}}

Defensoría Pública patrocinará nuevos recursos de policías sentenciados por el 30 S

<p>[et_pb_section fb_built=»1&#8243; _builder_version=»3.22.7&#8243;][et_pb_row _builder_version=»3.22.7&#8243;][et_pb_column type=»4_4&#8243; _builder_version=»3.22.7&#8243;][et_pb_post_title meta=»off» featured_image=»off» _builder_version=»3.22.7&#8243;][/et_pb_post_title][et_pb_text _builder_version=»3.22.7&#8243; text_font=»||||||||» text_orientation=»justified»]</p>
<p>Un grupo de Policías acusados por tentativa de asesinato en grado de magnicidio, al ex presidente Rafael Correa, en los hechos del 30 de septiembre del 2010, acudieron a la Defensoría Pública en busca de patrocinio legal, para presentar nuevos recursos de revisión de sus causas.</p>
<p>Ellos fueron declarados culpables y sentenciados a 12 años de prisión. Después de cinco años han salido de las cárceles, pero están en libertad condicional.  Ellos aseguran que son inocentes, que se violentados sus derechos humanos y constitucionales. Afirman que  a través de falsificación de  documentos, fotos, videos e incluso de peritajes,  los declararon culpables y los sentenciaron.  Consideran que ya es hora de  que se haga justicia.</p>
<p>El Defensor Público encargado Dr. Ángel Torres, escucho sus argumentos y se comprometió a patrocinar los recursos que sean del caso, hasta que se haga justicia.</p>
<p>La Asociación “Víctimas del 30 S”  hasta el momento ha procesado 181 casos, a través de  recursos de casación o revisión, se los ha declarado inocentes, sin embargo 80 casos aproximadamente,  están pendientes de solución definitiva. Todos los policías acusados y sentenciados perdieron su trabajo, en muchos casos sus familias se desintegraron. Cuentan que para su defensa tuvieron que vender bienes y pedir préstamos. Hoy tienen dificultades para conseguir trabajo. Su aspiración es que se  declare su inocencia para retomar su vida con normalidad.</p>
<p>Cuentan que se han  acercado a varias instituciones públicas, han golpeado varias puertas, pero nadie dio  oído a sus pedidos. Hoy  empiezan  a confiar nuevamente en la justicia, reconocen que hay cambios. “Nos están devolviendo la esperanza, vemos en la Defensoría Pública  en camino idóneo para que por fin se demuestre nuestra inocencia”, dicen.</p>
<p>[/et_pb_text][et_pb_video src=»https://www.defensoria.gob.ec/wp-content/uploads/2019/05/30s.mp4&#8243; _builder_version=»3.22.7&#8243;][/et_pb_video][et_pb_gallery gallery_ids=»4186,4185&#8243; _builder_version=»3.22.7&#8243;][/et_pb_gallery][/et_pb_column][/et_pb_row][/et_pb_section]</p>

<p>Un grupo de Policías acusados por tentativa de asesinato en grado de magnicidio, al ex presidente Rafael Correa, en los hechos del 30 de septiembre del 2010, acudieron a la [&hellip;]</p>
