{"id":4156,"date":"2019-05-09T21:32:22","date_gmt":"2019-05-09T21:32:22","guid":{"rendered":"https:\/\/www.defensoria.gob.ec\/?post_type=project&#038;p=4156"},"modified":"2019-05-09T21:32:22","modified_gmt":"2019-05-09T21:32:22","slug":"santo-domingo-se-socializo-el-principio-de-favorabilidad-en-el-crs-bellavista","status":"publish","type":"project","link":"https:\/\/www.defensoria.gob.ec\/?project=santo-domingo-se-socializo-el-principio-de-favorabilidad-en-el-crs-bellavista","title":{"rendered":"Santo Domingo: Se socializ\u00f3 el principio de favorabilidad en el CRS- Bellavista"},"content":{"rendered":"<p>[et_pb_section fb_built=\u00bb1&#8243; _builder_version=\u00bb3.22.7&#8243;][et_pb_row _builder_version=\u00bb3.22.7&#8243;][et_pb_column type=\u00bb3_4&#8243; _builder_version=\u00bb3.22.7&#8243;][et_pb_post_title meta=\u00bboff\u00bb featured_image=\u00bboff\u00bb _builder_version=\u00bb3.22.7&#8243;][\/et_pb_post_title][et_pb_text text_orientation=\u00bbjustified\u00bb _builder_version=\u00bb3.22.7&#8243; text_font=\u00bb||||||||\u00bb]<\/p>\n<p>El Defensor P\u00fablico provincial de Santo Domingo de los Ts\u00e1chilas, Mauricio Sotal\u00edn, se reuni\u00f3, el 30 de abril, con el director\u00a0 del Centro de Rehabilitaci\u00f3n Social (CRS) \u00abBellavista\u00bb de Santo Domingo, Roberth Abarca. El objetivo fue socializar el derecho que tienen las personas privadas de la libertad al principio de Favorabilidad y de esta forma reducir el hacinamiento en este centro\u00a0 carcelario.<\/p>\n<p>Adem\u00e1s, particip\u00f3 en el programa informativo de la Radio del CRS-Bellavista, conducido por un grupo de personas privadas de la libertad, desde ah\u00ed inform\u00f3 sobre \u00a0los beneficios penitenciarios y los servicios que ofrece gratuitamente la Instituci\u00f3n.<\/p>\n<p>[\/et_pb_text][et_pb_gallery _builder_version=\u00bb3.22.7&#8243; gallery_ids=\u00bb4162,4163,4164&#8243;][\/et_pb_gallery][\/et_pb_column][et_pb_column type=\u00bb1_4&#8243; _builder_version=\u00bb3.22.7&#8243;][et_pb_sidebar _builder_version=\u00bb3.22.7&#8243;][\/et_pb_sidebar][\/et_pb_column][\/et_pb_row][\/et_pb_section]<\/p>\n","protected":false},"excerpt":{"rendered":"<p>El Defensor P\u00fablico provincial de Santo Domingo de los Ts\u00e1chilas, Mauricio Sotal\u00edn, se reuni\u00f3, el 30 de abril, con el director\u00a0 del Centro de Rehabilitaci\u00f3n Social (CRS) \u00abBellavista\u00bb de Santo [&hellip;]<\/p>\n","protected":false},"author":1,"featured_media":4162,"comment_status":"open","ping_status":"closed","template":"","meta":{"_et_pb_use_builder":"on","_et_pb_old_content":"","_et_gb_content_width":"","footnotes":""},"project_category":[8,5],"project_tag":[],"class_list":["post-4156","project","type-project","status-publish","has-post-thumbnail","hentry","project_category-cerca-a-ti","project_category-noticias"],"_links":{"self":[{"href":"https:\/\/www.defensoria.gob.ec\/index.php?rest_route=\/wp\/v2\/project\/4156","targetHints":{"allow":["GET"]}}],"collection":[{"href":"https:\/\/www.defensoria.gob.ec\/index.php?rest_route=\/wp\/v2\/project"}],"about":[{"href":"https:\/\/www.defensoria.gob.ec\/index.php?rest_route=\/wp\/v2\/types\/project"}],"author":[{"embeddable":true,"href":"https:\/\/www.defensoria.gob.ec\/index.php?rest_route=\/wp\/v2\/users\/1"}],"replies":[{"embeddable":true,"href":"https:\/\/www.defensoria.gob.ec\/index.php?rest_route=%2Fwp%2Fv2%2Fcomments&post=4156"}],"version-history":[{"count":0,"href":"https:\/\/www.defensoria.gob.ec\/index.php?rest_route=\/wp\/v2\/project\/4156\/revisions"}],"wp:featuredmedia":[{"embeddable":true,"href":"https:\/\/www.defensoria.gob.ec\/index.php?rest_route=\/wp\/v2\/media\/4162"}],"wp:attachment":[{"href":"https:\/\/www.defensoria.gob.ec\/index.php?rest_route=%2Fwp%2Fv2%2Fmedia&parent=4156"}],"wp:term":[{"taxonomy":"project_category","embeddable":true,"href":"https:\/\/www.defensoria.gob.ec\/index.php?rest_route=%2Fwp%2Fv2%2Fproject_category&post=4156"},{"taxonomy":"project_tag","embeddable":true,"href":"https:\/\/www.defensoria.gob.ec\/index.php?rest_route=%2Fwp%2Fv2%2Fproject_tag&post=4156"}],"curies":[{"name":"wp","href":"https:\/\/api.w.org\/{rel}","templated":true}]}}

Santo Domingo: Se socializó el principio de favorabilidad en el CRS- Bellavista

<p>[et_pb_section fb_built=»1&#8243; _builder_version=»3.22.7&#8243;][et_pb_row _builder_version=»3.22.7&#8243;][et_pb_column type=»3_4&#8243; _builder_version=»3.22.7&#8243;][et_pb_post_title meta=»off» featured_image=»off» _builder_version=»3.22.7&#8243;][/et_pb_post_title][et_pb_text text_orientation=»justified» _builder_version=»3.22.7&#8243; text_font=»||||||||»]</p>
<p>El Defensor Público provincial de Santo Domingo de los Tsáchilas, Mauricio Sotalín, se reunió, el 30 de abril, con el director  del Centro de Rehabilitación Social (CRS) «Bellavista» de Santo Domingo, Roberth Abarca. El objetivo fue socializar el derecho que tienen las personas privadas de la libertad al principio de Favorabilidad y de esta forma reducir el hacinamiento en este centro  carcelario.</p>
<p>Además, participó en el programa informativo de la Radio del CRS-Bellavista, conducido por un grupo de personas privadas de la libertad, desde ahí informó sobre  los beneficios penitenciarios y los servicios que ofrece gratuitamente la Institución.</p>
<p>[/et_pb_text][et_pb_gallery _builder_version=»3.22.7&#8243; gallery_ids=»4162,4163,4164&#8243;][/et_pb_gallery][/et_pb_column][et_pb_column type=»1_4&#8243; _builder_version=»3.22.7&#8243;][et_pb_sidebar _builder_version=»3.22.7&#8243;][/et_pb_sidebar][/et_pb_column][/et_pb_row][/et_pb_section]</p>

<p>El Defensor Público provincial de Santo Domingo de los Tsáchilas, Mauricio Sotalín, se reunió, el 30 de abril, con el director  del Centro de Rehabilitación Social (CRS) «Bellavista» de Santo [&hellip;]</p>
