{"id":4124,"date":"2019-05-07T19:53:09","date_gmt":"2019-05-07T19:53:09","guid":{"rendered":"https:\/\/www.defensoria.gob.ec\/?post_type=project&#038;p=4124"},"modified":"2019-05-07T19:53:09","modified_gmt":"2019-05-07T19:53:09","slug":"cotopaxi-defensoria-publica-participo-en-feria-ciudadana","status":"publish","type":"project","link":"https:\/\/www.defensoria.gob.ec\/?project=cotopaxi-defensoria-publica-participo-en-feria-ciudadana","title":{"rendered":"Cotopaxi: Defensor\u00eda P\u00fablica particip\u00f3 en feria ciudadana"},"content":{"rendered":"<p>[et_pb_section fb_built=\u00bb1&#8243; _builder_version=\u00bb3.21.1&#8243;][et_pb_row _builder_version=\u00bb3.21.1&#8243;][et_pb_column type=\u00bb3_4&#8243; _builder_version=\u00bb3.21.1&#8243;][et_pb_post_title meta=\u00bboff\u00bb featured_image=\u00bboff\u00bb _builder_version=\u00bb3.21.1&#8243;][\/et_pb_post_title][et_pb_text text_orientation=\u00bbjustified\u00bb _builder_version=\u00bb3.21.1&#8243; text_font=\u00bb||||||||\u00bb]<\/p>\n<p>El viernes 26 de abril, la Defensor\u00eda P\u00fablica de Cotopaxi, con\u00a0 personal misional particip\u00f3 con un stand informativo en la primera Feria de Seguridad Ciudadana, coordinada por la Polic\u00eda Nacional, en la plaza El Salto.\u00a0<\/p>\n<p>Santiago Chipantasig, Defensor P\u00fablico Provincial de Cotopaxi manifest\u00f3 que estos espacios permiten socializar a la ciudadan\u00eda los servicios gratuitos que brinda la instituci\u00f3n. Los ciudadanos recibieron informaci\u00f3n en materias como: inquilinato, tierras, familia, mujer, ni\u00f1ez y adolescencia, entre otras.\u00a0<\/p>\n<p>As\u00ed tambi\u00e9n, el 23 de abril, la Defensor\u00eda P\u00fablica de Cotopaxi, dentro del marco misional, ofreci\u00f3 \u00a0asesor\u00eda legal y patrocinio a \u00a0personas privadas de libertad del Centro de Rehabilitaci\u00f3n Social (CRS) &#8211; Regional Sierra Centro Norte.\u00a0<\/p>\n<p>Finalmente, el 22 de abril, el Defensor P\u00fablico Provincial de Cotopaxi, present\u00f3 su saludo protocolario al nuevo director del Consejo de la Judicatura, Mario R\u00edos Dom\u00ednguez. \u00a0En este encuentro se ratific\u00f3 el compromiso de trabajo\u00a0entre las dos instituciones que son parte de la administraci\u00f3n de justicia. Trataron temas inherentes a las funciones que despe\u00f1an la Defensor\u00eda P\u00fablica con el\u00a0prop\u00f3sito de brindar un servicio efectivo, oportuno y transparente para toda la ciudadan\u00eda.<\/p>\n<p>[\/et_pb_text][et_pb_gallery _builder_version=\u00bb3.21.1&#8243; gallery_ids=\u00bb4128,4129,4130&#8243;][\/et_pb_gallery][\/et_pb_column][et_pb_column type=\u00bb1_4&#8243; _builder_version=\u00bb3.21.1&#8243;][et_pb_sidebar _builder_version=\u00bb3.21.1&#8243;][\/et_pb_sidebar][\/et_pb_column][\/et_pb_row][\/et_pb_section]<\/p>\n","protected":false},"excerpt":{"rendered":"<p>El viernes 26 de abril, la Defensor\u00eda P\u00fablica de Cotopaxi, con\u00a0 personal misional particip\u00f3 con un stand informativo en la primera Feria de Seguridad Ciudadana, coordinada por la Polic\u00eda Nacional, [&hellip;]<\/p>\n","protected":false},"author":1,"featured_media":4128,"comment_status":"open","ping_status":"closed","template":"","meta":{"_et_pb_use_builder":"on","_et_pb_old_content":"","_et_gb_content_width":"","footnotes":""},"project_category":[8,5],"project_tag":[],"class_list":["post-4124","project","type-project","status-publish","has-post-thumbnail","hentry","project_category-cerca-a-ti","project_category-noticias"],"_links":{"self":[{"href":"https:\/\/www.defensoria.gob.ec\/index.php?rest_route=\/wp\/v2\/project\/4124","targetHints":{"allow":["GET"]}}],"collection":[{"href":"https:\/\/www.defensoria.gob.ec\/index.php?rest_route=\/wp\/v2\/project"}],"about":[{"href":"https:\/\/www.defensoria.gob.ec\/index.php?rest_route=\/wp\/v2\/types\/project"}],"author":[{"embeddable":true,"href":"https:\/\/www.defensoria.gob.ec\/index.php?rest_route=\/wp\/v2\/users\/1"}],"replies":[{"embeddable":true,"href":"https:\/\/www.defensoria.gob.ec\/index.php?rest_route=%2Fwp%2Fv2%2Fcomments&post=4124"}],"version-history":[{"count":0,"href":"https:\/\/www.defensoria.gob.ec\/index.php?rest_route=\/wp\/v2\/project\/4124\/revisions"}],"wp:featuredmedia":[{"embeddable":true,"href":"https:\/\/www.defensoria.gob.ec\/index.php?rest_route=\/wp\/v2\/media\/4128"}],"wp:attachment":[{"href":"https:\/\/www.defensoria.gob.ec\/index.php?rest_route=%2Fwp%2Fv2%2Fmedia&parent=4124"}],"wp:term":[{"taxonomy":"project_category","embeddable":true,"href":"https:\/\/www.defensoria.gob.ec\/index.php?rest_route=%2Fwp%2Fv2%2Fproject_category&post=4124"},{"taxonomy":"project_tag","embeddable":true,"href":"https:\/\/www.defensoria.gob.ec\/index.php?rest_route=%2Fwp%2Fv2%2Fproject_tag&post=4124"}],"curies":[{"name":"wp","href":"https:\/\/api.w.org\/{rel}","templated":true}]}}

Cotopaxi: Defensoría Pública participó en feria ciudadana

<p>[et_pb_section fb_built=»1&#8243; _builder_version=»3.21.1&#8243;][et_pb_row _builder_version=»3.21.1&#8243;][et_pb_column type=»3_4&#8243; _builder_version=»3.21.1&#8243;][et_pb_post_title meta=»off» featured_image=»off» _builder_version=»3.21.1&#8243;][/et_pb_post_title][et_pb_text text_orientation=»justified» _builder_version=»3.21.1&#8243; text_font=»||||||||»]</p>
<p>El viernes 26 de abril, la Defensoría Pública de Cotopaxi, con  personal misional participó con un stand informativo en la primera Feria de Seguridad Ciudadana, coordinada por la Policía Nacional, en la plaza El Salto. </p>
<p>Santiago Chipantasig, Defensor Público Provincial de Cotopaxi manifestó que estos espacios permiten socializar a la ciudadanía los servicios gratuitos que brinda la institución. Los ciudadanos recibieron información en materias como: inquilinato, tierras, familia, mujer, niñez y adolescencia, entre otras. </p>
<p>Así también, el 23 de abril, la Defensoría Pública de Cotopaxi, dentro del marco misional, ofreció  asesoría legal y patrocinio a  personas privadas de libertad del Centro de Rehabilitación Social (CRS) &#8211; Regional Sierra Centro Norte. </p>
<p>Finalmente, el 22 de abril, el Defensor Público Provincial de Cotopaxi, presentó su saludo protocolario al nuevo director del Consejo de la Judicatura, Mario Ríos Domínguez.  En este encuentro se ratificó el compromiso de trabajo entre las dos instituciones que son parte de la administración de justicia. Trataron temas inherentes a las funciones que despeñan la Defensoría Pública con el propósito de brindar un servicio efectivo, oportuno y transparente para toda la ciudadanía.</p>
<p>[/et_pb_text][et_pb_gallery _builder_version=»3.21.1&#8243; gallery_ids=»4128,4129,4130&#8243;][/et_pb_gallery][/et_pb_column][et_pb_column type=»1_4&#8243; _builder_version=»3.21.1&#8243;][et_pb_sidebar _builder_version=»3.21.1&#8243;][/et_pb_sidebar][/et_pb_column][/et_pb_row][/et_pb_section]</p>

<p>El viernes 26 de abril, la Defensoría Pública de Cotopaxi, con  personal misional participó con un stand informativo en la primera Feria de Seguridad Ciudadana, coordinada por la Policía Nacional, [&hellip;]</p>
