{"id":4050,"date":"2019-05-02T14:46:28","date_gmt":"2019-05-02T14:46:28","guid":{"rendered":"https:\/\/www.defensoria.gob.ec\/?post_type=project&#038;p=4050"},"modified":"2019-05-02T14:46:28","modified_gmt":"2019-05-02T14:46:28","slug":"pichincha-se-realizaron-charlas-en-planteles-educativos-sobre-prevencion-de-la-violencia","status":"publish","type":"project","link":"https:\/\/www.defensoria.gob.ec\/?project=pichincha-se-realizaron-charlas-en-planteles-educativos-sobre-prevencion-de-la-violencia","title":{"rendered":"Pichincha: Se realizaron charlas en planteles educativos sobre prevenci\u00f3n de la violencia"},"content":{"rendered":"<p>[et_pb_section fb_built=\u00bb1&#8243; _builder_version=\u00bb3.21.1&#8243;][et_pb_row _builder_version=\u00bb3.21.1&#8243;][et_pb_column type=\u00bb3_4&#8243; _builder_version=\u00bb3.21.1&#8243;][et_pb_post_title meta=\u00bboff\u00bb featured_image=\u00bboff\u00bb _builder_version=\u00bb3.21.1&#8243;][\/et_pb_post_title][et_pb_text text_orientation=\u00bbjustified\u00bb _builder_version=\u00bb3.21.1&#8243; text_font=\u00bb||||||||\u00bb]<\/p>\n<p>La Defensor\u00eda P\u00fablica de Pichincha realiz\u00f3 una serie de talleres sobre \u201cPrevenci\u00f3n y Erradicaci\u00f3n de Violencia dentro del n\u00facleo familiar\u201d dirigidos a los alumnos de bachillerato del Colegio Aida Gallegos de Moncayo, ubicado en Quitumbe, al sur de la ciudad de Quito.\u00a0 230 estudiantes y personal docente se capacitaron en temas como: qu\u00e9 es violencia, tipos de violencia y qu\u00e9 hacer frente a esta problem\u00e1tica.<\/p>\n<p>Adem\u00e1s, los funcionarios de la Defensor\u00eda atendieron consultas sobre abuso sexual, violaci\u00f3n, medios de prevenci\u00f3n y sanciones frente a estos delitos.<\/p>\n<p>As\u00ed mismo, en la Unidad Educativa Espa\u00f1a, ubicada en la comuna de San Miguel de Calder\u00f3n, al norte de Quito, se desarroll\u00f3\u00a0 otra charla, en la que alumnos y profesores conocieron las causas de la violencia, la violencia escolar, \u00a0la violencia dom\u00e9stica intrafamiliar.<\/p>\n<p>Adem\u00e1s, se realiz\u00f3 un breve repaso de la Ley Org\u00e1nica Integral para la Prevenci\u00f3n y Erradicaci\u00f3n de la Violencia contra las Mujeres. Se habl\u00f3 de violencia f\u00edsica, psicol\u00f3gica, econ\u00f3mica y patrimonial, simb\u00f3lica; que es toda conducta que, a trav\u00e9s de la producci\u00f3n o reproducci\u00f3n de patrones estereotipados, reproducen y consolidan relaciones de dominaci\u00f3n, exclusi\u00f3n y desigualdad.<\/p>\n<p>Tambi\u00e9n se abord\u00f3 el tema de violencia sexual. Se hizo \u00e9nfasis en el abuso sexual, la explotaci\u00f3n sexual y la utilizaci\u00f3n de la imagen de las ni\u00f1as, ni\u00f1os y adolescentes en pornograf\u00eda. En este tipo de violencia se encuentra el embarazo infantil.<\/p>\n<p>[\/et_pb_text][et_pb_gallery _builder_version=\u00bb3.21.1&#8243; gallery_ids=\u00bb4057,4058,4059&#8243;][\/et_pb_gallery][\/et_pb_column][et_pb_column type=\u00bb1_4&#8243; _builder_version=\u00bb3.21.1&#8243;][et_pb_sidebar _builder_version=\u00bb3.21.1&#8243;][\/et_pb_sidebar][\/et_pb_column][\/et_pb_row][\/et_pb_section]<\/p>\n","protected":false},"excerpt":{"rendered":"<p>La Defensor\u00eda P\u00fablica de Pichincha realiz\u00f3 una serie de talleres sobre \u201cPrevenci\u00f3n y Erradicaci\u00f3n de Violencia dentro del n\u00facleo familiar\u201d dirigidos a los alumnos de bachillerato del Colegio Aida Gallegos [&hellip;]<\/p>\n","protected":false},"author":1,"featured_media":4057,"comment_status":"open","ping_status":"closed","template":"","meta":{"_et_pb_use_builder":"on","_et_pb_old_content":"","_et_gb_content_width":"","footnotes":""},"project_category":[8,5],"project_tag":[],"class_list":["post-4050","project","type-project","status-publish","has-post-thumbnail","hentry","project_category-cerca-a-ti","project_category-noticias"],"_links":{"self":[{"href":"https:\/\/www.defensoria.gob.ec\/index.php?rest_route=\/wp\/v2\/project\/4050","targetHints":{"allow":["GET"]}}],"collection":[{"href":"https:\/\/www.defensoria.gob.ec\/index.php?rest_route=\/wp\/v2\/project"}],"about":[{"href":"https:\/\/www.defensoria.gob.ec\/index.php?rest_route=\/wp\/v2\/types\/project"}],"author":[{"embeddable":true,"href":"https:\/\/www.defensoria.gob.ec\/index.php?rest_route=\/wp\/v2\/users\/1"}],"replies":[{"embeddable":true,"href":"https:\/\/www.defensoria.gob.ec\/index.php?rest_route=%2Fwp%2Fv2%2Fcomments&post=4050"}],"version-history":[{"count":0,"href":"https:\/\/www.defensoria.gob.ec\/index.php?rest_route=\/wp\/v2\/project\/4050\/revisions"}],"wp:featuredmedia":[{"embeddable":true,"href":"https:\/\/www.defensoria.gob.ec\/index.php?rest_route=\/wp\/v2\/media\/4057"}],"wp:attachment":[{"href":"https:\/\/www.defensoria.gob.ec\/index.php?rest_route=%2Fwp%2Fv2%2Fmedia&parent=4050"}],"wp:term":[{"taxonomy":"project_category","embeddable":true,"href":"https:\/\/www.defensoria.gob.ec\/index.php?rest_route=%2Fwp%2Fv2%2Fproject_category&post=4050"},{"taxonomy":"project_tag","embeddable":true,"href":"https:\/\/www.defensoria.gob.ec\/index.php?rest_route=%2Fwp%2Fv2%2Fproject_tag&post=4050"}],"curies":[{"name":"wp","href":"https:\/\/api.w.org\/{rel}","templated":true}]}}

Pichincha: Se realizaron charlas en planteles educativos sobre prevención de la violencia

<p>[et_pb_section fb_built=»1&#8243; _builder_version=»3.21.1&#8243;][et_pb_row _builder_version=»3.21.1&#8243;][et_pb_column type=»3_4&#8243; _builder_version=»3.21.1&#8243;][et_pb_post_title meta=»off» featured_image=»off» _builder_version=»3.21.1&#8243;][/et_pb_post_title][et_pb_text text_orientation=»justified» _builder_version=»3.21.1&#8243; text_font=»||||||||»]</p>
<p>La Defensoría Pública de Pichincha realizó una serie de talleres sobre “Prevención y Erradicación de Violencia dentro del núcleo familiar” dirigidos a los alumnos de bachillerato del Colegio Aida Gallegos de Moncayo, ubicado en Quitumbe, al sur de la ciudad de Quito.  230 estudiantes y personal docente se capacitaron en temas como: qué es violencia, tipos de violencia y qué hacer frente a esta problemática.</p>
<p>Además, los funcionarios de la Defensoría atendieron consultas sobre abuso sexual, violación, medios de prevención y sanciones frente a estos delitos.</p>
<p>Así mismo, en la Unidad Educativa España, ubicada en la comuna de San Miguel de Calderón, al norte de Quito, se desarrolló  otra charla, en la que alumnos y profesores conocieron las causas de la violencia, la violencia escolar,  la violencia doméstica intrafamiliar.</p>
<p>Además, se realizó un breve repaso de la Ley Orgánica Integral para la Prevención y Erradicación de la Violencia contra las Mujeres. Se habló de violencia física, psicológica, económica y patrimonial, simbólica; que es toda conducta que, a través de la producción o reproducción de patrones estereotipados, reproducen y consolidan relaciones de dominación, exclusión y desigualdad.</p>
<p>También se abordó el tema de violencia sexual. Se hizo énfasis en el abuso sexual, la explotación sexual y la utilización de la imagen de las niñas, niños y adolescentes en pornografía. En este tipo de violencia se encuentra el embarazo infantil.</p>
<p>[/et_pb_text][et_pb_gallery _builder_version=»3.21.1&#8243; gallery_ids=»4057,4058,4059&#8243;][/et_pb_gallery][/et_pb_column][et_pb_column type=»1_4&#8243; _builder_version=»3.21.1&#8243;][et_pb_sidebar _builder_version=»3.21.1&#8243;][/et_pb_sidebar][/et_pb_column][/et_pb_row][/et_pb_section]</p>

<p>La Defensoría Pública de Pichincha realizó una serie de talleres sobre “Prevención y Erradicación de Violencia dentro del núcleo familiar” dirigidos a los alumnos de bachillerato del Colegio Aida Gallegos [&hellip;]</p>
