{"id":4048,"date":"2019-05-02T14:43:26","date_gmt":"2019-05-02T14:43:26","guid":{"rendered":"https:\/\/www.defensoria.gob.ec\/?post_type=project&#038;p=4048"},"modified":"2019-05-02T14:43:26","modified_gmt":"2019-05-02T14:43:26","slug":"chimborazo-manos-para-acariciar-no-para-golpear","status":"publish","type":"project","link":"https:\/\/www.defensoria.gob.ec\/?project=chimborazo-manos-para-acariciar-no-para-golpear","title":{"rendered":"Chimborazo: \u201cManos para acariciar, no para golpear\u201d"},"content":{"rendered":"<p>[et_pb_section fb_built=\u00bb1&#8243; _builder_version=\u00bb3.21.1&#8243;][et_pb_row _builder_version=\u00bb3.21.1&#8243;][et_pb_column type=\u00bb3_4&#8243; _builder_version=\u00bb3.21.1&#8243;][et_pb_post_title meta=\u00bboff\u00bb featured_image=\u00bboff\u00bb _builder_version=\u00bb3.21.1&#8243;][\/et_pb_post_title][et_pb_text text_orientation=\u00bbjustified\u00bb _builder_version=\u00bb3.21.1&#8243; text_font=\u00bb||||||||\u00bb]<\/p>\n<p>En el Parque Sucre de la ciudad de Riobamba, se realiz\u00f3 la casa abierta denominada \u201cTUS MANOS PARA ACARICIAR NO PARA GOLPEAR\u201d,\u00a0evento organizado por el Consejo de la Judicatura como parte de la Mesa de Justicia y de G\u00e9nero. El\u00a0 prop\u00f3sito fue concienciar a la poblaci\u00f3n, sobre los peligros y efectos de la violencia intrafamiliar.\u00a0<\/p>\n<p>La Defensor\u00eda P\u00fablica ubic\u00f3 un stand de informaci\u00f3n en el que se brind\u00f3 asesor\u00eda a la ciudadan\u00eda, principalmente en temas de violencia contra la mujer y la familia, se realiz\u00f3 la entrega de material publicitario y se dio a conocer los servicios legales gratuitos que presta la Instituci\u00f3n.\u00a0<\/p>\n<p>El Dr. Freddy Garz\u00f3n Jarr\u00edn, Defensor P\u00fablico Provincial de Chimborazo, mantuvo una reuni\u00f3n de trabajo con el nuevo Director Provincial del Consejo de la Judicatura de Chimborazo, Dr. Hern\u00e1n Sobrevilla Vallejo, con el objetivo de dar a conocer el trabajo realizado hasta la presente fecha por Defensor\u00eda P\u00fablica en la provincia. Ambas autoridades acordaron trabajar de manera coordinada\u00a0 a fin de fortalecer el sector justicia en la provincia.<\/p>\n<p>[\/et_pb_text][et_pb_gallery _builder_version=\u00bb3.21.1&#8243; gallery_ids=\u00bb4052,4053,4054&#8243;][\/et_pb_gallery][\/et_pb_column][et_pb_column type=\u00bb1_4&#8243; _builder_version=\u00bb3.21.1&#8243;][et_pb_sidebar _builder_version=\u00bb3.21.1&#8243;][\/et_pb_sidebar][\/et_pb_column][\/et_pb_row][\/et_pb_section]<\/p>\n","protected":false},"excerpt":{"rendered":"<p>En el Parque Sucre de la ciudad de Riobamba, se realiz\u00f3 la casa abierta denominada \u201cTUS MANOS PARA ACARICIAR NO PARA GOLPEAR\u201d,\u00a0evento organizado por el Consejo de la Judicatura como [&hellip;]<\/p>\n","protected":false},"author":1,"featured_media":4053,"comment_status":"open","ping_status":"closed","template":"","meta":{"_et_pb_use_builder":"on","_et_pb_old_content":"","_et_gb_content_width":"","footnotes":""},"project_category":[8,5],"project_tag":[],"class_list":["post-4048","project","type-project","status-publish","has-post-thumbnail","hentry","project_category-cerca-a-ti","project_category-noticias"],"_links":{"self":[{"href":"https:\/\/www.defensoria.gob.ec\/index.php?rest_route=\/wp\/v2\/project\/4048","targetHints":{"allow":["GET"]}}],"collection":[{"href":"https:\/\/www.defensoria.gob.ec\/index.php?rest_route=\/wp\/v2\/project"}],"about":[{"href":"https:\/\/www.defensoria.gob.ec\/index.php?rest_route=\/wp\/v2\/types\/project"}],"author":[{"embeddable":true,"href":"https:\/\/www.defensoria.gob.ec\/index.php?rest_route=\/wp\/v2\/users\/1"}],"replies":[{"embeddable":true,"href":"https:\/\/www.defensoria.gob.ec\/index.php?rest_route=%2Fwp%2Fv2%2Fcomments&post=4048"}],"version-history":[{"count":0,"href":"https:\/\/www.defensoria.gob.ec\/index.php?rest_route=\/wp\/v2\/project\/4048\/revisions"}],"wp:featuredmedia":[{"embeddable":true,"href":"https:\/\/www.defensoria.gob.ec\/index.php?rest_route=\/wp\/v2\/media\/4053"}],"wp:attachment":[{"href":"https:\/\/www.defensoria.gob.ec\/index.php?rest_route=%2Fwp%2Fv2%2Fmedia&parent=4048"}],"wp:term":[{"taxonomy":"project_category","embeddable":true,"href":"https:\/\/www.defensoria.gob.ec\/index.php?rest_route=%2Fwp%2Fv2%2Fproject_category&post=4048"},{"taxonomy":"project_tag","embeddable":true,"href":"https:\/\/www.defensoria.gob.ec\/index.php?rest_route=%2Fwp%2Fv2%2Fproject_tag&post=4048"}],"curies":[{"name":"wp","href":"https:\/\/api.w.org\/{rel}","templated":true}]}}

<p>[et_pb_section fb_built=»1&#8243; _builder_version=»3.21.1&#8243;][et_pb_row _builder_version=»3.21.1&#8243;][et_pb_column type=»3_4&#8243; _builder_version=»3.21.1&#8243;][et_pb_post_title meta=»off» featured_image=»off» _builder_version=»3.21.1&#8243;][/et_pb_post_title][et_pb_text text_orientation=»justified» _builder_version=»3.21.1&#8243; text_font=»||||||||»]</p>
<p>En el Parque Sucre de la ciudad de Riobamba, se realizó la casa abierta denominada “TUS MANOS PARA ACARICIAR NO PARA GOLPEAR”, evento organizado por el Consejo de la Judicatura como parte de la Mesa de Justicia y de Género. El  propósito fue concienciar a la población, sobre los peligros y efectos de la violencia intrafamiliar. </p>
<p>La Defensoría Pública ubicó un stand de información en el que se brindó asesoría a la ciudadanía, principalmente en temas de violencia contra la mujer y la familia, se realizó la entrega de material publicitario y se dio a conocer los servicios legales gratuitos que presta la Institución. </p>
<p>El Dr. Freddy Garzón Jarrín, Defensor Público Provincial de Chimborazo, mantuvo una reunión de trabajo con el nuevo Director Provincial del Consejo de la Judicatura de Chimborazo, Dr. Hernán Sobrevilla Vallejo, con el objetivo de dar a conocer el trabajo realizado hasta la presente fecha por Defensoría Pública en la provincia. Ambas autoridades acordaron trabajar de manera coordinada  a fin de fortalecer el sector justicia en la provincia.</p>
<p>[/et_pb_text][et_pb_gallery _builder_version=»3.21.1&#8243; gallery_ids=»4052,4053,4054&#8243;][/et_pb_gallery][/et_pb_column][et_pb_column type=»1_4&#8243; _builder_version=»3.21.1&#8243;][et_pb_sidebar _builder_version=»3.21.1&#8243;][/et_pb_sidebar][/et_pb_column][/et_pb_row][/et_pb_section]</p>

<p>En el Parque Sucre de la ciudad de Riobamba, se realizó la casa abierta denominada “TUS MANOS PARA ACARICIAR NO PARA GOLPEAR”, evento organizado por el Consejo de la Judicatura como [&hellip;]</p>
