{"id":3994,"date":"2019-04-30T19:13:48","date_gmt":"2019-04-30T19:13:48","guid":{"rendered":"https:\/\/www.defensoria.gob.ec\/?post_type=project&#038;p=3994"},"modified":"2019-04-30T19:21:02","modified_gmt":"2019-04-30T19:21:02","slug":"santo-domingo-se-planifican-actividades-por-el-dia-mundial-del-refugiado","status":"publish","type":"project","link":"https:\/\/www.defensoria.gob.ec\/?project=santo-domingo-se-planifican-actividades-por-el-dia-mundial-del-refugiado","title":{"rendered":"Santo Domingo: Se planifican actividades por el D\u00eda Mundial del Refugiado"},"content":{"rendered":"<p>[et_pb_section fb_built=\u00bb1&#8243; _builder_version=\u00bb3.21.1&#8243;][et_pb_row _builder_version=\u00bb3.21.1&#8243;][et_pb_column type=\u00bb3_4&#8243; _builder_version=\u00bb3.21.1&#8243;][et_pb_post_title meta=\u00bboff\u00bb featured_image=\u00bboff\u00bb _builder_version=\u00bb3.21.1&#8243;][\/et_pb_post_title][et_pb_text text_orientation=\u00bbjustified\u00bb _builder_version=\u00bb3.21.1&#8243; text_font=\u00bb||||||||\u00bb]<\/p>\n<p>En el sal\u00f3n de reuniones del Consejo Cantonal de Protecci\u00f3n de Derechos de Santo Domingo, el 24 de abril, la Defensor\u00eda P\u00fablica particip\u00f3 en la Mesa de Movilidad Humana, donde se revis\u00f3 la planificaci\u00f3n de actividades por el D\u00eda Mundial del\u00a0 Refugiado, a celebrarse el 20 de junio. En este evento se present\u00f3 la campa\u00f1a contra la Xenofobia.<\/p>\n<p>[\/et_pb_text][et_pb_gallery _builder_version=\u00bb3.21.1&#8243; gallery_ids=\u00bb4004&#8243;][\/et_pb_gallery][\/et_pb_column][et_pb_column type=\u00bb1_4&#8243; _builder_version=\u00bb3.21.1&#8243;][et_pb_sidebar _builder_version=\u00bb3.21.1&#8243;][\/et_pb_sidebar][\/et_pb_column][\/et_pb_row][\/et_pb_section]<\/p>\n","protected":false},"excerpt":{"rendered":"<p>En el sal\u00f3n de reuniones del Consejo Cantonal de Protecci\u00f3n de Derechos de Santo Domingo, el 24 de abril, la Defensor\u00eda P\u00fablica particip\u00f3 en la Mesa de Movilidad Humana, donde [&hellip;]<\/p>\n","protected":false},"author":1,"featured_media":4004,"comment_status":"open","ping_status":"closed","template":"","meta":{"_et_pb_use_builder":"on","_et_pb_old_content":"","_et_gb_content_width":"","footnotes":""},"project_category":[8,5],"project_tag":[],"class_list":["post-3994","project","type-project","status-publish","has-post-thumbnail","hentry","project_category-cerca-a-ti","project_category-noticias"],"_links":{"self":[{"href":"https:\/\/www.defensoria.gob.ec\/index.php?rest_route=\/wp\/v2\/project\/3994","targetHints":{"allow":["GET"]}}],"collection":[{"href":"https:\/\/www.defensoria.gob.ec\/index.php?rest_route=\/wp\/v2\/project"}],"about":[{"href":"https:\/\/www.defensoria.gob.ec\/index.php?rest_route=\/wp\/v2\/types\/project"}],"author":[{"embeddable":true,"href":"https:\/\/www.defensoria.gob.ec\/index.php?rest_route=\/wp\/v2\/users\/1"}],"replies":[{"embeddable":true,"href":"https:\/\/www.defensoria.gob.ec\/index.php?rest_route=%2Fwp%2Fv2%2Fcomments&post=3994"}],"version-history":[{"count":0,"href":"https:\/\/www.defensoria.gob.ec\/index.php?rest_route=\/wp\/v2\/project\/3994\/revisions"}],"wp:featuredmedia":[{"embeddable":true,"href":"https:\/\/www.defensoria.gob.ec\/index.php?rest_route=\/wp\/v2\/media\/4004"}],"wp:attachment":[{"href":"https:\/\/www.defensoria.gob.ec\/index.php?rest_route=%2Fwp%2Fv2%2Fmedia&parent=3994"}],"wp:term":[{"taxonomy":"project_category","embeddable":true,"href":"https:\/\/www.defensoria.gob.ec\/index.php?rest_route=%2Fwp%2Fv2%2Fproject_category&post=3994"},{"taxonomy":"project_tag","embeddable":true,"href":"https:\/\/www.defensoria.gob.ec\/index.php?rest_route=%2Fwp%2Fv2%2Fproject_tag&post=3994"}],"curies":[{"name":"wp","href":"https:\/\/api.w.org\/{rel}","templated":true}]}}

Santo Domingo: Se planifican actividades por el Día Mundial del Refugiado

<p>[et_pb_section fb_built=»1&#8243; _builder_version=»3.21.1&#8243;][et_pb_row _builder_version=»3.21.1&#8243;][et_pb_column type=»3_4&#8243; _builder_version=»3.21.1&#8243;][et_pb_post_title meta=»off» featured_image=»off» _builder_version=»3.21.1&#8243;][/et_pb_post_title][et_pb_text text_orientation=»justified» _builder_version=»3.21.1&#8243; text_font=»||||||||»]</p>
<p>En el salón de reuniones del Consejo Cantonal de Protección de Derechos de Santo Domingo, el 24 de abril, la Defensoría Pública participó en la Mesa de Movilidad Humana, donde se revisó la planificación de actividades por el Día Mundial del  Refugiado, a celebrarse el 20 de junio. En este evento se presentó la campaña contra la Xenofobia.</p>
<p>[/et_pb_text][et_pb_gallery _builder_version=»3.21.1&#8243; gallery_ids=»4004&#8243;][/et_pb_gallery][/et_pb_column][et_pb_column type=»1_4&#8243; _builder_version=»3.21.1&#8243;][et_pb_sidebar _builder_version=»3.21.1&#8243;][/et_pb_sidebar][/et_pb_column][/et_pb_row][/et_pb_section]</p>

<p>En el salón de reuniones del Consejo Cantonal de Protección de Derechos de Santo Domingo, el 24 de abril, la Defensoría Pública participó en la Mesa de Movilidad Humana, donde [&hellip;]</p>
