{"id":3993,"date":"2019-04-30T19:13:46","date_gmt":"2019-04-30T19:13:46","guid":{"rendered":"https:\/\/www.defensoria.gob.ec\/?post_type=project&#038;p=3993"},"modified":"2019-04-30T19:19:46","modified_gmt":"2019-04-30T19:19:46","slug":"sucumbios-se-cumplio-primera-audiencia-de-favorabilidad-por-caso-de-drogas","status":"publish","type":"project","link":"https:\/\/www.defensoria.gob.ec\/?project=sucumbios-se-cumplio-primera-audiencia-de-favorabilidad-por-caso-de-drogas","title":{"rendered":"Sucumb\u00edos: Se cumpli\u00f3 primera audiencia de favorabilidad por caso de drogas"},"content":{"rendered":"<p>[et_pb_section fb_built=\u00bb1&#8243; _builder_version=\u00bb3.21.1&#8243;][et_pb_row _builder_version=\u00bb3.21.1&#8243;][et_pb_column type=\u00bb3_4&#8243; _builder_version=\u00bb3.21.1&#8243;][et_pb_post_title meta=\u00bboff\u00bb featured_image=\u00bboff\u00bb _builder_version=\u00bb3.21.1&#8243;][\/et_pb_post_title][et_pb_text text_orientation=\u00bbjustified\u00bb _builder_version=\u00bb3.21.1&#8243; text_font=\u00bb||||||||\u00bb]<\/p>\n<p>El 25 de abril, la defensora p\u00fablica, Anita Mestanza, fue notificada con la primera sentencia de favorabilidad, a favor del privado de la libertad V\u00edctor A., quien fue sentenciado por tenencia de sustancias sujetas a fiscalizaci\u00f3n, a cumplir una pena de 10 a\u00f1os y que, tras la audiencia de favorabilidad, la pena privativa de libertad fue reducida a cinco a\u00f1os,\u00a0 por cumplir con los requisitos que estableci\u00f3, para esta materia, la Corte Nacional de Justicia.<\/p>\n<p>La Defensor\u00eda P\u00fablica de Sucumb\u00edos otorg\u00f3 asesoramiento y orientaci\u00f3n a 43 personas en condici\u00f3n de Movilidad Humana que asistieron al taller \u201cReci\u00e9n llegados\u201d, emprendido por \u00a0HIAS, ONG Hebrea, organizaci\u00f3n\u00a0 que brindan protecci\u00f3n a los refugiados.<\/p>\n<p>Durante la jornada se ofreci\u00f3 orientaci\u00f3n en: procesos de regularizaci\u00f3n migratoria; derechos y obligaciones de la poblaci\u00f3n migrante y procedimientos para la determinaci\u00f3n de la condici\u00f3n de Refugio en el Ecuador.<\/p>\n<p>[\/et_pb_text][et_pb_gallery _builder_version=\u00bb3.21.1&#8243; gallery_ids=\u00bb4003&#8243;][\/et_pb_gallery][\/et_pb_column][et_pb_column type=\u00bb1_4&#8243; _builder_version=\u00bb3.21.1&#8243;][et_pb_sidebar _builder_version=\u00bb3.21.1&#8243;][\/et_pb_sidebar][\/et_pb_column][\/et_pb_row][\/et_pb_section]<\/p>\n","protected":false},"excerpt":{"rendered":"<p>El 25 de abril, la defensora p\u00fablica, Anita Mestanza, fue notificada con la primera sentencia de favorabilidad, a favor del privado de la libertad V\u00edctor A., quien fue sentenciado por [&hellip;]<\/p>\n","protected":false},"author":1,"featured_media":4003,"comment_status":"open","ping_status":"closed","template":"","meta":{"_et_pb_use_builder":"on","_et_pb_old_content":"","_et_gb_content_width":"","footnotes":""},"project_category":[8,5],"project_tag":[],"class_list":["post-3993","project","type-project","status-publish","has-post-thumbnail","hentry","project_category-cerca-a-ti","project_category-noticias"],"_links":{"self":[{"href":"https:\/\/www.defensoria.gob.ec\/index.php?rest_route=\/wp\/v2\/project\/3993","targetHints":{"allow":["GET"]}}],"collection":[{"href":"https:\/\/www.defensoria.gob.ec\/index.php?rest_route=\/wp\/v2\/project"}],"about":[{"href":"https:\/\/www.defensoria.gob.ec\/index.php?rest_route=\/wp\/v2\/types\/project"}],"author":[{"embeddable":true,"href":"https:\/\/www.defensoria.gob.ec\/index.php?rest_route=\/wp\/v2\/users\/1"}],"replies":[{"embeddable":true,"href":"https:\/\/www.defensoria.gob.ec\/index.php?rest_route=%2Fwp%2Fv2%2Fcomments&post=3993"}],"version-history":[{"count":0,"href":"https:\/\/www.defensoria.gob.ec\/index.php?rest_route=\/wp\/v2\/project\/3993\/revisions"}],"wp:featuredmedia":[{"embeddable":true,"href":"https:\/\/www.defensoria.gob.ec\/index.php?rest_route=\/wp\/v2\/media\/4003"}],"wp:attachment":[{"href":"https:\/\/www.defensoria.gob.ec\/index.php?rest_route=%2Fwp%2Fv2%2Fmedia&parent=3993"}],"wp:term":[{"taxonomy":"project_category","embeddable":true,"href":"https:\/\/www.defensoria.gob.ec\/index.php?rest_route=%2Fwp%2Fv2%2Fproject_category&post=3993"},{"taxonomy":"project_tag","embeddable":true,"href":"https:\/\/www.defensoria.gob.ec\/index.php?rest_route=%2Fwp%2Fv2%2Fproject_tag&post=3993"}],"curies":[{"name":"wp","href":"https:\/\/api.w.org\/{rel}","templated":true}]}}

Sucumbíos: Se cumplió primera audiencia de favorabilidad por caso de drogas

<p>[et_pb_section fb_built=»1&#8243; _builder_version=»3.21.1&#8243;][et_pb_row _builder_version=»3.21.1&#8243;][et_pb_column type=»3_4&#8243; _builder_version=»3.21.1&#8243;][et_pb_post_title meta=»off» featured_image=»off» _builder_version=»3.21.1&#8243;][/et_pb_post_title][et_pb_text text_orientation=»justified» _builder_version=»3.21.1&#8243; text_font=»||||||||»]</p>
<p>El 25 de abril, la defensora pública, Anita Mestanza, fue notificada con la primera sentencia de favorabilidad, a favor del privado de la libertad Víctor A., quien fue sentenciado por tenencia de sustancias sujetas a fiscalización, a cumplir una pena de 10 años y que, tras la audiencia de favorabilidad, la pena privativa de libertad fue reducida a cinco años,  por cumplir con los requisitos que estableció, para esta materia, la Corte Nacional de Justicia.</p>
<p>La Defensoría Pública de Sucumbíos otorgó asesoramiento y orientación a 43 personas en condición de Movilidad Humana que asistieron al taller “Recién llegados”, emprendido por  HIAS, ONG Hebrea, organización  que brindan protección a los refugiados.</p>
<p>Durante la jornada se ofreció orientación en: procesos de regularización migratoria; derechos y obligaciones de la población migrante y procedimientos para la determinación de la condición de Refugio en el Ecuador.</p>
<p>[/et_pb_text][et_pb_gallery _builder_version=»3.21.1&#8243; gallery_ids=»4003&#8243;][/et_pb_gallery][/et_pb_column][et_pb_column type=»1_4&#8243; _builder_version=»3.21.1&#8243;][et_pb_sidebar _builder_version=»3.21.1&#8243;][/et_pb_sidebar][/et_pb_column][/et_pb_row][/et_pb_section]</p>

<p>El 25 de abril, la defensora pública, Anita Mestanza, fue notificada con la primera sentencia de favorabilidad, a favor del privado de la libertad Víctor A., quien fue sentenciado por [&hellip;]</p>
