{"id":3991,"date":"2019-04-30T19:13:39","date_gmt":"2019-04-30T19:13:39","guid":{"rendered":"https:\/\/www.defensoria.gob.ec\/?post_type=project&#038;p=3991"},"modified":"2019-04-30T19:16:54","modified_gmt":"2019-04-30T19:16:54","slug":"manabi-capacitacion-en-tema-de-drogas","status":"publish","type":"project","link":"https:\/\/www.defensoria.gob.ec\/?project=manabi-capacitacion-en-tema-de-drogas","title":{"rendered":"Manab\u00ed: Capacitaci\u00f3n en tema de drogas"},"content":{"rendered":"<p>[et_pb_section fb_built=\u00bb1&#8243; _builder_version=\u00bb3.21.1&#8243;][et_pb_row _builder_version=\u00bb3.21.1&#8243;][et_pb_column type=\u00bb3_4&#8243; _builder_version=\u00bb3.21.1&#8243;][et_pb_post_title meta=\u00bboff\u00bb featured_image=\u00bboff\u00bb _builder_version=\u00bb3.21.1&#8243;][\/et_pb_post_title][et_pb_text text_orientation=\u00bbjustified\u00bb _builder_version=\u00bb3.21.1&#8243; text_font=\u00bb||||||||\u00bb]<\/p>\n<p>En la ciudad de Chone,\u00a0 La Defensora Provincial de Loja, Dra. Mar\u00eda Cristina Meneses, atendiendo una invitaci\u00f3n del Dr. Iv\u00e1n Jarre, Defensor P\u00fablico Provincial de Manab\u00ed,\u00a0 dict\u00f3 una charla magistral sobre \u00abTratamiento penal a consumidores y micro vendedores de drogas\u00bb, dirigido a asistentes y defensores de la zona norte de Manab\u00ed.\u00a0 Pedernales, El Carmen, Chone, Calceta, Jun\u00edn, Jama y Bah\u00eda de Car\u00e1quez.\u00a0\u00a0<\/p>\n<p>Esta actividad se realiz\u00f3 dentro de los criterios de unidad nacional con la que trabaja la Defensor\u00eda P\u00fablica. Todos los defensores p\u00fablicos deben manejar los mismos criterios y pr\u00e1cticas\u00a0 judiciales, para atender las necesidades de \u00a0los ciudadanos que, por su situaci\u00f3n econ\u00f3mica y social, no pueden contratar un abogado particular que los defienda. \u00a0<\/p>\n<p>[\/et_pb_text][et_pb_gallery _builder_version=\u00bb3.21.1&#8243; gallery_ids=\u00bb4000,3999&#8243;][\/et_pb_gallery][\/et_pb_column][et_pb_column type=\u00bb1_4&#8243; _builder_version=\u00bb3.21.1&#8243;][et_pb_sidebar _builder_version=\u00bb3.21.1&#8243;][\/et_pb_sidebar][\/et_pb_column][\/et_pb_row][\/et_pb_section]<\/p>\n","protected":false},"excerpt":{"rendered":"<p>En la ciudad de Chone,\u00a0 La Defensora Provincial de Loja, Dra. Mar\u00eda Cristina Meneses, atendiendo una invitaci\u00f3n del Dr. Iv\u00e1n Jarre, Defensor P\u00fablico Provincial de Manab\u00ed,\u00a0 dict\u00f3 una charla magistral [&hellip;]<\/p>\n","protected":false},"author":1,"featured_media":3999,"comment_status":"open","ping_status":"closed","template":"","meta":{"_et_pb_use_builder":"on","_et_pb_old_content":"","_et_gb_content_width":"","footnotes":""},"project_category":[8,5],"project_tag":[],"class_list":["post-3991","project","type-project","status-publish","has-post-thumbnail","hentry","project_category-cerca-a-ti","project_category-noticias"],"_links":{"self":[{"href":"https:\/\/www.defensoria.gob.ec\/index.php?rest_route=\/wp\/v2\/project\/3991","targetHints":{"allow":["GET"]}}],"collection":[{"href":"https:\/\/www.defensoria.gob.ec\/index.php?rest_route=\/wp\/v2\/project"}],"about":[{"href":"https:\/\/www.defensoria.gob.ec\/index.php?rest_route=\/wp\/v2\/types\/project"}],"author":[{"embeddable":true,"href":"https:\/\/www.defensoria.gob.ec\/index.php?rest_route=\/wp\/v2\/users\/1"}],"replies":[{"embeddable":true,"href":"https:\/\/www.defensoria.gob.ec\/index.php?rest_route=%2Fwp%2Fv2%2Fcomments&post=3991"}],"version-history":[{"count":0,"href":"https:\/\/www.defensoria.gob.ec\/index.php?rest_route=\/wp\/v2\/project\/3991\/revisions"}],"wp:featuredmedia":[{"embeddable":true,"href":"https:\/\/www.defensoria.gob.ec\/index.php?rest_route=\/wp\/v2\/media\/3999"}],"wp:attachment":[{"href":"https:\/\/www.defensoria.gob.ec\/index.php?rest_route=%2Fwp%2Fv2%2Fmedia&parent=3991"}],"wp:term":[{"taxonomy":"project_category","embeddable":true,"href":"https:\/\/www.defensoria.gob.ec\/index.php?rest_route=%2Fwp%2Fv2%2Fproject_category&post=3991"},{"taxonomy":"project_tag","embeddable":true,"href":"https:\/\/www.defensoria.gob.ec\/index.php?rest_route=%2Fwp%2Fv2%2Fproject_tag&post=3991"}],"curies":[{"name":"wp","href":"https:\/\/api.w.org\/{rel}","templated":true}]}}

Manabí: Capacitación en tema de drogas

<p>[et_pb_section fb_built=»1&#8243; _builder_version=»3.21.1&#8243;][et_pb_row _builder_version=»3.21.1&#8243;][et_pb_column type=»3_4&#8243; _builder_version=»3.21.1&#8243;][et_pb_post_title meta=»off» featured_image=»off» _builder_version=»3.21.1&#8243;][/et_pb_post_title][et_pb_text text_orientation=»justified» _builder_version=»3.21.1&#8243; text_font=»||||||||»]</p>
<p>En la ciudad de Chone,  La Defensora Provincial de Loja, Dra. María Cristina Meneses, atendiendo una invitación del Dr. Iván Jarre, Defensor Público Provincial de Manabí,  dictó una charla magistral sobre «Tratamiento penal a consumidores y micro vendedores de drogas», dirigido a asistentes y defensores de la zona norte de Manabí.  Pedernales, El Carmen, Chone, Calceta, Junín, Jama y Bahía de Caráquez.  </p>
<p>Esta actividad se realizó dentro de los criterios de unidad nacional con la que trabaja la Defensoría Pública. Todos los defensores públicos deben manejar los mismos criterios y prácticas  judiciales, para atender las necesidades de  los ciudadanos que, por su situación económica y social, no pueden contratar un abogado particular que los defienda.  </p>
<p>[/et_pb_text][et_pb_gallery _builder_version=»3.21.1&#8243; gallery_ids=»4000,3999&#8243;][/et_pb_gallery][/et_pb_column][et_pb_column type=»1_4&#8243; _builder_version=»3.21.1&#8243;][et_pb_sidebar _builder_version=»3.21.1&#8243;][/et_pb_sidebar][/et_pb_column][/et_pb_row][/et_pb_section]</p>

<p>En la ciudad de Chone,  La Defensora Provincial de Loja, Dra. María Cristina Meneses, atendiendo una invitación del Dr. Iván Jarre, Defensor Público Provincial de Manabí,  dictó una charla magistral [&hellip;]</p>
