{"id":3966,"date":"2019-04-25T17:20:30","date_gmt":"2019-04-25T17:20:30","guid":{"rendered":"https:\/\/www.defensoria.gob.ec\/?post_type=project&#038;p=3966"},"modified":"2019-04-25T17:20:30","modified_gmt":"2019-04-25T17:20:30","slug":"santo-domingo-se-capacito-al-personal-misional","status":"publish","type":"project","link":"https:\/\/www.defensoria.gob.ec\/?project=santo-domingo-se-capacito-al-personal-misional","title":{"rendered":"Santo Domingo: se capacit\u00f3 al personal misional"},"content":{"rendered":"<p>[et_pb_section fb_built=\u00bb1&#8243; _builder_version=\u00bb3.21.1&#8243;][et_pb_row _builder_version=\u00bb3.21.1&#8243;][et_pb_column type=\u00bb3_4&#8243; _builder_version=\u00bb3.21.1&#8243;][et_pb_post_title meta=\u00bboff\u00bb featured_image=\u00bboff\u00bb _builder_version=\u00bb3.21.1&#8243;][\/et_pb_post_title][et_pb_text text_orientation=\u00bbjustified\u00bb _builder_version=\u00bb3.21.1&#8243; text_font=\u00bb||||||||\u00bb]<\/p>\n<p>El\u00a0 personal misional de la Defensor\u00eda\u00a0 P\u00fablica de Santo Domingo de los Ts\u00e1chilas particip\u00f3, el 16\u00a0 de abril, en una capacitaci\u00f3n sobre \u201cElementos Dogm\u00e1ticos del Tipo Penal\u00bb,\u00a0 dictada por el experto litigante en materia penal, Israel Montenegro. El\u00a0 objetivo de la jornada fue afianzar las estrategias de legitimaci\u00f3n oral en esta tem\u00e1tica.<\/p>\n<p>En la Unidad Educativa \u00ab9 de Octubre\u201d de Santo Domingo, el defensor p\u00fablico provincial, Mauricio\u00a0 Sotal\u00edn, dict\u00f3 una conferencia \u00a0sobre Violencia Intrafamiliar, Violencia de G\u00e9nero y Delitos Sexuales dirigida a docentes y personal\u00a0 administrativo de este plantel.<\/p>\n<p>[\/et_pb_text][et_pb_gallery _builder_version=\u00bb3.21.1&#8243; gallery_ids=\u00bb3968,3967&#8243;][\/et_pb_gallery][\/et_pb_column][et_pb_column type=\u00bb1_4&#8243; _builder_version=\u00bb3.21.1&#8243;][et_pb_sidebar _builder_version=\u00bb3.21.1&#8243;][\/et_pb_sidebar][\/et_pb_column][\/et_pb_row][\/et_pb_section]<\/p>\n","protected":false},"excerpt":{"rendered":"<p>El\u00a0 personal misional de la Defensor\u00eda\u00a0 P\u00fablica de Santo Domingo de los Ts\u00e1chilas particip\u00f3, el 16\u00a0 de abril, en una capacitaci\u00f3n sobre \u201cElementos Dogm\u00e1ticos del Tipo Penal\u00bb,\u00a0 dictada por el [&hellip;]<\/p>\n","protected":false},"author":1,"featured_media":3967,"comment_status":"open","ping_status":"closed","template":"","meta":{"_et_pb_use_builder":"on","_et_pb_old_content":"","_et_gb_content_width":"","footnotes":""},"project_category":[8,5],"project_tag":[],"class_list":["post-3966","project","type-project","status-publish","has-post-thumbnail","hentry","project_category-cerca-a-ti","project_category-noticias"],"_links":{"self":[{"href":"https:\/\/www.defensoria.gob.ec\/index.php?rest_route=\/wp\/v2\/project\/3966","targetHints":{"allow":["GET"]}}],"collection":[{"href":"https:\/\/www.defensoria.gob.ec\/index.php?rest_route=\/wp\/v2\/project"}],"about":[{"href":"https:\/\/www.defensoria.gob.ec\/index.php?rest_route=\/wp\/v2\/types\/project"}],"author":[{"embeddable":true,"href":"https:\/\/www.defensoria.gob.ec\/index.php?rest_route=\/wp\/v2\/users\/1"}],"replies":[{"embeddable":true,"href":"https:\/\/www.defensoria.gob.ec\/index.php?rest_route=%2Fwp%2Fv2%2Fcomments&post=3966"}],"version-history":[{"count":0,"href":"https:\/\/www.defensoria.gob.ec\/index.php?rest_route=\/wp\/v2\/project\/3966\/revisions"}],"wp:featuredmedia":[{"embeddable":true,"href":"https:\/\/www.defensoria.gob.ec\/index.php?rest_route=\/wp\/v2\/media\/3967"}],"wp:attachment":[{"href":"https:\/\/www.defensoria.gob.ec\/index.php?rest_route=%2Fwp%2Fv2%2Fmedia&parent=3966"}],"wp:term":[{"taxonomy":"project_category","embeddable":true,"href":"https:\/\/www.defensoria.gob.ec\/index.php?rest_route=%2Fwp%2Fv2%2Fproject_category&post=3966"},{"taxonomy":"project_tag","embeddable":true,"href":"https:\/\/www.defensoria.gob.ec\/index.php?rest_route=%2Fwp%2Fv2%2Fproject_tag&post=3966"}],"curies":[{"name":"wp","href":"https:\/\/api.w.org\/{rel}","templated":true}]}}

Santo Domingo: se capacitó al personal misional

<p>[et_pb_section fb_built=»1&#8243; _builder_version=»3.21.1&#8243;][et_pb_row _builder_version=»3.21.1&#8243;][et_pb_column type=»3_4&#8243; _builder_version=»3.21.1&#8243;][et_pb_post_title meta=»off» featured_image=»off» _builder_version=»3.21.1&#8243;][/et_pb_post_title][et_pb_text text_orientation=»justified» _builder_version=»3.21.1&#8243; text_font=»||||||||»]</p>
<p>El  personal misional de la Defensoría  Pública de Santo Domingo de los Tsáchilas participó, el 16  de abril, en una capacitación sobre “Elementos Dogmáticos del Tipo Penal»,  dictada por el experto litigante en materia penal, Israel Montenegro. El  objetivo de la jornada fue afianzar las estrategias de legitimación oral en esta temática.</p>
<p>En la Unidad Educativa «9 de Octubre” de Santo Domingo, el defensor público provincial, Mauricio  Sotalín, dictó una conferencia  sobre Violencia Intrafamiliar, Violencia de Género y Delitos Sexuales dirigida a docentes y personal  administrativo de este plantel.</p>
<p>[/et_pb_text][et_pb_gallery _builder_version=»3.21.1&#8243; gallery_ids=»3968,3967&#8243;][/et_pb_gallery][/et_pb_column][et_pb_column type=»1_4&#8243; _builder_version=»3.21.1&#8243;][et_pb_sidebar _builder_version=»3.21.1&#8243;][/et_pb_sidebar][/et_pb_column][/et_pb_row][/et_pb_section]</p>

<p>El  personal misional de la Defensoría  Pública de Santo Domingo de los Tsáchilas participó, el 16  de abril, en una capacitación sobre “Elementos Dogmáticos del Tipo Penal»,  dictada por el [&hellip;]</p>
