{"id":3912,"date":"2019-04-23T20:03:01","date_gmt":"2019-04-23T20:03:01","guid":{"rendered":"https:\/\/www.defensoria.gob.ec\/?post_type=project&#038;p=3912"},"modified":"2019-04-23T20:04:42","modified_gmt":"2019-04-23T20:04:42","slug":"pichincha-estudiantes-secundarios-reciben-charlas-de-prevencion-sobre-violencia-de-genero","status":"publish","type":"project","link":"https:\/\/www.defensoria.gob.ec\/?project=pichincha-estudiantes-secundarios-reciben-charlas-de-prevencion-sobre-violencia-de-genero","title":{"rendered":"Pichincha: Estudiantes secundarios reciben charlas de prevenci\u00f3n sobre violencia de g\u00e9nero"},"content":{"rendered":"<p>[et_pb_section fb_built=\u00bb1&#8243; _builder_version=\u00bb3.21.1&#8243;][et_pb_row _builder_version=\u00bb3.21.1&#8243;][et_pb_column type=\u00bb3_4&#8243; _builder_version=\u00bb3.21.1&#8243;][et_pb_post_title meta=\u00bboff\u00bb featured_image=\u00bboff\u00bb _builder_version=\u00bb3.21.1&#8243;][\/et_pb_post_title][et_pb_text text_orientation=\u00bbjustified\u00bb _builder_version=\u00bb3.21.1&#8243; text_font=\u00bb||||||||\u00bb]<\/p>\n<p>Desde el 15 hasta el 26 de abril se realizan charlas sobre prevenci\u00f3n de violencia de g\u00e9nero y consumo de drogas y alcohol, dirigidas a padres de familia y alumnos de la unidad educativa Juan Montalvo de Quito.\u00a0<\/p>\n<p>En estos encuentros, la subdirectora de Patrocinio Social de la Defensor\u00eda P\u00fablica, Amelia Villena y el Defensor P\u00fablico, Marco Sisa, abordan temas que permiten reflexionar acerca de la importancia de la uni\u00f3n familiar y el respeto a la integridad de la persona. Se trata dar herramientas para enfrentar estos problemas que est\u00e1n afectando a la sociedad en general y a los adolescentes, en particular.\u00a0<\/p>\n<p>Los asistentes conocen adem\u00e1s, los tipos de violencia y de acoso, la diferencia entre delitos y contravenciones, los procedimientos a seguir en cada caso y las fases de un proceso judicial. Las charlas concluyen con el compromiso de No a la violencia y No a las drogas.<\/p>\n<p>[\/et_pb_text][et_pb_gallery _builder_version=\u00bb3.21.1&#8243; gallery_ids=\u00bb3918,3917,3916&#8243;][\/et_pb_gallery][\/et_pb_column][et_pb_column type=\u00bb1_4&#8243; _builder_version=\u00bb3.21.1&#8243;][et_pb_sidebar _builder_version=\u00bb3.21.1&#8243;][\/et_pb_sidebar][\/et_pb_column][\/et_pb_row][\/et_pb_section]<\/p>\n","protected":false},"excerpt":{"rendered":"<p>Desde el 15 hasta el 26 de abril se realizan charlas sobre prevenci\u00f3n de violencia de g\u00e9nero y consumo de drogas y alcohol, dirigidas a padres de familia y alumnos [&hellip;]<\/p>\n","protected":false},"author":1,"featured_media":3916,"comment_status":"open","ping_status":"closed","template":"","meta":{"_et_pb_use_builder":"on","_et_pb_old_content":"","_et_gb_content_width":"","footnotes":""},"project_category":[8,5],"project_tag":[],"class_list":["post-3912","project","type-project","status-publish","has-post-thumbnail","hentry","project_category-cerca-a-ti","project_category-noticias"],"_links":{"self":[{"href":"https:\/\/www.defensoria.gob.ec\/index.php?rest_route=\/wp\/v2\/project\/3912","targetHints":{"allow":["GET"]}}],"collection":[{"href":"https:\/\/www.defensoria.gob.ec\/index.php?rest_route=\/wp\/v2\/project"}],"about":[{"href":"https:\/\/www.defensoria.gob.ec\/index.php?rest_route=\/wp\/v2\/types\/project"}],"author":[{"embeddable":true,"href":"https:\/\/www.defensoria.gob.ec\/index.php?rest_route=\/wp\/v2\/users\/1"}],"replies":[{"embeddable":true,"href":"https:\/\/www.defensoria.gob.ec\/index.php?rest_route=%2Fwp%2Fv2%2Fcomments&post=3912"}],"version-history":[{"count":0,"href":"https:\/\/www.defensoria.gob.ec\/index.php?rest_route=\/wp\/v2\/project\/3912\/revisions"}],"wp:featuredmedia":[{"embeddable":true,"href":"https:\/\/www.defensoria.gob.ec\/index.php?rest_route=\/wp\/v2\/media\/3916"}],"wp:attachment":[{"href":"https:\/\/www.defensoria.gob.ec\/index.php?rest_route=%2Fwp%2Fv2%2Fmedia&parent=3912"}],"wp:term":[{"taxonomy":"project_category","embeddable":true,"href":"https:\/\/www.defensoria.gob.ec\/index.php?rest_route=%2Fwp%2Fv2%2Fproject_category&post=3912"},{"taxonomy":"project_tag","embeddable":true,"href":"https:\/\/www.defensoria.gob.ec\/index.php?rest_route=%2Fwp%2Fv2%2Fproject_tag&post=3912"}],"curies":[{"name":"wp","href":"https:\/\/api.w.org\/{rel}","templated":true}]}}

Pichincha: Estudiantes secundarios reciben charlas de prevención sobre violencia de género

<p>[et_pb_section fb_built=»1&#8243; _builder_version=»3.21.1&#8243;][et_pb_row _builder_version=»3.21.1&#8243;][et_pb_column type=»3_4&#8243; _builder_version=»3.21.1&#8243;][et_pb_post_title meta=»off» featured_image=»off» _builder_version=»3.21.1&#8243;][/et_pb_post_title][et_pb_text text_orientation=»justified» _builder_version=»3.21.1&#8243; text_font=»||||||||»]</p>
<p>Desde el 15 hasta el 26 de abril se realizan charlas sobre prevención de violencia de género y consumo de drogas y alcohol, dirigidas a padres de familia y alumnos de la unidad educativa Juan Montalvo de Quito. </p>
<p>En estos encuentros, la subdirectora de Patrocinio Social de la Defensoría Pública, Amelia Villena y el Defensor Público, Marco Sisa, abordan temas que permiten reflexionar acerca de la importancia de la unión familiar y el respeto a la integridad de la persona. Se trata dar herramientas para enfrentar estos problemas que están afectando a la sociedad en general y a los adolescentes, en particular. </p>
<p>Los asistentes conocen además, los tipos de violencia y de acoso, la diferencia entre delitos y contravenciones, los procedimientos a seguir en cada caso y las fases de un proceso judicial. Las charlas concluyen con el compromiso de No a la violencia y No a las drogas.</p>
<p>[/et_pb_text][et_pb_gallery _builder_version=»3.21.1&#8243; gallery_ids=»3918,3917,3916&#8243;][/et_pb_gallery][/et_pb_column][et_pb_column type=»1_4&#8243; _builder_version=»3.21.1&#8243;][et_pb_sidebar _builder_version=»3.21.1&#8243;][/et_pb_sidebar][/et_pb_column][/et_pb_row][/et_pb_section]</p>

<p>Desde el 15 hasta el 26 de abril se realizan charlas sobre prevención de violencia de género y consumo de drogas y alcohol, dirigidas a padres de familia y alumnos [&hellip;]</p>
