{"id":3883,"date":"2019-04-18T20:27:38","date_gmt":"2019-04-18T20:27:38","guid":{"rendered":"https:\/\/www.defensoria.gob.ec\/?post_type=project&#038;p=3883"},"modified":"2019-04-18T20:27:38","modified_gmt":"2019-04-18T20:27:38","slug":"imbabura-alternativas-de-regularizacion-migratoria-fue-tema-en-taller-de-capacitacion","status":"publish","type":"project","link":"https:\/\/www.defensoria.gob.ec\/?project=imbabura-alternativas-de-regularizacion-migratoria-fue-tema-en-taller-de-capacitacion","title":{"rendered":"Imbabura: Alternativas de regularizaci\u00f3n migratoria fue tema en taller de capacitaci\u00f3n"},"content":{"rendered":"<p>[et_pb_section fb_built=\u00bb1&#8243; _builder_version=\u00bb3.21.1&#8243;][et_pb_row _builder_version=\u00bb3.21.1&#8243;][et_pb_column type=\u00bb3_4&#8243; _builder_version=\u00bb3.21.1&#8243;][et_pb_post_title meta=\u00bboff\u00bb featured_image=\u00bboff\u00bb _builder_version=\u00bb3.21.1&#8243;][\/et_pb_post_title][et_pb_text text_orientation=\u00bbjustified\u00bb _builder_version=\u00bb3.21.1&#8243; text_font=\u00bb||||||||\u00bb]<\/p>\n<p>El 12 de abril, la Defensor\u00eda P\u00fablica Provincial de Imbabura organiz\u00f3 un taller de capacitaci\u00f3n sobre alternativas de regularizaci\u00f3n migratoria para personas con necesidad de protecci\u00f3n internacional, en el que participaron funcionarios de la organizaci\u00f3n hebrea de ayuda para inmigrantes y refugiados, HIAS.\u00a0<\/p>\n<p>El objetivo fue establecer una hoja de ruta para brindar asistencia legal oportuna a personas que se encuentran en estado de movilidad humana. Durante el encuentro Ver\u00f3nica Castillo, profesional especializada de la Defensor\u00eda P\u00fablica absolvi\u00f3 varias inquietudes, recalc\u00f3 \u201cque nuestro trabajo est\u00e1 enmarcado en velar por la protecci\u00f3n y la plena garant\u00eda de los derechos de los ciudadanos sin discriminaci\u00f3n alguna\u201d. El taller permiti\u00f3 abordar varios temas relacionados a la estructura de la ley de movilidad humana, principios generales, entre otros.<\/p>\n<p>[\/et_pb_text][et_pb_gallery _builder_version=\u00bb3.21.1&#8243; gallery_ids=\u00bb3884&#8243;][\/et_pb_gallery][\/et_pb_column][et_pb_column type=\u00bb1_4&#8243; _builder_version=\u00bb3.21.1&#8243;][et_pb_sidebar _builder_version=\u00bb3.21.1&#8243;][\/et_pb_sidebar][\/et_pb_column][\/et_pb_row][\/et_pb_section]<\/p>\n","protected":false},"excerpt":{"rendered":"<p>El 12 de abril, la Defensor\u00eda P\u00fablica Provincial de Imbabura organiz\u00f3 un taller de capacitaci\u00f3n sobre alternativas de regularizaci\u00f3n migratoria para personas con necesidad de protecci\u00f3n internacional, en el que [&hellip;]<\/p>\n","protected":false},"author":1,"featured_media":3884,"comment_status":"open","ping_status":"closed","template":"","meta":{"_et_pb_use_builder":"on","_et_pb_old_content":"","_et_gb_content_width":"","footnotes":""},"project_category":[8,5],"project_tag":[],"class_list":["post-3883","project","type-project","status-publish","has-post-thumbnail","hentry","project_category-cerca-a-ti","project_category-noticias"],"_links":{"self":[{"href":"https:\/\/www.defensoria.gob.ec\/index.php?rest_route=\/wp\/v2\/project\/3883","targetHints":{"allow":["GET"]}}],"collection":[{"href":"https:\/\/www.defensoria.gob.ec\/index.php?rest_route=\/wp\/v2\/project"}],"about":[{"href":"https:\/\/www.defensoria.gob.ec\/index.php?rest_route=\/wp\/v2\/types\/project"}],"author":[{"embeddable":true,"href":"https:\/\/www.defensoria.gob.ec\/index.php?rest_route=\/wp\/v2\/users\/1"}],"replies":[{"embeddable":true,"href":"https:\/\/www.defensoria.gob.ec\/index.php?rest_route=%2Fwp%2Fv2%2Fcomments&post=3883"}],"version-history":[{"count":0,"href":"https:\/\/www.defensoria.gob.ec\/index.php?rest_route=\/wp\/v2\/project\/3883\/revisions"}],"wp:featuredmedia":[{"embeddable":true,"href":"https:\/\/www.defensoria.gob.ec\/index.php?rest_route=\/wp\/v2\/media\/3884"}],"wp:attachment":[{"href":"https:\/\/www.defensoria.gob.ec\/index.php?rest_route=%2Fwp%2Fv2%2Fmedia&parent=3883"}],"wp:term":[{"taxonomy":"project_category","embeddable":true,"href":"https:\/\/www.defensoria.gob.ec\/index.php?rest_route=%2Fwp%2Fv2%2Fproject_category&post=3883"},{"taxonomy":"project_tag","embeddable":true,"href":"https:\/\/www.defensoria.gob.ec\/index.php?rest_route=%2Fwp%2Fv2%2Fproject_tag&post=3883"}],"curies":[{"name":"wp","href":"https:\/\/api.w.org\/{rel}","templated":true}]}}

Imbabura: Alternativas de regularización migratoria fue tema en taller de capacitación

<p>[et_pb_section fb_built=»1&#8243; _builder_version=»3.21.1&#8243;][et_pb_row _builder_version=»3.21.1&#8243;][et_pb_column type=»3_4&#8243; _builder_version=»3.21.1&#8243;][et_pb_post_title meta=»off» featured_image=»off» _builder_version=»3.21.1&#8243;][/et_pb_post_title][et_pb_text text_orientation=»justified» _builder_version=»3.21.1&#8243; text_font=»||||||||»]</p>
<p>El 12 de abril, la Defensoría Pública Provincial de Imbabura organizó un taller de capacitación sobre alternativas de regularización migratoria para personas con necesidad de protección internacional, en el que participaron funcionarios de la organización hebrea de ayuda para inmigrantes y refugiados, HIAS. </p>
<p>El objetivo fue establecer una hoja de ruta para brindar asistencia legal oportuna a personas que se encuentran en estado de movilidad humana. Durante el encuentro Verónica Castillo, profesional especializada de la Defensoría Pública absolvió varias inquietudes, recalcó “que nuestro trabajo está enmarcado en velar por la protección y la plena garantía de los derechos de los ciudadanos sin discriminación alguna”. El taller permitió abordar varios temas relacionados a la estructura de la ley de movilidad humana, principios generales, entre otros.</p>
<p>[/et_pb_text][et_pb_gallery _builder_version=»3.21.1&#8243; gallery_ids=»3884&#8243;][/et_pb_gallery][/et_pb_column][et_pb_column type=»1_4&#8243; _builder_version=»3.21.1&#8243;][et_pb_sidebar _builder_version=»3.21.1&#8243;][/et_pb_sidebar][/et_pb_column][/et_pb_row][/et_pb_section]</p>

<p>El 12 de abril, la Defensoría Pública Provincial de Imbabura organizó un taller de capacitación sobre alternativas de regularización migratoria para personas con necesidad de protección internacional, en el que [&hellip;]</p>
