{"id":3811,"date":"2019-04-11T20:49:05","date_gmt":"2019-04-11T20:49:05","guid":{"rendered":"https:\/\/www.defensoria.gob.ec\/?post_type=project&#038;p=3811"},"modified":"2019-04-11T21:23:14","modified_gmt":"2019-04-11T21:23:14","slug":"esmeraldas-reuniones-interinstitucionales-que-fortalecen-la-gestion-de-la-institucion","status":"publish","type":"project","link":"https:\/\/www.defensoria.gob.ec\/?project=esmeraldas-reuniones-interinstitucionales-que-fortalecen-la-gestion-de-la-institucion","title":{"rendered":"Esmeraldas: Reuniones interinstitucionales que fortalecen la gesti\u00f3n de la instituci\u00f3n"},"content":{"rendered":"<p>[et_pb_section fb_built=\u00bb1&#8243; _builder_version=\u00bb3.21.1&#8243;][et_pb_row _builder_version=\u00bb3.21.1&#8243;][et_pb_column type=\u00bb3_4&#8243; _builder_version=\u00bb3.21.1&#8243;][et_pb_post_title meta=\u00bboff\u00bb featured_image=\u00bboff\u00bb _builder_version=\u00bb3.21.1&#8243;][\/et_pb_post_title][et_pb_text _builder_version=\u00bb3.21.1&#8243; text_font=\u00bb||||||||\u00bb]<\/p>\n<p>El defensor p\u00fablico provincial de Esmeraldas, Freddy Cuero mantuvo una reuni\u00f3n de trabajo con el Director del Centro de Rehabilitaci\u00f3n Social de Varones de esa provincia. Durante el encuentro la autoridad provincial acord\u00f3 \u00a0que personal misional de la Defensor\u00eda P\u00fablica continuar\u00e1n con las visitas informativas a este centro, para brindar asesoramiento legal a las persona privadas de libertad (PPL). El prop\u00f3sito es garantizar los derechos de todas las personas sin discriminaci\u00f3n alguna, incorporar mecanismos para facilitar la defensa de las PPL y garantizar nuestro compromiso con la defensa de sus derechos\u201d. \u00a0\u00a0<\/p>\n<p>Defensor P\u00fablico Provincial de Esmeraldas, mantuvo tambi\u00e9n un acercamiento con el nuevo delegado del Consejo de la Judicatura, Marco Estupi\u00f1\u00e1n, ambas autoridades abordaron temas relacionados al se\u00f1alamiento oportuno de las audiencias de garant\u00edas penitenciarias con el fin de evitar la violaci\u00f3n de los derechos de las personas privadas de libertad.<\/p>\n<p>[\/et_pb_text][et_pb_gallery gallery_ids=\u00bb3813,3812&#8243; _builder_version=\u00bb3.21.1&#8243;][\/et_pb_gallery][\/et_pb_column][et_pb_column type=\u00bb1_4&#8243; _builder_version=\u00bb3.21.1&#8243;][et_pb_sidebar _builder_version=\u00bb3.21.1&#8243;][\/et_pb_sidebar][\/et_pb_column][\/et_pb_row][\/et_pb_section]<\/p>\n","protected":false},"excerpt":{"rendered":"<p>El defensor p\u00fablico provincial de Esmeraldas, Freddy Cuero mantuvo una reuni\u00f3n de trabajo con el Director del Centro de Rehabilitaci\u00f3n Social de Varones de esa provincia. Durante el encuentro la [&hellip;]<\/p>\n","protected":false},"author":1,"featured_media":3812,"comment_status":"open","ping_status":"closed","template":"","meta":{"_et_pb_use_builder":"on","_et_pb_old_content":"","_et_gb_content_width":"","footnotes":""},"project_category":[8,5],"project_tag":[],"class_list":["post-3811","project","type-project","status-publish","has-post-thumbnail","hentry","project_category-cerca-a-ti","project_category-noticias"],"_links":{"self":[{"href":"https:\/\/www.defensoria.gob.ec\/index.php?rest_route=\/wp\/v2\/project\/3811","targetHints":{"allow":["GET"]}}],"collection":[{"href":"https:\/\/www.defensoria.gob.ec\/index.php?rest_route=\/wp\/v2\/project"}],"about":[{"href":"https:\/\/www.defensoria.gob.ec\/index.php?rest_route=\/wp\/v2\/types\/project"}],"author":[{"embeddable":true,"href":"https:\/\/www.defensoria.gob.ec\/index.php?rest_route=\/wp\/v2\/users\/1"}],"replies":[{"embeddable":true,"href":"https:\/\/www.defensoria.gob.ec\/index.php?rest_route=%2Fwp%2Fv2%2Fcomments&post=3811"}],"version-history":[{"count":0,"href":"https:\/\/www.defensoria.gob.ec\/index.php?rest_route=\/wp\/v2\/project\/3811\/revisions"}],"wp:featuredmedia":[{"embeddable":true,"href":"https:\/\/www.defensoria.gob.ec\/index.php?rest_route=\/wp\/v2\/media\/3812"}],"wp:attachment":[{"href":"https:\/\/www.defensoria.gob.ec\/index.php?rest_route=%2Fwp%2Fv2%2Fmedia&parent=3811"}],"wp:term":[{"taxonomy":"project_category","embeddable":true,"href":"https:\/\/www.defensoria.gob.ec\/index.php?rest_route=%2Fwp%2Fv2%2Fproject_category&post=3811"},{"taxonomy":"project_tag","embeddable":true,"href":"https:\/\/www.defensoria.gob.ec\/index.php?rest_route=%2Fwp%2Fv2%2Fproject_tag&post=3811"}],"curies":[{"name":"wp","href":"https:\/\/api.w.org\/{rel}","templated":true}]}}

Esmeraldas: Reuniones interinstitucionales que fortalecen la gestión de la institución

<p>[et_pb_section fb_built=»1&#8243; _builder_version=»3.21.1&#8243;][et_pb_row _builder_version=»3.21.1&#8243;][et_pb_column type=»3_4&#8243; _builder_version=»3.21.1&#8243;][et_pb_post_title meta=»off» featured_image=»off» _builder_version=»3.21.1&#8243;][/et_pb_post_title][et_pb_text _builder_version=»3.21.1&#8243; text_font=»||||||||»]</p>
<p>El defensor público provincial de Esmeraldas, Freddy Cuero mantuvo una reunión de trabajo con el Director del Centro de Rehabilitación Social de Varones de esa provincia. Durante el encuentro la autoridad provincial acordó  que personal misional de la Defensoría Pública continuarán con las visitas informativas a este centro, para brindar asesoramiento legal a las persona privadas de libertad (PPL). El propósito es garantizar los derechos de todas las personas sin discriminación alguna, incorporar mecanismos para facilitar la defensa de las PPL y garantizar nuestro compromiso con la defensa de sus derechos”.   </p>
<p>Defensor Público Provincial de Esmeraldas, mantuvo también un acercamiento con el nuevo delegado del Consejo de la Judicatura, Marco Estupiñán, ambas autoridades abordaron temas relacionados al señalamiento oportuno de las audiencias de garantías penitenciarias con el fin de evitar la violación de los derechos de las personas privadas de libertad.</p>
<p>[/et_pb_text][et_pb_gallery gallery_ids=»3813,3812&#8243; _builder_version=»3.21.1&#8243;][/et_pb_gallery][/et_pb_column][et_pb_column type=»1_4&#8243; _builder_version=»3.21.1&#8243;][et_pb_sidebar _builder_version=»3.21.1&#8243;][/et_pb_sidebar][/et_pb_column][/et_pb_row][/et_pb_section]</p>

<p>El defensor público provincial de Esmeraldas, Freddy Cuero mantuvo una reunión de trabajo con el Director del Centro de Rehabilitación Social de Varones de esa provincia. Durante el encuentro la [&hellip;]</p>
