{"id":3785,"date":"2019-04-11T17:21:34","date_gmt":"2019-04-11T17:21:34","guid":{"rendered":"https:\/\/www.defensoria.gob.ec\/?post_type=project&#038;p=3785"},"modified":"2019-04-11T17:21:34","modified_gmt":"2019-04-11T17:21:34","slug":"pichincha-sistema-de-justicia-coordina-acciones-para-identificar-y-enfrentar-problemas","status":"publish","type":"project","link":"https:\/\/www.defensoria.gob.ec\/?project=pichincha-sistema-de-justicia-coordina-acciones-para-identificar-y-enfrentar-problemas","title":{"rendered":"Pichincha: Sistema de Justicia coordina acciones para identificar y enfrentar problemas"},"content":{"rendered":"<p>[et_pb_section fb_built=\u00bb1&#8243; _builder_version=\u00bb3.21.1&#8243;][et_pb_row _builder_version=\u00bb3.21.1&#8243;][et_pb_column type=\u00bb3_4&#8243; _builder_version=\u00bb3.21.1&#8243;][et_pb_post_title meta=\u00bboff\u00bb featured_image=\u00bboff\u00bb _builder_version=\u00bb3.21.1&#8243;][\/et_pb_post_title][et_pb_text text_orientation=\u00bbjustified\u00bb _builder_version=\u00bb3.21.1&#8243; text_font=\u00bb||||||||\u00bb]<\/p>\n<p>La defensora p\u00fablica provincial de Pichincha, Anah\u00ed Brice\u00f1o, particip\u00f3 en el Consejo de la Judicatura, en la II mesa de trabajo especializada de la Defensa Penal P\u00fablica. En esta \u00a0reuni\u00f3n de coordinaci\u00f3n interinstitucional se abordaron temas de audiencias fallidas y\u00a0 emisi\u00f3n de medidas de protecci\u00f3n.<\/p>\n<p>La autoridad provincial de la Defensor\u00eda P\u00fablica destac\u00f3 que \u201cla participaci\u00f3n en estos espacios de trabajo es de vital importancia por cuanto nos permiten de primera mano coordinar y articular nuestro trabajo con las Instituciones que conforman el Sistema de Justicia: Consejo de la Judicatura, Fiscal\u00eda, Secretar\u00eda de Rehabilitaci\u00f3n y Derechos Humanos.\u00a0 La finalidad es identificar las problem\u00e1ticas existentes y buscar en conjunto las medidas que se deben adoptar para solucionar\u201d.<\/p>\n<p>[\/et_pb_text][et_pb_gallery _builder_version=\u00bb3.21.1&#8243; gallery_ids=\u00bb3788,3789,3790&#8243;][\/et_pb_gallery][\/et_pb_column][et_pb_column type=\u00bb1_4&#8243; _builder_version=\u00bb3.21.1&#8243;][et_pb_sidebar _builder_version=\u00bb3.21.1&#8243;][\/et_pb_sidebar][\/et_pb_column][\/et_pb_row][\/et_pb_section]<\/p>\n","protected":false},"excerpt":{"rendered":"<p>La defensora p\u00fablica provincial de Pichincha, Anah\u00ed Brice\u00f1o, particip\u00f3 en el Consejo de la Judicatura, en la II mesa de trabajo especializada de la Defensa Penal P\u00fablica. En esta \u00a0reuni\u00f3n [&hellip;]<\/p>\n","protected":false},"author":1,"featured_media":3788,"comment_status":"open","ping_status":"closed","template":"","meta":{"_et_pb_use_builder":"on","_et_pb_old_content":"","_et_gb_content_width":"","footnotes":""},"project_category":[8,5],"project_tag":[],"class_list":["post-3785","project","type-project","status-publish","has-post-thumbnail","hentry","project_category-cerca-a-ti","project_category-noticias"],"_links":{"self":[{"href":"https:\/\/www.defensoria.gob.ec\/index.php?rest_route=\/wp\/v2\/project\/3785","targetHints":{"allow":["GET"]}}],"collection":[{"href":"https:\/\/www.defensoria.gob.ec\/index.php?rest_route=\/wp\/v2\/project"}],"about":[{"href":"https:\/\/www.defensoria.gob.ec\/index.php?rest_route=\/wp\/v2\/types\/project"}],"author":[{"embeddable":true,"href":"https:\/\/www.defensoria.gob.ec\/index.php?rest_route=\/wp\/v2\/users\/1"}],"replies":[{"embeddable":true,"href":"https:\/\/www.defensoria.gob.ec\/index.php?rest_route=%2Fwp%2Fv2%2Fcomments&post=3785"}],"version-history":[{"count":0,"href":"https:\/\/www.defensoria.gob.ec\/index.php?rest_route=\/wp\/v2\/project\/3785\/revisions"}],"wp:featuredmedia":[{"embeddable":true,"href":"https:\/\/www.defensoria.gob.ec\/index.php?rest_route=\/wp\/v2\/media\/3788"}],"wp:attachment":[{"href":"https:\/\/www.defensoria.gob.ec\/index.php?rest_route=%2Fwp%2Fv2%2Fmedia&parent=3785"}],"wp:term":[{"taxonomy":"project_category","embeddable":true,"href":"https:\/\/www.defensoria.gob.ec\/index.php?rest_route=%2Fwp%2Fv2%2Fproject_category&post=3785"},{"taxonomy":"project_tag","embeddable":true,"href":"https:\/\/www.defensoria.gob.ec\/index.php?rest_route=%2Fwp%2Fv2%2Fproject_tag&post=3785"}],"curies":[{"name":"wp","href":"https:\/\/api.w.org\/{rel}","templated":true}]}}

<p>[et_pb_section fb_built=»1&#8243; _builder_version=»3.21.1&#8243;][et_pb_row _builder_version=»3.21.1&#8243;][et_pb_column type=»3_4&#8243; _builder_version=»3.21.1&#8243;][et_pb_post_title meta=»off» featured_image=»off» _builder_version=»3.21.1&#8243;][/et_pb_post_title][et_pb_text text_orientation=»justified» _builder_version=»3.21.1&#8243; text_font=»||||||||»]</p>
<p>La defensora pública provincial de Pichincha, Anahí Briceño, participó en el Consejo de la Judicatura, en la II mesa de trabajo especializada de la Defensa Penal Pública. En esta  reunión de coordinación interinstitucional se abordaron temas de audiencias fallidas y  emisión de medidas de protección.</p>
<p>La autoridad provincial de la Defensoría Pública destacó que “la participación en estos espacios de trabajo es de vital importancia por cuanto nos permiten de primera mano coordinar y articular nuestro trabajo con las Instituciones que conforman el Sistema de Justicia: Consejo de la Judicatura, Fiscalía, Secretaría de Rehabilitación y Derechos Humanos.  La finalidad es identificar las problemáticas existentes y buscar en conjunto las medidas que se deben adoptar para solucionar”.</p>
<p>[/et_pb_text][et_pb_gallery _builder_version=»3.21.1&#8243; gallery_ids=»3788,3789,3790&#8243;][/et_pb_gallery][/et_pb_column][et_pb_column type=»1_4&#8243; _builder_version=»3.21.1&#8243;][et_pb_sidebar _builder_version=»3.21.1&#8243;][/et_pb_sidebar][/et_pb_column][/et_pb_row][/et_pb_section]</p>

<p>La defensora pública provincial de Pichincha, Anahí Briceño, participó en el Consejo de la Judicatura, en la II mesa de trabajo especializada de la Defensa Penal Pública. En esta  reunión [&hellip;]</p>
