{"id":3744,"date":"2019-04-09T20:27:58","date_gmt":"2019-04-09T20:27:58","guid":{"rendered":"https:\/\/www.defensoria.gob.ec\/?post_type=project&#038;p=3744"},"modified":"2019-04-09T20:27:58","modified_gmt":"2019-04-09T20:27:58","slug":"tungurahua-crs-de-ambato-destina-oficina-para-atender-a-ppl","status":"publish","type":"project","link":"https:\/\/www.defensoria.gob.ec\/?project=tungurahua-crs-de-ambato-destina-oficina-para-atender-a-ppl","title":{"rendered":"Tungurahua: CRS de Ambato destina oficina para atender a PPL"},"content":{"rendered":"<p>[et_pb_section fb_built=\u00bb1&#8243; _builder_version=\u00bb3.21.1&#8243;][et_pb_row _builder_version=\u00bb3.21.1&#8243;][et_pb_column type=\u00bb3_4&#8243; _builder_version=\u00bb3.21.1&#8243;][et_pb_post_title meta=\u00bboff\u00bb featured_image=\u00bboff\u00bb _builder_version=\u00bb3.21.1&#8243;][\/et_pb_post_title][et_pb_text text_orientation=\u00bbjustified\u00bb _builder_version=\u00bb3.21.1&#8243; text_font=\u00bb||||||||\u00bb]<\/p>\n<p>El 5 de abril, la coordinadora del \u00e1rea penal de la Defensor\u00eda P\u00fablica de Tungurahua, Rebeca Oca\u00f1a, recibi\u00f3 del director del Centro de Rehabilitaci\u00f3n Social (CRS) de Ambato, Tte. Carlos Manzano, una oficina provisional donde los defensores p\u00fablicos atender\u00e1n, de forma adecuada, a las personas privadas de la libertad, dos veces a la semana.<\/p>\n<p>[\/et_pb_text][et_pb_gallery _builder_version=\u00bb3.21.1&#8243; gallery_ids=\u00bb3764&#8243;][\/et_pb_gallery][\/et_pb_column][et_pb_column type=\u00bb1_4&#8243; _builder_version=\u00bb3.21.1&#8243;][et_pb_sidebar _builder_version=\u00bb3.21.1&#8243;][\/et_pb_sidebar][\/et_pb_column][\/et_pb_row][\/et_pb_section]<\/p>\n","protected":false},"excerpt":{"rendered":"<p>El 5 de abril, la coordinadora del \u00e1rea penal de la Defensor\u00eda P\u00fablica de Tungurahua, Rebeca Oca\u00f1a, recibi\u00f3 del director del Centro de Rehabilitaci\u00f3n Social (CRS) de Ambato, Tte. Carlos [&hellip;]<\/p>\n","protected":false},"author":1,"featured_media":3764,"comment_status":"open","ping_status":"closed","template":"","meta":{"_et_pb_use_builder":"on","_et_pb_old_content":"","_et_gb_content_width":"","footnotes":""},"project_category":[8,5],"project_tag":[],"class_list":["post-3744","project","type-project","status-publish","has-post-thumbnail","hentry","project_category-cerca-a-ti","project_category-noticias"],"_links":{"self":[{"href":"https:\/\/www.defensoria.gob.ec\/index.php?rest_route=\/wp\/v2\/project\/3744","targetHints":{"allow":["GET"]}}],"collection":[{"href":"https:\/\/www.defensoria.gob.ec\/index.php?rest_route=\/wp\/v2\/project"}],"about":[{"href":"https:\/\/www.defensoria.gob.ec\/index.php?rest_route=\/wp\/v2\/types\/project"}],"author":[{"embeddable":true,"href":"https:\/\/www.defensoria.gob.ec\/index.php?rest_route=\/wp\/v2\/users\/1"}],"replies":[{"embeddable":true,"href":"https:\/\/www.defensoria.gob.ec\/index.php?rest_route=%2Fwp%2Fv2%2Fcomments&post=3744"}],"version-history":[{"count":0,"href":"https:\/\/www.defensoria.gob.ec\/index.php?rest_route=\/wp\/v2\/project\/3744\/revisions"}],"wp:featuredmedia":[{"embeddable":true,"href":"https:\/\/www.defensoria.gob.ec\/index.php?rest_route=\/wp\/v2\/media\/3764"}],"wp:attachment":[{"href":"https:\/\/www.defensoria.gob.ec\/index.php?rest_route=%2Fwp%2Fv2%2Fmedia&parent=3744"}],"wp:term":[{"taxonomy":"project_category","embeddable":true,"href":"https:\/\/www.defensoria.gob.ec\/index.php?rest_route=%2Fwp%2Fv2%2Fproject_category&post=3744"},{"taxonomy":"project_tag","embeddable":true,"href":"https:\/\/www.defensoria.gob.ec\/index.php?rest_route=%2Fwp%2Fv2%2Fproject_tag&post=3744"}],"curies":[{"name":"wp","href":"https:\/\/api.w.org\/{rel}","templated":true}]}}

<p>[et_pb_section fb_built=»1&#8243; _builder_version=»3.21.1&#8243;][et_pb_row _builder_version=»3.21.1&#8243;][et_pb_column type=»3_4&#8243; _builder_version=»3.21.1&#8243;][et_pb_post_title meta=»off» featured_image=»off» _builder_version=»3.21.1&#8243;][/et_pb_post_title][et_pb_text text_orientation=»justified» _builder_version=»3.21.1&#8243; text_font=»||||||||»]</p>
<p>El 5 de abril, la coordinadora del área penal de la Defensoría Pública de Tungurahua, Rebeca Ocaña, recibió del director del Centro de Rehabilitación Social (CRS) de Ambato, Tte. Carlos Manzano, una oficina provisional donde los defensores públicos atenderán, de forma adecuada, a las personas privadas de la libertad, dos veces a la semana.</p>
<p>[/et_pb_text][et_pb_gallery _builder_version=»3.21.1&#8243; gallery_ids=»3764&#8243;][/et_pb_gallery][/et_pb_column][et_pb_column type=»1_4&#8243; _builder_version=»3.21.1&#8243;][et_pb_sidebar _builder_version=»3.21.1&#8243;][/et_pb_sidebar][/et_pb_column][/et_pb_row][/et_pb_section]</p>

<p>El 5 de abril, la coordinadora del área penal de la Defensoría Pública de Tungurahua, Rebeca Ocaña, recibió del director del Centro de Rehabilitación Social (CRS) de Ambato, Tte. Carlos [&hellip;]</p>
