{"id":3741,"date":"2019-04-09T20:18:06","date_gmt":"2019-04-09T20:18:06","guid":{"rendered":"https:\/\/www.defensoria.gob.ec\/?post_type=project&#038;p=3741"},"modified":"2019-04-09T20:18:06","modified_gmt":"2019-04-09T20:18:06","slug":"el-oro-autoridades-del-sector-justicia-acuerdan-un-plan-de-capacitacion","status":"publish","type":"project","link":"https:\/\/www.defensoria.gob.ec\/?project=el-oro-autoridades-del-sector-justicia-acuerdan-un-plan-de-capacitacion","title":{"rendered":"El Oro: Autoridades del sector justicia acuerdan un plan de capacitaci\u00f3n"},"content":{"rendered":"<p>[et_pb_section fb_built=\u00bb1&#8243; _builder_version=\u00bb3.21.1&#8243;][et_pb_row _builder_version=\u00bb3.21.1&#8243;][et_pb_column type=\u00bb3_4&#8243; _builder_version=\u00bb3.21.1&#8243;][et_pb_post_title meta=\u00bboff\u00bb featured_image=\u00bboff\u00bb _builder_version=\u00bb3.21.1&#8243;][\/et_pb_post_title][et_pb_text text_orientation=\u00bbjustified\u00bb _builder_version=\u00bb3.21.1&#8243; text_font=\u00bb||||||||\u00bb]<\/p>\n<p>El defensor p\u00fablico provincial de El Oro, Jaime Coello, en declaraciones a medios de comunicaci\u00f3n locales, \u00a0dio a conocer la gesti\u00f3n institucional en el primer trimestre de 2019. Inform\u00f3 que la\u00a0 Defensor\u00eda P\u00fablica ofreci\u00f3 patrocinios y asesor\u00edas jur\u00eddicas de los derechos de las personas las materias: penal, social, laboral y con especial atenci\u00f3n en los casos de v\u00edctimas.\u00a0<\/p>\n<p>La autoridad provincial, habl\u00f3 sobre la labor que realiza la instituci\u00f3n y se\u00f1al\u00f3 que la gesti\u00f3n que se realiza en favor de la ciudadan\u00eda es a trav\u00e9s del trabajo interinstitucional que permite articular acciones. \u201cAcercar los servicios gratuitos y ser reconocidos como una instituci\u00f3n que garantiza los derechos es parte de los logros alcanzados\u201d comenta durante la entrevista. Asimismo, aprovecho el espacio donde socializ\u00f3 sobre los servicios defensoriales, resaltando la gratuidad y la calidad.\u00a0<\/p>\n<p>El 04 de abril, el defensor p\u00fablico provincial de El Oro junto a otras autoridades del sector justicia, participaron en el proceso de inhumaci\u00f3n de cad\u00e1veres y restos humanos no identificados e identificados y no retirados acorde a lineamientos t\u00e9cnicos, legales y cient\u00edficos establecidos. Esta acci\u00f3n la ejecut\u00f3 el General Milton Zarate Barreiro, director nacional del Sistema Nacional de Medicina Legal y Ciencias Forense del Ecuador, de acuerdo al Art.\u00a0 144 del C\u00f3digo Org\u00e1nico de las Entidades de Seguridad Ciudadana y Orden P\u00fablico (COESCOP).\u00a0<\/p>\n<p>Cumplida la actividad, el Defensor P\u00fablico Provincial de El Oro, en compa\u00f1\u00eda de las autoridades presentes realizaron un recorrido en las instalaciones del Centro Integrado de Medicina Legal y Ciencias Forenses de la provincia con el fin de verificar los procesos que se llevan a efecto en esta materia<\/p>\n<p>[\/et_pb_text][et_pb_gallery _builder_version=\u00bb3.21.1&#8243; gallery_ids=\u00bb3747,3746,3745&#8243;][\/et_pb_gallery][\/et_pb_column][et_pb_column type=\u00bb1_4&#8243; _builder_version=\u00bb3.21.1&#8243;][et_pb_sidebar _builder_version=\u00bb3.21.1&#8243;][\/et_pb_sidebar][\/et_pb_column][\/et_pb_row][\/et_pb_section]<\/p>\n","protected":false},"excerpt":{"rendered":"<p>El defensor p\u00fablico provincial de El Oro, Jaime Coello, en declaraciones a medios de comunicaci\u00f3n locales, \u00a0dio a conocer la gesti\u00f3n institucional en el primer trimestre de 2019. Inform\u00f3 que [&hellip;]<\/p>\n","protected":false},"author":1,"featured_media":3745,"comment_status":"open","ping_status":"closed","template":"","meta":{"_et_pb_use_builder":"on","_et_pb_old_content":"","_et_gb_content_width":"","footnotes":""},"project_category":[8,5],"project_tag":[],"class_list":["post-3741","project","type-project","status-publish","has-post-thumbnail","hentry","project_category-cerca-a-ti","project_category-noticias"],"_links":{"self":[{"href":"https:\/\/www.defensoria.gob.ec\/index.php?rest_route=\/wp\/v2\/project\/3741","targetHints":{"allow":["GET"]}}],"collection":[{"href":"https:\/\/www.defensoria.gob.ec\/index.php?rest_route=\/wp\/v2\/project"}],"about":[{"href":"https:\/\/www.defensoria.gob.ec\/index.php?rest_route=\/wp\/v2\/types\/project"}],"author":[{"embeddable":true,"href":"https:\/\/www.defensoria.gob.ec\/index.php?rest_route=\/wp\/v2\/users\/1"}],"replies":[{"embeddable":true,"href":"https:\/\/www.defensoria.gob.ec\/index.php?rest_route=%2Fwp%2Fv2%2Fcomments&post=3741"}],"version-history":[{"count":0,"href":"https:\/\/www.defensoria.gob.ec\/index.php?rest_route=\/wp\/v2\/project\/3741\/revisions"}],"wp:featuredmedia":[{"embeddable":true,"href":"https:\/\/www.defensoria.gob.ec\/index.php?rest_route=\/wp\/v2\/media\/3745"}],"wp:attachment":[{"href":"https:\/\/www.defensoria.gob.ec\/index.php?rest_route=%2Fwp%2Fv2%2Fmedia&parent=3741"}],"wp:term":[{"taxonomy":"project_category","embeddable":true,"href":"https:\/\/www.defensoria.gob.ec\/index.php?rest_route=%2Fwp%2Fv2%2Fproject_category&post=3741"},{"taxonomy":"project_tag","embeddable":true,"href":"https:\/\/www.defensoria.gob.ec\/index.php?rest_route=%2Fwp%2Fv2%2Fproject_tag&post=3741"}],"curies":[{"name":"wp","href":"https:\/\/api.w.org\/{rel}","templated":true}]}}

El Oro: Autoridades del sector justicia acuerdan un plan de capacitación

<p>[et_pb_section fb_built=»1&#8243; _builder_version=»3.21.1&#8243;][et_pb_row _builder_version=»3.21.1&#8243;][et_pb_column type=»3_4&#8243; _builder_version=»3.21.1&#8243;][et_pb_post_title meta=»off» featured_image=»off» _builder_version=»3.21.1&#8243;][/et_pb_post_title][et_pb_text text_orientation=»justified» _builder_version=»3.21.1&#8243; text_font=»||||||||»]</p>
<p>El defensor público provincial de El Oro, Jaime Coello, en declaraciones a medios de comunicación locales,  dio a conocer la gestión institucional en el primer trimestre de 2019. Informó que la  Defensoría Pública ofreció patrocinios y asesorías jurídicas de los derechos de las personas las materias: penal, social, laboral y con especial atención en los casos de víctimas. </p>
<p>La autoridad provincial, habló sobre la labor que realiza la institución y señaló que la gestión que se realiza en favor de la ciudadanía es a través del trabajo interinstitucional que permite articular acciones. “Acercar los servicios gratuitos y ser reconocidos como una institución que garantiza los derechos es parte de los logros alcanzados” comenta durante la entrevista. Asimismo, aprovecho el espacio donde socializó sobre los servicios defensoriales, resaltando la gratuidad y la calidad. </p>
<p>El 04 de abril, el defensor público provincial de El Oro junto a otras autoridades del sector justicia, participaron en el proceso de inhumación de cadáveres y restos humanos no identificados e identificados y no retirados acorde a lineamientos técnicos, legales y científicos establecidos. Esta acción la ejecutó el General Milton Zarate Barreiro, director nacional del Sistema Nacional de Medicina Legal y Ciencias Forense del Ecuador, de acuerdo al Art.  144 del Código Orgánico de las Entidades de Seguridad Ciudadana y Orden Público (COESCOP). </p>
<p>Cumplida la actividad, el Defensor Público Provincial de El Oro, en compañía de las autoridades presentes realizaron un recorrido en las instalaciones del Centro Integrado de Medicina Legal y Ciencias Forenses de la provincia con el fin de verificar los procesos que se llevan a efecto en esta materia</p>
<p>[/et_pb_text][et_pb_gallery _builder_version=»3.21.1&#8243; gallery_ids=»3747,3746,3745&#8243;][/et_pb_gallery][/et_pb_column][et_pb_column type=»1_4&#8243; _builder_version=»3.21.1&#8243;][et_pb_sidebar _builder_version=»3.21.1&#8243;][/et_pb_sidebar][/et_pb_column][/et_pb_row][/et_pb_section]</p>

<p>El defensor público provincial de El Oro, Jaime Coello, en declaraciones a medios de comunicación locales,  dio a conocer la gestión institucional en el primer trimestre de 2019. Informó que [&hellip;]</p>
