{"id":3647,"date":"2019-04-04T21:36:46","date_gmt":"2019-04-04T21:36:46","guid":{"rendered":"https:\/\/www.defensoria.gob.ec\/?post_type=project&#038;p=3647"},"modified":"2019-04-04T21:36:46","modified_gmt":"2019-04-04T21:36:46","slug":"napo-personal-misional-capacitan-a-estudiantes-sobre-violencia-intrafamiliar","status":"publish","type":"project","link":"https:\/\/www.defensoria.gob.ec\/?project=napo-personal-misional-capacitan-a-estudiantes-sobre-violencia-intrafamiliar","title":{"rendered":"Napo: Personal misional capacitan a estudiantes sobre violencia intrafamiliar"},"content":{"rendered":"<p>[et_pb_section fb_built=\u00bb1&#8243; _builder_version=\u00bb3.21.1&#8243;][et_pb_row _builder_version=\u00bb3.21.1&#8243;][et_pb_column type=\u00bb3_4&#8243; _builder_version=\u00bb3.21.1&#8243;][et_pb_post_title meta=\u00bboff\u00bb featured_image=\u00bboff\u00bb _builder_version=\u00bb3.21.1&#8243;][\/et_pb_post_title][et_pb_text text_orientation=\u00bbjustified\u00bb _builder_version=\u00bb3.21.1&#8243; text_font=\u00bb||||||||\u00bb]<\/p>\n<p>Con el objetivo de prevenir la violencia intrafamiliar y promover una cultura de paz, el martes 02 de febrero la Defensor\u00eda P\u00fablica del Napo brind\u00f3 una capacitaci\u00f3n a estudiantes, docentes y padres de familia de Unidad Educativa Monse\u00f1or Maximiliano Spiller.\u00a0<\/p>\n<p>Durante el encuentro abordaron temas sobre: Derechos, c\u00f3mo identificar los tipos de violencia, causas, consecuencias y aspectos importantes que se debe tomar en cuenta en caso de ser v\u00edctima de violencia. Los participantes debatieron entorno a la pregunta \u00bfla violencia es una conducta que se aprende?.\u00a0<\/p>\n<p>El defensor p\u00fablico provincial de Napo, \u00c1lvaro Morej\u00f3n indic\u00f3 que la instituci\u00f3n trabaja frente a esta problem\u00e1tica social garantizando los derechos de las v\u00edctimas, \u201cbrindamos capacitaciones en unidades educativas, plazas y mercados. El personal del \u00e1rea misional informa en forma constante \u00a0a la ciudadan\u00eda sobre qu\u00e9 hacer frente a la violencia f\u00edsica, violencia psicol\u00f3gica y violencia verbal\u201d. Adem\u00e1s, puso a las \u00f3rdenes \u00a0los puntos de atenci\u00f3n de la Defensor\u00eda P\u00fablica en la provincia de Napo, donde personal capacitado brinda asesor\u00eda legal sin ning\u00fan costo.<\/p>\n<p>[\/et_pb_text][et_pb_gallery _builder_version=\u00bb3.21.1&#8243; gallery_ids=\u00bb3661,3660,3659&#8243;][\/et_pb_gallery][\/et_pb_column][et_pb_column type=\u00bb1_4&#8243; _builder_version=\u00bb3.21.1&#8243;][et_pb_sidebar _builder_version=\u00bb3.21.1&#8243;][\/et_pb_sidebar][\/et_pb_column][\/et_pb_row][\/et_pb_section]<\/p>\n","protected":false},"excerpt":{"rendered":"<p>Con el objetivo de prevenir la violencia intrafamiliar y promover una cultura de paz, el martes 02 de febrero la Defensor\u00eda P\u00fablica del Napo brind\u00f3 una capacitaci\u00f3n a estudiantes, docentes [&hellip;]<\/p>\n","protected":false},"author":1,"featured_media":3659,"comment_status":"open","ping_status":"closed","template":"","meta":{"_et_pb_use_builder":"on","_et_pb_old_content":"","_et_gb_content_width":"","footnotes":""},"project_category":[8,5],"project_tag":[],"class_list":["post-3647","project","type-project","status-publish","has-post-thumbnail","hentry","project_category-cerca-a-ti","project_category-noticias"],"_links":{"self":[{"href":"https:\/\/www.defensoria.gob.ec\/index.php?rest_route=\/wp\/v2\/project\/3647","targetHints":{"allow":["GET"]}}],"collection":[{"href":"https:\/\/www.defensoria.gob.ec\/index.php?rest_route=\/wp\/v2\/project"}],"about":[{"href":"https:\/\/www.defensoria.gob.ec\/index.php?rest_route=\/wp\/v2\/types\/project"}],"author":[{"embeddable":true,"href":"https:\/\/www.defensoria.gob.ec\/index.php?rest_route=\/wp\/v2\/users\/1"}],"replies":[{"embeddable":true,"href":"https:\/\/www.defensoria.gob.ec\/index.php?rest_route=%2Fwp%2Fv2%2Fcomments&post=3647"}],"version-history":[{"count":0,"href":"https:\/\/www.defensoria.gob.ec\/index.php?rest_route=\/wp\/v2\/project\/3647\/revisions"}],"wp:featuredmedia":[{"embeddable":true,"href":"https:\/\/www.defensoria.gob.ec\/index.php?rest_route=\/wp\/v2\/media\/3659"}],"wp:attachment":[{"href":"https:\/\/www.defensoria.gob.ec\/index.php?rest_route=%2Fwp%2Fv2%2Fmedia&parent=3647"}],"wp:term":[{"taxonomy":"project_category","embeddable":true,"href":"https:\/\/www.defensoria.gob.ec\/index.php?rest_route=%2Fwp%2Fv2%2Fproject_category&post=3647"},{"taxonomy":"project_tag","embeddable":true,"href":"https:\/\/www.defensoria.gob.ec\/index.php?rest_route=%2Fwp%2Fv2%2Fproject_tag&post=3647"}],"curies":[{"name":"wp","href":"https:\/\/api.w.org\/{rel}","templated":true}]}}

<p>[et_pb_section fb_built=»1&#8243; _builder_version=»3.21.1&#8243;][et_pb_row _builder_version=»3.21.1&#8243;][et_pb_column type=»3_4&#8243; _builder_version=»3.21.1&#8243;][et_pb_post_title meta=»off» featured_image=»off» _builder_version=»3.21.1&#8243;][/et_pb_post_title][et_pb_text text_orientation=»justified» _builder_version=»3.21.1&#8243; text_font=»||||||||»]</p>
<p>Con el objetivo de prevenir la violencia intrafamiliar y promover una cultura de paz, el martes 02 de febrero la Defensoría Pública del Napo brindó una capacitación a estudiantes, docentes y padres de familia de Unidad Educativa Monseñor Maximiliano Spiller. </p>
<p>Durante el encuentro abordaron temas sobre: Derechos, cómo identificar los tipos de violencia, causas, consecuencias y aspectos importantes que se debe tomar en cuenta en caso de ser víctima de violencia. Los participantes debatieron entorno a la pregunta ¿la violencia es una conducta que se aprende?. </p>
<p>El defensor público provincial de Napo, Álvaro Morejón indicó que la institución trabaja frente a esta problemática social garantizando los derechos de las víctimas, “brindamos capacitaciones en unidades educativas, plazas y mercados. El personal del área misional informa en forma constante  a la ciudadanía sobre qué hacer frente a la violencia física, violencia psicológica y violencia verbal”. Además, puso a las órdenes  los puntos de atención de la Defensoría Pública en la provincia de Napo, donde personal capacitado brinda asesoría legal sin ningún costo.</p>
<p>[/et_pb_text][et_pb_gallery _builder_version=»3.21.1&#8243; gallery_ids=»3661,3660,3659&#8243;][/et_pb_gallery][/et_pb_column][et_pb_column type=»1_4&#8243; _builder_version=»3.21.1&#8243;][et_pb_sidebar _builder_version=»3.21.1&#8243;][/et_pb_sidebar][/et_pb_column][/et_pb_row][/et_pb_section]</p>

<p>Con el objetivo de prevenir la violencia intrafamiliar y promover una cultura de paz, el martes 02 de febrero la Defensoría Pública del Napo brindó una capacitación a estudiantes, docentes [&hellip;]</p>
