{"id":3512,"date":"2019-04-02T19:41:50","date_gmt":"2019-04-02T19:41:50","guid":{"rendered":"https:\/\/www.defensoria.gob.ec\/?post_type=project&#038;p=3512"},"modified":"2019-04-02T19:41:50","modified_gmt":"2019-04-02T19:41:50","slug":"imbabura-difunden-servicios-de-la-defensoria-publica","status":"publish","type":"project","link":"https:\/\/www.defensoria.gob.ec\/?project=imbabura-difunden-servicios-de-la-defensoria-publica","title":{"rendered":"Imbabura: Difunden Servicios de la Defensor\u00eda P\u00fablica"},"content":{"rendered":"<p>[et_pb_section fb_built=\u00bb1&#8243; _builder_version=\u00bb3.21.1&#8243;][et_pb_row _builder_version=\u00bb3.21.1&#8243;][et_pb_column type=\u00bb3_4&#8243; _builder_version=\u00bb3.21.1&#8243;][et_pb_post_title meta=\u00bboff\u00bb featured_image=\u00bboff\u00bb _builder_version=\u00bb3.21.1&#8243;][\/et_pb_post_title][et_pb_text text_orientation=\u00bbjustified\u00bb _builder_version=\u00bb3.21.1&#8243; text_font=\u00bb||||||||\u00bb]<\/p>\n<p>El Defensor P\u00fablico Provincial de Imbabura, Carlos Espinoza fue invitado a una entrevista en la radio de la Universidad T\u00e9cnica del Norte. Durante el dialogo se abord\u00f3 temas sobre el accionar de la Defensor\u00eda P\u00fablica en la localidad, los servicios gratuitos que brinda la instituci\u00f3n, cu\u00e1les son los ciudadanos que tienen acceso a este servicio, entre otros.<\/p>\n<p>La autoridad provincial manifest\u00f3 que la instituci\u00f3n est\u00e1 presente en las 24 provincias del pa\u00eds con una red de atenci\u00f3n de 200 puntos, donde se brinda asesor\u00eda legal sin costo en materias: penal, laboral, inquilinato, ni\u00f1ez y adolescencia, divorcios y legalizaci\u00f3n de tierras. El Defensor P\u00fablico garantiza el pleno e igual acceso a la justicia de las personas que por su estado de indefensi\u00f3n o condici\u00f3n econ\u00f3mica no pueden contratar los servicios de un abogado particular.<\/p>\n<p>En el tema de refugiados Espinoza afirm\u00f3 que \u201cla instituci\u00f3n garantiza los derechos de las personas que se encuentran en estado de movilidad humana\u201d.\u00a0 Al finalizar la entrevista indic\u00f3 los puntos de atenci\u00f3n donde se pueden acercar los ciudadanos.<\/p>\n<p>[\/et_pb_text][et_pb_gallery _builder_version=\u00bb3.21.1&#8243; gallery_ids=\u00bb3513&#8243;][\/et_pb_gallery][\/et_pb_column][et_pb_column type=\u00bb1_4&#8243; _builder_version=\u00bb3.21.1&#8243;][et_pb_sidebar _builder_version=\u00bb3.21.1&#8243;][\/et_pb_sidebar][\/et_pb_column][\/et_pb_row][\/et_pb_section]<\/p>\n","protected":false},"excerpt":{"rendered":"<p>El Defensor P\u00fablico Provincial de Imbabura, Carlos Espinoza fue invitado a una entrevista en la radio de la Universidad T\u00e9cnica del Norte. Durante el dialogo se abord\u00f3 temas sobre el [&hellip;]<\/p>\n","protected":false},"author":1,"featured_media":3513,"comment_status":"open","ping_status":"closed","template":"","meta":{"_et_pb_use_builder":"on","_et_pb_old_content":"","_et_gb_content_width":"","footnotes":""},"project_category":[8,5],"project_tag":[],"class_list":["post-3512","project","type-project","status-publish","has-post-thumbnail","hentry","project_category-cerca-a-ti","project_category-noticias"],"_links":{"self":[{"href":"https:\/\/www.defensoria.gob.ec\/index.php?rest_route=\/wp\/v2\/project\/3512","targetHints":{"allow":["GET"]}}],"collection":[{"href":"https:\/\/www.defensoria.gob.ec\/index.php?rest_route=\/wp\/v2\/project"}],"about":[{"href":"https:\/\/www.defensoria.gob.ec\/index.php?rest_route=\/wp\/v2\/types\/project"}],"author":[{"embeddable":true,"href":"https:\/\/www.defensoria.gob.ec\/index.php?rest_route=\/wp\/v2\/users\/1"}],"replies":[{"embeddable":true,"href":"https:\/\/www.defensoria.gob.ec\/index.php?rest_route=%2Fwp%2Fv2%2Fcomments&post=3512"}],"version-history":[{"count":0,"href":"https:\/\/www.defensoria.gob.ec\/index.php?rest_route=\/wp\/v2\/project\/3512\/revisions"}],"wp:featuredmedia":[{"embeddable":true,"href":"https:\/\/www.defensoria.gob.ec\/index.php?rest_route=\/wp\/v2\/media\/3513"}],"wp:attachment":[{"href":"https:\/\/www.defensoria.gob.ec\/index.php?rest_route=%2Fwp%2Fv2%2Fmedia&parent=3512"}],"wp:term":[{"taxonomy":"project_category","embeddable":true,"href":"https:\/\/www.defensoria.gob.ec\/index.php?rest_route=%2Fwp%2Fv2%2Fproject_category&post=3512"},{"taxonomy":"project_tag","embeddable":true,"href":"https:\/\/www.defensoria.gob.ec\/index.php?rest_route=%2Fwp%2Fv2%2Fproject_tag&post=3512"}],"curies":[{"name":"wp","href":"https:\/\/api.w.org\/{rel}","templated":true}]}}

Imbabura: Difunden Servicios de la Defensoría Pública

<p>[et_pb_section fb_built=»1&#8243; _builder_version=»3.21.1&#8243;][et_pb_row _builder_version=»3.21.1&#8243;][et_pb_column type=»3_4&#8243; _builder_version=»3.21.1&#8243;][et_pb_post_title meta=»off» featured_image=»off» _builder_version=»3.21.1&#8243;][/et_pb_post_title][et_pb_text text_orientation=»justified» _builder_version=»3.21.1&#8243; text_font=»||||||||»]</p>
<p>El Defensor Público Provincial de Imbabura, Carlos Espinoza fue invitado a una entrevista en la radio de la Universidad Técnica del Norte. Durante el dialogo se abordó temas sobre el accionar de la Defensoría Pública en la localidad, los servicios gratuitos que brinda la institución, cuáles son los ciudadanos que tienen acceso a este servicio, entre otros.</p>
<p>La autoridad provincial manifestó que la institución está presente en las 24 provincias del país con una red de atención de 200 puntos, donde se brinda asesoría legal sin costo en materias: penal, laboral, inquilinato, niñez y adolescencia, divorcios y legalización de tierras. El Defensor Público garantiza el pleno e igual acceso a la justicia de las personas que por su estado de indefensión o condición económica no pueden contratar los servicios de un abogado particular.</p>
<p>En el tema de refugiados Espinoza afirmó que “la institución garantiza los derechos de las personas que se encuentran en estado de movilidad humana”.  Al finalizar la entrevista indicó los puntos de atención donde se pueden acercar los ciudadanos.</p>
<p>[/et_pb_text][et_pb_gallery _builder_version=»3.21.1&#8243; gallery_ids=»3513&#8243;][/et_pb_gallery][/et_pb_column][et_pb_column type=»1_4&#8243; _builder_version=»3.21.1&#8243;][et_pb_sidebar _builder_version=»3.21.1&#8243;][/et_pb_sidebar][/et_pb_column][/et_pb_row][/et_pb_section]</p>

<p>El Defensor Público Provincial de Imbabura, Carlos Espinoza fue invitado a una entrevista en la radio de la Universidad Técnica del Norte. Durante el dialogo se abordó temas sobre el [&hellip;]</p>
