{"id":3501,"date":"2019-04-02T19:36:47","date_gmt":"2019-04-02T19:36:47","guid":{"rendered":"https:\/\/www.defensoria.gob.ec\/?post_type=project&#038;p=3501"},"modified":"2019-04-02T19:36:47","modified_gmt":"2019-04-02T19:36:47","slug":"sucumbios-evaluan-al-cjg-sucumbios-solidario-del-gad-provincial","status":"publish","type":"project","link":"https:\/\/www.defensoria.gob.ec\/?project=sucumbios-evaluan-al-cjg-sucumbios-solidario-del-gad-provincial","title":{"rendered":"Sucumb\u00edos: Eval\u00faan al CJG Sucumb\u00edos Solidario del GAD Provincial"},"content":{"rendered":"<p>[et_pb_section fb_built=\u00bb1&#8243; _builder_version=\u00bb3.21.1&#8243;][et_pb_row _builder_version=\u00bb3.21.1&#8243;][et_pb_column type=\u00bb3_4&#8243; _builder_version=\u00bb3.21.1&#8243;][et_pb_post_title meta=\u00bboff\u00bb featured_image=\u00bboff\u00bb _builder_version=\u00bb3.21.1&#8243;][\/et_pb_post_title][et_pb_text text_orientation=\u00bbjustified\u00bb _builder_version=\u00bb3.21.1&#8243; text_font=\u00bb||||||||\u00bb]<\/p>\n<p>La Defensor\u00eda P\u00fablica provincial de Sucumb\u00edos, liderada por la Dra. \u00a0Edilma Borja y el defensor p\u00fablico, Jos\u00e9 Robayo,\u00a0 realizaron, el\u00a0 26\u00a0 de marzo, la evaluaci\u00f3n del\u00a0 Consultorio Jur\u00eddico Gratuito (CJG) Sucumb\u00edos Solidario del GAD Provincial.<\/p>\n<p>Adem\u00e1s se aplicaron \u00a0encuestas de satisfacci\u00f3n \u00a0a los usuarios que acuden a este servicio y se revisaron documentos de las gestiones realizadas. \u00a0Con toda esta informaci\u00f3n se prepara el informe para \u00a0la Direcci\u00f3n Nacional de Acreditaci\u00f3n de Consultorios Jur\u00eddicos Gratuitos de la Defensor\u00eda P\u00fablica.<\/p>\n<p>[\/et_pb_text][et_pb_gallery _builder_version=\u00bb3.21.1&#8243; gallery_ids=\u00bb3502&#8243;][\/et_pb_gallery][\/et_pb_column][et_pb_column type=\u00bb1_4&#8243; _builder_version=\u00bb3.21.1&#8243;][et_pb_sidebar _builder_version=\u00bb3.21.1&#8243;][\/et_pb_sidebar][\/et_pb_column][\/et_pb_row][\/et_pb_section]<\/p>\n","protected":false},"excerpt":{"rendered":"<p>La Defensor\u00eda P\u00fablica provincial de Sucumb\u00edos, liderada por la Dra. \u00a0Edilma Borja y el defensor p\u00fablico, Jos\u00e9 Robayo,\u00a0 realizaron, el\u00a0 26\u00a0 de marzo, la evaluaci\u00f3n del\u00a0 Consultorio Jur\u00eddico Gratuito (CJG) [&hellip;]<\/p>\n","protected":false},"author":1,"featured_media":3502,"comment_status":"open","ping_status":"closed","template":"","meta":{"_et_pb_use_builder":"on","_et_pb_old_content":"","_et_gb_content_width":"","footnotes":""},"project_category":[8,5],"project_tag":[],"class_list":["post-3501","project","type-project","status-publish","has-post-thumbnail","hentry","project_category-cerca-a-ti","project_category-noticias"],"_links":{"self":[{"href":"https:\/\/www.defensoria.gob.ec\/index.php?rest_route=\/wp\/v2\/project\/3501","targetHints":{"allow":["GET"]}}],"collection":[{"href":"https:\/\/www.defensoria.gob.ec\/index.php?rest_route=\/wp\/v2\/project"}],"about":[{"href":"https:\/\/www.defensoria.gob.ec\/index.php?rest_route=\/wp\/v2\/types\/project"}],"author":[{"embeddable":true,"href":"https:\/\/www.defensoria.gob.ec\/index.php?rest_route=\/wp\/v2\/users\/1"}],"replies":[{"embeddable":true,"href":"https:\/\/www.defensoria.gob.ec\/index.php?rest_route=%2Fwp%2Fv2%2Fcomments&post=3501"}],"version-history":[{"count":0,"href":"https:\/\/www.defensoria.gob.ec\/index.php?rest_route=\/wp\/v2\/project\/3501\/revisions"}],"wp:featuredmedia":[{"embeddable":true,"href":"https:\/\/www.defensoria.gob.ec\/index.php?rest_route=\/wp\/v2\/media\/3502"}],"wp:attachment":[{"href":"https:\/\/www.defensoria.gob.ec\/index.php?rest_route=%2Fwp%2Fv2%2Fmedia&parent=3501"}],"wp:term":[{"taxonomy":"project_category","embeddable":true,"href":"https:\/\/www.defensoria.gob.ec\/index.php?rest_route=%2Fwp%2Fv2%2Fproject_category&post=3501"},{"taxonomy":"project_tag","embeddable":true,"href":"https:\/\/www.defensoria.gob.ec\/index.php?rest_route=%2Fwp%2Fv2%2Fproject_tag&post=3501"}],"curies":[{"name":"wp","href":"https:\/\/api.w.org\/{rel}","templated":true}]}}

Sucumbíos: Evalúan al CJG Sucumbíos Solidario del GAD Provincial

<p>[et_pb_section fb_built=»1&#8243; _builder_version=»3.21.1&#8243;][et_pb_row _builder_version=»3.21.1&#8243;][et_pb_column type=»3_4&#8243; _builder_version=»3.21.1&#8243;][et_pb_post_title meta=»off» featured_image=»off» _builder_version=»3.21.1&#8243;][/et_pb_post_title][et_pb_text text_orientation=»justified» _builder_version=»3.21.1&#8243; text_font=»||||||||»]</p>
<p>La Defensoría Pública provincial de Sucumbíos, liderada por la Dra.  Edilma Borja y el defensor público, José Robayo,  realizaron, el  26  de marzo, la evaluación del  Consultorio Jurídico Gratuito (CJG) Sucumbíos Solidario del GAD Provincial.</p>
<p>Además se aplicaron  encuestas de satisfacción  a los usuarios que acuden a este servicio y se revisaron documentos de las gestiones realizadas.  Con toda esta información se prepara el informe para  la Dirección Nacional de Acreditación de Consultorios Jurídicos Gratuitos de la Defensoría Pública.</p>
<p>[/et_pb_text][et_pb_gallery _builder_version=»3.21.1&#8243; gallery_ids=»3502&#8243;][/et_pb_gallery][/et_pb_column][et_pb_column type=»1_4&#8243; _builder_version=»3.21.1&#8243;][et_pb_sidebar _builder_version=»3.21.1&#8243;][/et_pb_sidebar][/et_pb_column][/et_pb_row][/et_pb_section]</p>

<p>La Defensoría Pública provincial de Sucumbíos, liderada por la Dra.  Edilma Borja y el defensor público, José Robayo,  realizaron, el  26  de marzo, la evaluación del  Consultorio Jurídico Gratuito (CJG) [&hellip;]</p>
