{"id":3376,"date":"2019-03-28T17:46:27","date_gmt":"2019-03-28T17:46:27","guid":{"rendered":"https:\/\/www.defensoria.gob.ec\/?post_type=project&#038;p=3376"},"modified":"2019-03-29T14:51:08","modified_gmt":"2019-03-29T14:51:08","slug":"loja-casos-de-patrocinios-son-analizados-en-mesa-de-trabajo","status":"publish","type":"project","link":"https:\/\/www.defensoria.gob.ec\/?project=loja-casos-de-patrocinios-son-analizados-en-mesa-de-trabajo","title":{"rendered":"Loja: Casos de patrocinios son analizados en mesa de trabajo"},"content":{"rendered":"<p>[et_pb_section fb_built=\u00bb1&#8243; _builder_version=\u00bb3.21.1&#8243;][et_pb_row _builder_version=\u00bb3.21.1&#8243;][et_pb_column type=\u00bb3_4&#8243; _builder_version=\u00bb3.21.1&#8243;][et_pb_post_title meta=\u00bboff\u00bb featured_image=\u00bboff\u00bb _builder_version=\u00bb3.21.1&#8243;][\/et_pb_post_title][et_pb_text _builder_version=\u00bb3.21.1&#8243; text_font=\u00bb||||||||\u00bb text_orientation=\u00bbjustified\u00bb]<\/p>\n<p>El 22 de marzo, por disposici\u00f3n de la Direcci\u00f3n Nacional de Acreditaci\u00f3n de Consultorios Jur\u00eddicos, la Defensor\u00eda P\u00fablica inici\u00f3 las visitas previas a la evaluaci\u00f3n integral a los Consultorios Jur\u00eddicos Gratuitos de las universidades en la provincia de Loja.<\/p>\n<p>La autoridad provincial, junto a la defensora p\u00fablica, Mar\u00eda Bel\u00e9n Guzm\u00e1n y la asistente legal trabajaron directamente con los coordinadores de los CJG y autoridades universitarias con el fin de verificar el cumplimiento de los requisitos de par\u00e1metros de evaluaci\u00f3n, en el marco de la acreditaci\u00f3n.<\/p>\n<p>Los consultorios jur\u00eddicos que entrar\u00e1n al proceso de evaluaci\u00f3n son: Universidad Nacional de Loja, Universidad T\u00e9cnica Particular de Loja y Universidad Internacional del Ecuador<\/p>\n<p>El 21 de marzo, la Defensora P\u00fablica Provincial de Loja lider\u00f3 una reuni\u00f3n de trabajo en la que participaron Defensores P\u00fablicos y personal administrativo, el prop\u00f3sito de este encuentro es analizar uno de los casos patrocinados por la instituci\u00f3n como v\u00edctimas, referente al delito de trata de personas.<\/p>\n<p>Mar\u00eda Cristina Meneses, defensora p\u00fablica de Loja resalt\u00f3 la labor que realiza su equipo misional ya que se enfrentan d\u00eda a d\u00eda con problemas sociales visibles y la respuesta a esto es el profesionalismo enmarcado al respeto de los derechos humanos.\u00a0 Enfatiz\u00f3 en continuar brindando a la ciudadan\u00eda un servicio de defensa gratuita orientada a la resoluci\u00f3n de conflictos a trav\u00e9s de la mediaci\u00f3n.<\/p>\n<p>Luego de varios compromisos asumidos la autoridad provincial dio paso a los defensores p\u00fablicos, Beatriz Saraguro y Juan Emilio Montero; quienes analizaron el delito, as\u00ed como los hechos f\u00e1cticos y jur\u00eddicos. Con esta actividad la agenda de trabajo concluy\u00f3 en la Defensor\u00eda P\u00fablica.<\/p>\n<p>&nbsp;<\/p>\n<p>[\/et_pb_text][et_pb_gallery gallery_ids=\u00bb3378,3377&#8243; _builder_version=\u00bb3.21.1&#8243;][\/et_pb_gallery][\/et_pb_column][et_pb_column type=\u00bb1_4&#8243; _builder_version=\u00bb3.21.1&#8243;][et_pb_sidebar _builder_version=\u00bb3.21.1&#8243;][\/et_pb_sidebar][\/et_pb_column][\/et_pb_row][\/et_pb_section]<\/p>\n","protected":false},"excerpt":{"rendered":"<p>El 22 de marzo, por disposici\u00f3n de la Direcci\u00f3n Nacional de Acreditaci\u00f3n de Consultorios Jur\u00eddicos, la Defensor\u00eda P\u00fablica inici\u00f3 las visitas previas a la evaluaci\u00f3n integral a los Consultorios Jur\u00eddicos [&hellip;]<\/p>\n","protected":false},"author":1,"featured_media":3377,"comment_status":"open","ping_status":"closed","template":"","meta":{"_et_pb_use_builder":"on","_et_pb_old_content":"","_et_gb_content_width":"","footnotes":""},"project_category":[8,5],"project_tag":[],"class_list":["post-3376","project","type-project","status-publish","has-post-thumbnail","hentry","project_category-cerca-a-ti","project_category-noticias"],"_links":{"self":[{"href":"https:\/\/www.defensoria.gob.ec\/index.php?rest_route=\/wp\/v2\/project\/3376","targetHints":{"allow":["GET"]}}],"collection":[{"href":"https:\/\/www.defensoria.gob.ec\/index.php?rest_route=\/wp\/v2\/project"}],"about":[{"href":"https:\/\/www.defensoria.gob.ec\/index.php?rest_route=\/wp\/v2\/types\/project"}],"author":[{"embeddable":true,"href":"https:\/\/www.defensoria.gob.ec\/index.php?rest_route=\/wp\/v2\/users\/1"}],"replies":[{"embeddable":true,"href":"https:\/\/www.defensoria.gob.ec\/index.php?rest_route=%2Fwp%2Fv2%2Fcomments&post=3376"}],"version-history":[{"count":0,"href":"https:\/\/www.defensoria.gob.ec\/index.php?rest_route=\/wp\/v2\/project\/3376\/revisions"}],"wp:featuredmedia":[{"embeddable":true,"href":"https:\/\/www.defensoria.gob.ec\/index.php?rest_route=\/wp\/v2\/media\/3377"}],"wp:attachment":[{"href":"https:\/\/www.defensoria.gob.ec\/index.php?rest_route=%2Fwp%2Fv2%2Fmedia&parent=3376"}],"wp:term":[{"taxonomy":"project_category","embeddable":true,"href":"https:\/\/www.defensoria.gob.ec\/index.php?rest_route=%2Fwp%2Fv2%2Fproject_category&post=3376"},{"taxonomy":"project_tag","embeddable":true,"href":"https:\/\/www.defensoria.gob.ec\/index.php?rest_route=%2Fwp%2Fv2%2Fproject_tag&post=3376"}],"curies":[{"name":"wp","href":"https:\/\/api.w.org\/{rel}","templated":true}]}}

<p>[et_pb_section fb_built=»1&#8243; _builder_version=»3.21.1&#8243;][et_pb_row _builder_version=»3.21.1&#8243;][et_pb_column type=»3_4&#8243; _builder_version=»3.21.1&#8243;][et_pb_post_title meta=»off» featured_image=»off» _builder_version=»3.21.1&#8243;][/et_pb_post_title][et_pb_text _builder_version=»3.21.1&#8243; text_font=»||||||||» text_orientation=»justified»]</p>
<p>El 22 de marzo, por disposición de la Dirección Nacional de Acreditación de Consultorios Jurídicos, la Defensoría Pública inició las visitas previas a la evaluación integral a los Consultorios Jurídicos Gratuitos de las universidades en la provincia de Loja.</p>
<p>La autoridad provincial, junto a la defensora pública, María Belén Guzmán y la asistente legal trabajaron directamente con los coordinadores de los CJG y autoridades universitarias con el fin de verificar el cumplimiento de los requisitos de parámetros de evaluación, en el marco de la acreditación.</p>
<p>Los consultorios jurídicos que entrarán al proceso de evaluación son: Universidad Nacional de Loja, Universidad Técnica Particular de Loja y Universidad Internacional del Ecuador</p>
<p>El 21 de marzo, la Defensora Pública Provincial de Loja lideró una reunión de trabajo en la que participaron Defensores Públicos y personal administrativo, el propósito de este encuentro es analizar uno de los casos patrocinados por la institución como víctimas, referente al delito de trata de personas.</p>
<p>María Cristina Meneses, defensora pública de Loja resaltó la labor que realiza su equipo misional ya que se enfrentan día a día con problemas sociales visibles y la respuesta a esto es el profesionalismo enmarcado al respeto de los derechos humanos.  Enfatizó en continuar brindando a la ciudadanía un servicio de defensa gratuita orientada a la resolución de conflictos a través de la mediación.</p>
<p>Luego de varios compromisos asumidos la autoridad provincial dio paso a los defensores públicos, Beatriz Saraguro y Juan Emilio Montero; quienes analizaron el delito, así como los hechos fácticos y jurídicos. Con esta actividad la agenda de trabajo concluyó en la Defensoría Pública.</p>
<p>&nbsp;</p>
<p>[/et_pb_text][et_pb_gallery gallery_ids=»3378,3377&#8243; _builder_version=»3.21.1&#8243;][/et_pb_gallery][/et_pb_column][et_pb_column type=»1_4&#8243; _builder_version=»3.21.1&#8243;][et_pb_sidebar _builder_version=»3.21.1&#8243;][/et_pb_sidebar][/et_pb_column][/et_pb_row][/et_pb_section]</p>

<p>El 22 de marzo, por disposición de la Dirección Nacional de Acreditación de Consultorios Jurídicos, la Defensoría Pública inició las visitas previas a la evaluación integral a los Consultorios Jurídicos [&hellip;]</p>
