{"id":3315,"date":"2019-03-26T19:05:45","date_gmt":"2019-03-26T19:05:45","guid":{"rendered":"https:\/\/www.defensoria.gob.ec\/?post_type=project&#038;p=3315"},"modified":"2019-03-26T19:05:45","modified_gmt":"2019-03-26T19:05:45","slug":"pichincha-varias-instituciones-publicas-acuerdan-acciones-con-acnur-para-la-movilidad-humana","status":"publish","type":"project","link":"https:\/\/www.defensoria.gob.ec\/?project=pichincha-varias-instituciones-publicas-acuerdan-acciones-con-acnur-para-la-movilidad-humana","title":{"rendered":"Pichincha: Varias instituciones p\u00fablicas acuerdan acciones con ACNUR para la Movilidad Humana"},"content":{"rendered":"<p>[et_pb_section fb_built=\u00bb1&#8243; _builder_version=\u00bb3.21.1&#8243;][et_pb_row _builder_version=\u00bb3.21.1&#8243;][et_pb_column type=\u00bb3_4&#8243; _builder_version=\u00bb3.21.1&#8243;][et_pb_post_title meta=\u00bboff\u00bb featured_image=\u00bboff\u00bb _builder_version=\u00bb3.21.1&#8243;][\/et_pb_post_title][et_pb_text text_orientation=\u00bbjustified\u00bb _builder_version=\u00bb3.21.1&#8243; text_font=\u00bb||||||||\u00bb]<\/p>\n<p>El jefe del\u00a0 \u00e1rea de Atenci\u00f3n a V\u00edctimas, Javier Villagr\u00e1n, el consultor en Movilidad Humana, Juan Rivadeneira y el funcionario de Planificaci\u00f3n, Johe Guerrero; en representaci\u00f3n de la Defensor\u00eda P\u00fablica, participaron, el 21 de marzo, en un\u00a0 taller organizado por el Alto Comisionado de las Naciones Unidas para los Refugiados (ACNUR). Asistieron tambi\u00e9n representantes de los ministerios de Inclusi\u00f3n Econ\u00f3mica y Social, Relaciones Exteriores y de organismos no gubernamentales.<\/p>\n<p>El encuentro tuvo como finalidades definir las prioridades program\u00e1ticas para responder a la situaci\u00f3n de la poblaci\u00f3n refugiada en Ecuador y preparar la planificaci\u00f3n 2020-2021.<\/p>\n<p>En el taller se recibieron aportes para elaborar el Plan Operativo, considerando una nueva realidad relacionada con la migraci\u00f3n de ciudadanos venezolanos al Ecuador y sus caracter\u00edsticas.<\/p>\n<p>La Defensor\u00eda P\u00fablica ratific\u00f3 el compromiso de defender los derechos de las personas que se encuentren en condici\u00f3n de Movilidad Humana y Refugio.<\/p>\n<p>[\/et_pb_text][et_pb_gallery _builder_version=\u00bb3.21.1&#8243; gallery_ids=\u00bb3316&#8243;][\/et_pb_gallery][\/et_pb_column][et_pb_column type=\u00bb1_4&#8243; _builder_version=\u00bb3.21.1&#8243;][et_pb_sidebar _builder_version=\u00bb3.21.1&#8243;][\/et_pb_sidebar][\/et_pb_column][\/et_pb_row][\/et_pb_section]<\/p>\n","protected":false},"excerpt":{"rendered":"<p>El jefe del\u00a0 \u00e1rea de Atenci\u00f3n a V\u00edctimas, Javier Villagr\u00e1n, el consultor en Movilidad Humana, Juan Rivadeneira y el funcionario de Planificaci\u00f3n, Johe Guerrero; en representaci\u00f3n de la Defensor\u00eda P\u00fablica, [&hellip;]<\/p>\n","protected":false},"author":1,"featured_media":3316,"comment_status":"open","ping_status":"closed","template":"","meta":{"_et_pb_use_builder":"on","_et_pb_old_content":"","_et_gb_content_width":"","footnotes":""},"project_category":[8,5],"project_tag":[],"class_list":["post-3315","project","type-project","status-publish","has-post-thumbnail","hentry","project_category-cerca-a-ti","project_category-noticias"],"_links":{"self":[{"href":"https:\/\/www.defensoria.gob.ec\/index.php?rest_route=\/wp\/v2\/project\/3315","targetHints":{"allow":["GET"]}}],"collection":[{"href":"https:\/\/www.defensoria.gob.ec\/index.php?rest_route=\/wp\/v2\/project"}],"about":[{"href":"https:\/\/www.defensoria.gob.ec\/index.php?rest_route=\/wp\/v2\/types\/project"}],"author":[{"embeddable":true,"href":"https:\/\/www.defensoria.gob.ec\/index.php?rest_route=\/wp\/v2\/users\/1"}],"replies":[{"embeddable":true,"href":"https:\/\/www.defensoria.gob.ec\/index.php?rest_route=%2Fwp%2Fv2%2Fcomments&post=3315"}],"version-history":[{"count":0,"href":"https:\/\/www.defensoria.gob.ec\/index.php?rest_route=\/wp\/v2\/project\/3315\/revisions"}],"wp:featuredmedia":[{"embeddable":true,"href":"https:\/\/www.defensoria.gob.ec\/index.php?rest_route=\/wp\/v2\/media\/3316"}],"wp:attachment":[{"href":"https:\/\/www.defensoria.gob.ec\/index.php?rest_route=%2Fwp%2Fv2%2Fmedia&parent=3315"}],"wp:term":[{"taxonomy":"project_category","embeddable":true,"href":"https:\/\/www.defensoria.gob.ec\/index.php?rest_route=%2Fwp%2Fv2%2Fproject_category&post=3315"},{"taxonomy":"project_tag","embeddable":true,"href":"https:\/\/www.defensoria.gob.ec\/index.php?rest_route=%2Fwp%2Fv2%2Fproject_tag&post=3315"}],"curies":[{"name":"wp","href":"https:\/\/api.w.org\/{rel}","templated":true}]}}

Pichincha: Varias instituciones públicas acuerdan acciones con ACNUR para la Movilidad Humana

<p>[et_pb_section fb_built=»1&#8243; _builder_version=»3.21.1&#8243;][et_pb_row _builder_version=»3.21.1&#8243;][et_pb_column type=»3_4&#8243; _builder_version=»3.21.1&#8243;][et_pb_post_title meta=»off» featured_image=»off» _builder_version=»3.21.1&#8243;][/et_pb_post_title][et_pb_text text_orientation=»justified» _builder_version=»3.21.1&#8243; text_font=»||||||||»]</p>
<p>El jefe del  área de Atención a Víctimas, Javier Villagrán, el consultor en Movilidad Humana, Juan Rivadeneira y el funcionario de Planificación, Johe Guerrero; en representación de la Defensoría Pública, participaron, el 21 de marzo, en un  taller organizado por el Alto Comisionado de las Naciones Unidas para los Refugiados (ACNUR). Asistieron también representantes de los ministerios de Inclusión Económica y Social, Relaciones Exteriores y de organismos no gubernamentales.</p>
<p>El encuentro tuvo como finalidades definir las prioridades programáticas para responder a la situación de la población refugiada en Ecuador y preparar la planificación 2020-2021.</p>
<p>En el taller se recibieron aportes para elaborar el Plan Operativo, considerando una nueva realidad relacionada con la migración de ciudadanos venezolanos al Ecuador y sus características.</p>
<p>La Defensoría Pública ratificó el compromiso de defender los derechos de las personas que se encuentren en condición de Movilidad Humana y Refugio.</p>
<p>[/et_pb_text][et_pb_gallery _builder_version=»3.21.1&#8243; gallery_ids=»3316&#8243;][/et_pb_gallery][/et_pb_column][et_pb_column type=»1_4&#8243; _builder_version=»3.21.1&#8243;][et_pb_sidebar _builder_version=»3.21.1&#8243;][/et_pb_sidebar][/et_pb_column][/et_pb_row][/et_pb_section]</p>

<p>El jefe del  área de Atención a Víctimas, Javier Villagrán, el consultor en Movilidad Humana, Juan Rivadeneira y el funcionario de Planificación, Johe Guerrero; en representación de la Defensoría Pública, [&hellip;]</p>
