{"id":3216,"date":"2019-03-19T19:32:07","date_gmt":"2019-03-19T19:32:07","guid":{"rendered":"https:\/\/www.defensoria.gob.ec\/?post_type=project&#038;p=3216"},"modified":"2019-03-19T19:32:07","modified_gmt":"2019-03-19T19:32:07","slug":"pichincha-casos-de-abuso-sexual-preocupacion-de-autoridades-judiciales","status":"publish","type":"project","link":"https:\/\/www.defensoria.gob.ec\/?project=pichincha-casos-de-abuso-sexual-preocupacion-de-autoridades-judiciales","title":{"rendered":"Pichincha: casos de abuso sexual preocupaci\u00f3n de autoridades judiciales"},"content":{"rendered":"<p>[et_pb_section fb_built=\u00bb1&#8243; _builder_version=\u00bb3.21&#8243;][et_pb_row _builder_version=\u00bb3.21&#8243;][et_pb_column type=\u00bb3_4&#8243; _builder_version=\u00bb3.21&#8243;][et_pb_post_title meta=\u00bboff\u00bb featured_image=\u00bboff\u00bb _builder_version=\u00bb3.21&#8243;][\/et_pb_post_title][et_pb_text text_orientation=\u00bbjustified\u00bb _builder_version=\u00bb3.21&#8243; text_font=\u00bb||||||||\u00bb]<\/p>\n<p>La defensora provincial de Pichincha, Dra. Anah\u00ed Brice\u00f1o, mantuvo una crucial reuni\u00f3n con representantes del Consejo de Protecci\u00f3n de Derechos, en la que se acordaron acciones en torno a la situaci\u00f3n de v\u00edctimas de abuso sexual. Una de las preocupaciones institucionales es desarrollar actividades\u00a0 dirigidas a la\u00a0 prevenci\u00f3n de delitos. \u00a0<\/p>\n<p>[\/et_pb_text][et_pb_gallery _builder_version=\u00bb3.21&#8243; gallery_ids=\u00bb3217&#8243;][\/et_pb_gallery][\/et_pb_column][et_pb_column type=\u00bb1_4&#8243; _builder_version=\u00bb3.21&#8243;][et_pb_sidebar _builder_version=\u00bb3.21&#8243;][\/et_pb_sidebar][\/et_pb_column][\/et_pb_row][\/et_pb_section]<\/p>\n","protected":false},"excerpt":{"rendered":"<p>La defensora provincial de Pichincha, Dra. Anah\u00ed Brice\u00f1o, mantuvo una crucial reuni\u00f3n con representantes del Consejo de Protecci\u00f3n de Derechos, en la que se acordaron acciones en torno a la [&hellip;]<\/p>\n","protected":false},"author":1,"featured_media":3217,"comment_status":"open","ping_status":"closed","template":"","meta":{"_et_pb_use_builder":"on","_et_pb_old_content":"","_et_gb_content_width":"","footnotes":""},"project_category":[8],"project_tag":[],"class_list":["post-3216","project","type-project","status-publish","has-post-thumbnail","hentry","project_category-cerca-a-ti"],"_links":{"self":[{"href":"https:\/\/www.defensoria.gob.ec\/index.php?rest_route=\/wp\/v2\/project\/3216","targetHints":{"allow":["GET"]}}],"collection":[{"href":"https:\/\/www.defensoria.gob.ec\/index.php?rest_route=\/wp\/v2\/project"}],"about":[{"href":"https:\/\/www.defensoria.gob.ec\/index.php?rest_route=\/wp\/v2\/types\/project"}],"author":[{"embeddable":true,"href":"https:\/\/www.defensoria.gob.ec\/index.php?rest_route=\/wp\/v2\/users\/1"}],"replies":[{"embeddable":true,"href":"https:\/\/www.defensoria.gob.ec\/index.php?rest_route=%2Fwp%2Fv2%2Fcomments&post=3216"}],"version-history":[{"count":0,"href":"https:\/\/www.defensoria.gob.ec\/index.php?rest_route=\/wp\/v2\/project\/3216\/revisions"}],"wp:featuredmedia":[{"embeddable":true,"href":"https:\/\/www.defensoria.gob.ec\/index.php?rest_route=\/wp\/v2\/media\/3217"}],"wp:attachment":[{"href":"https:\/\/www.defensoria.gob.ec\/index.php?rest_route=%2Fwp%2Fv2%2Fmedia&parent=3216"}],"wp:term":[{"taxonomy":"project_category","embeddable":true,"href":"https:\/\/www.defensoria.gob.ec\/index.php?rest_route=%2Fwp%2Fv2%2Fproject_category&post=3216"},{"taxonomy":"project_tag","embeddable":true,"href":"https:\/\/www.defensoria.gob.ec\/index.php?rest_route=%2Fwp%2Fv2%2Fproject_tag&post=3216"}],"curies":[{"name":"wp","href":"https:\/\/api.w.org\/{rel}","templated":true}]}}

Pichincha: casos de abuso sexual preocupación de autoridades judiciales

<p>[et_pb_section fb_built=»1&#8243; _builder_version=»3.21&#8243;][et_pb_row _builder_version=»3.21&#8243;][et_pb_column type=»3_4&#8243; _builder_version=»3.21&#8243;][et_pb_post_title meta=»off» featured_image=»off» _builder_version=»3.21&#8243;][/et_pb_post_title][et_pb_text text_orientation=»justified» _builder_version=»3.21&#8243; text_font=»||||||||»]</p>
<p>La defensora provincial de Pichincha, Dra. Anahí Briceño, mantuvo una crucial reunión con representantes del Consejo de Protección de Derechos, en la que se acordaron acciones en torno a la situación de víctimas de abuso sexual. Una de las preocupaciones institucionales es desarrollar actividades  dirigidas a la  prevención de delitos.  </p>
<p>[/et_pb_text][et_pb_gallery _builder_version=»3.21&#8243; gallery_ids=»3217&#8243;][/et_pb_gallery][/et_pb_column][et_pb_column type=»1_4&#8243; _builder_version=»3.21&#8243;][et_pb_sidebar _builder_version=»3.21&#8243;][/et_pb_sidebar][/et_pb_column][/et_pb_row][/et_pb_section]</p>

<p>La defensora provincial de Pichincha, Dra. Anahí Briceño, mantuvo una crucial reunión con representantes del Consejo de Protección de Derechos, en la que se acordaron acciones en torno a la [&hellip;]</p>
