{"id":3197,"date":"2019-03-19T19:22:20","date_gmt":"2019-03-19T19:22:20","guid":{"rendered":"https:\/\/www.defensoria.gob.ec\/?post_type=project&#038;p=3197"},"modified":"2019-03-19T19:22:28","modified_gmt":"2019-03-19T19:22:28","slug":"loja-personal-misional-fortalecen-capacidades","status":"publish","type":"project","link":"https:\/\/www.defensoria.gob.ec\/?project=loja-personal-misional-fortalecen-capacidades","title":{"rendered":"Loja: personal misional fortalecen capacidades"},"content":{"rendered":"<p>[et_pb_section fb_built=\u00bb1&#8243; _builder_version=\u00bb3.21&#8243;][et_pb_row _builder_version=\u00bb3.21&#8243;][et_pb_column type=\u00bb3_4&#8243; _builder_version=\u00bb3.21&#8243;][et_pb_post_title meta=\u00bboff\u00bb featured_image=\u00bboff\u00bb _builder_version=\u00bb3.21&#8243;][\/et_pb_post_title][et_pb_text text_orientation=\u00bbjustified\u00bb _builder_version=\u00bb3.21&#8243; text_font=\u00bb||||||||\u00bb]<\/p>\n<p>La misi\u00f3n de la defensor\u00eda p\u00fablica es: \u201cDefender gratuitamente a las personas en condiciones econ\u00f3mica, social y cultural de vulnerabilidad o en estado de indefensi\u00f3n, garantizando su acceso a la justicia, a un juicio justo y el respeto a los derechos humanos\u201d. \u00a0Dentro del marco, \u00a0funcionarios de la Defensor\u00eda P\u00fablica de Loja, a trav\u00e9s de la capacitaci\u00f3n, fortalecen conocimientos, habilidades y actitudes que les permitan cumplir un trabajo con eficacia, eficiencia y solidaridad, convirti\u00e9ndose en garantes de los derechos de las personas vulnerables.\u00a0<\/p>\n<p>En estos d\u00edas, se realiz\u00f3 una nueva jornada de\u00a0 capacitaci\u00f3n. El tema fue: \u201cPruebas il\u00edcitas e irregulares y exclusi\u00f3n de la prueba\u201d. Participaron funcionarios de la Defensor\u00eda P\u00fablica de Loja y de los Consultorios Jur\u00eddicos gratuitos. El instructor fue el Dr.\u00a0 Leonardo Bravo, Juez de la Sala Penal de la provincia de Loja.\u00a0<\/p>\n<p>[\/et_pb_text][et_pb_gallery _builder_version=\u00bb3.21&#8243; gallery_ids=\u00bb3198&#8243;][\/et_pb_gallery][\/et_pb_column][et_pb_column type=\u00bb1_4&#8243; _builder_version=\u00bb3.21&#8243;][et_pb_sidebar _builder_version=\u00bb3.21&#8243;][\/et_pb_sidebar][\/et_pb_column][\/et_pb_row][\/et_pb_section]<\/p>\n","protected":false},"excerpt":{"rendered":"<p>La misi\u00f3n de la defensor\u00eda p\u00fablica es: \u201cDefender gratuitamente a las personas en condiciones econ\u00f3mica, social y cultural de vulnerabilidad o en estado de indefensi\u00f3n, garantizando su acceso a la [&hellip;]<\/p>\n","protected":false},"author":1,"featured_media":3198,"comment_status":"open","ping_status":"closed","template":"","meta":{"_et_pb_use_builder":"on","_et_pb_old_content":"","_et_gb_content_width":"","footnotes":""},"project_category":[8],"project_tag":[],"class_list":["post-3197","project","type-project","status-publish","has-post-thumbnail","hentry","project_category-cerca-a-ti"],"_links":{"self":[{"href":"https:\/\/www.defensoria.gob.ec\/index.php?rest_route=\/wp\/v2\/project\/3197","targetHints":{"allow":["GET"]}}],"collection":[{"href":"https:\/\/www.defensoria.gob.ec\/index.php?rest_route=\/wp\/v2\/project"}],"about":[{"href":"https:\/\/www.defensoria.gob.ec\/index.php?rest_route=\/wp\/v2\/types\/project"}],"author":[{"embeddable":true,"href":"https:\/\/www.defensoria.gob.ec\/index.php?rest_route=\/wp\/v2\/users\/1"}],"replies":[{"embeddable":true,"href":"https:\/\/www.defensoria.gob.ec\/index.php?rest_route=%2Fwp%2Fv2%2Fcomments&post=3197"}],"version-history":[{"count":0,"href":"https:\/\/www.defensoria.gob.ec\/index.php?rest_route=\/wp\/v2\/project\/3197\/revisions"}],"wp:featuredmedia":[{"embeddable":true,"href":"https:\/\/www.defensoria.gob.ec\/index.php?rest_route=\/wp\/v2\/media\/3198"}],"wp:attachment":[{"href":"https:\/\/www.defensoria.gob.ec\/index.php?rest_route=%2Fwp%2Fv2%2Fmedia&parent=3197"}],"wp:term":[{"taxonomy":"project_category","embeddable":true,"href":"https:\/\/www.defensoria.gob.ec\/index.php?rest_route=%2Fwp%2Fv2%2Fproject_category&post=3197"},{"taxonomy":"project_tag","embeddable":true,"href":"https:\/\/www.defensoria.gob.ec\/index.php?rest_route=%2Fwp%2Fv2%2Fproject_tag&post=3197"}],"curies":[{"name":"wp","href":"https:\/\/api.w.org\/{rel}","templated":true}]}}

<p>[et_pb_section fb_built=»1&#8243; _builder_version=»3.21&#8243;][et_pb_row _builder_version=»3.21&#8243;][et_pb_column type=»3_4&#8243; _builder_version=»3.21&#8243;][et_pb_post_title meta=»off» featured_image=»off» _builder_version=»3.21&#8243;][/et_pb_post_title][et_pb_text text_orientation=»justified» _builder_version=»3.21&#8243; text_font=»||||||||»]</p>
<p>La misión de la defensoría pública es: “Defender gratuitamente a las personas en condiciones económica, social y cultural de vulnerabilidad o en estado de indefensión, garantizando su acceso a la justicia, a un juicio justo y el respeto a los derechos humanos”.  Dentro del marco,  funcionarios de la Defensoría Pública de Loja, a través de la capacitación, fortalecen conocimientos, habilidades y actitudes que les permitan cumplir un trabajo con eficacia, eficiencia y solidaridad, convirtiéndose en garantes de los derechos de las personas vulnerables. </p>
<p>En estos días, se realizó una nueva jornada de  capacitación. El tema fue: “Pruebas ilícitas e irregulares y exclusión de la prueba”. Participaron funcionarios de la Defensoría Pública de Loja y de los Consultorios Jurídicos gratuitos. El instructor fue el Dr.  Leonardo Bravo, Juez de la Sala Penal de la provincia de Loja. </p>
<p>[/et_pb_text][et_pb_gallery _builder_version=»3.21&#8243; gallery_ids=»3198&#8243;][/et_pb_gallery][/et_pb_column][et_pb_column type=»1_4&#8243; _builder_version=»3.21&#8243;][et_pb_sidebar _builder_version=»3.21&#8243;][/et_pb_sidebar][/et_pb_column][/et_pb_row][/et_pb_section]</p>

<p>La misión de la defensoría pública es: “Defender gratuitamente a las personas en condiciones económica, social y cultural de vulnerabilidad o en estado de indefensión, garantizando su acceso a la [&hellip;]</p>
