{"id":3184,"date":"2019-03-19T19:16:23","date_gmt":"2019-03-19T19:16:23","guid":{"rendered":"https:\/\/www.defensoria.gob.ec\/?post_type=project&#038;p=3184"},"modified":"2019-03-19T19:16:24","modified_gmt":"2019-03-19T19:16:24","slug":"el-oro-sector-judicial-socializa-ejes-de-trabajo","status":"publish","type":"project","link":"https:\/\/www.defensoria.gob.ec\/?project=el-oro-sector-judicial-socializa-ejes-de-trabajo","title":{"rendered":"El Oro: Sector judicial socializa ejes de trabajo"},"content":{"rendered":"<p>[et_pb_section fb_built=\u00bb1&#8243; _builder_version=\u00bb3.21&#8243;][et_pb_row _builder_version=\u00bb3.21&#8243;][et_pb_column type=\u00bb3_4&#8243; _builder_version=\u00bb3.21&#8243;][et_pb_post_title meta=\u00bboff\u00bb featured_image=\u00bboff\u00bb _builder_version=\u00bb3.21&#8243;][\/et_pb_post_title][et_pb_text text_orientation=\u00bbjustified\u00bb _builder_version=\u00bb3.21&#8243; text_font=\u00bb||||||||\u00bb]<\/p>\n<p>El defensor p\u00fablico provincial de El Oro, Jaime Coello, convoc\u00f3 el 14 de marzo a una reuni\u00f3n de trabajo interinstitucional a integrantes del sector justicia; Fiscal\u00eda, Consejo de la Judicatura y Polic\u00eda, con el fin de articular acciones en beneficio de la ciudadan\u00eda.\u00a0<\/p>\n<p>La autoridad provincial es esta reuni\u00f3n, inform\u00f3 sobre el trabajo que desarrolla la Defensor\u00eda P\u00fablica en la localidad. Nuestra labor, dijo,\u00a0 es garantizar el pleno e igual acceso a la justicia a las personas que por su estado de indefensi\u00f3n o condici\u00f3n econ\u00f3mica no pueden contratar los servicios de un abogado particular. Adem\u00e1s, ratific\u00f3 su compromiso en establecer ejes de trabajo enmarcados en lucha de los derechos.\u00a0<\/p>\n<p>En otro tema informativo, funcionarios de la Defensor\u00eda P\u00fablica Provincial de El Oro y practicantes pre profesionales de Derecho participaron de una capacitaci\u00f3n a nivel provincial organizada por la Procuradur\u00eda General del Estado, la tem\u00e1tica abordada en este encuentro \u201cT\u00e9cnicas de Mediaci\u00f3n y Arbitraje\u201d. Ah\u00ed se conocieron las herramientas para el fomento de la conciliaci\u00f3n como m\u00e9todo alternativo de soluci\u00f3n de las controversias que se conozcan a nivel institucional y que son susceptibles de ser sometidas a estos procedimientos.<\/p>\n<p>[\/et_pb_text][et_pb_gallery _builder_version=\u00bb3.21&#8243; gallery_ids=\u00bb3186,3185&#8243;][\/et_pb_gallery][\/et_pb_column][et_pb_column type=\u00bb1_4&#8243; _builder_version=\u00bb3.21&#8243;][et_pb_sidebar _builder_version=\u00bb3.21&#8243;][\/et_pb_sidebar][\/et_pb_column][\/et_pb_row][\/et_pb_section]<\/p>\n","protected":false},"excerpt":{"rendered":"<p>El defensor p\u00fablico provincial de El Oro, Jaime Coello, convoc\u00f3 el 14 de marzo a una reuni\u00f3n de trabajo interinstitucional a integrantes del sector justicia; Fiscal\u00eda, Consejo de la Judicatura [&hellip;]<\/p>\n","protected":false},"author":1,"featured_media":3185,"comment_status":"open","ping_status":"closed","template":"","meta":{"_et_pb_use_builder":"on","_et_pb_old_content":"","_et_gb_content_width":"","footnotes":""},"project_category":[8],"project_tag":[],"class_list":["post-3184","project","type-project","status-publish","has-post-thumbnail","hentry","project_category-cerca-a-ti"],"_links":{"self":[{"href":"https:\/\/www.defensoria.gob.ec\/index.php?rest_route=\/wp\/v2\/project\/3184","targetHints":{"allow":["GET"]}}],"collection":[{"href":"https:\/\/www.defensoria.gob.ec\/index.php?rest_route=\/wp\/v2\/project"}],"about":[{"href":"https:\/\/www.defensoria.gob.ec\/index.php?rest_route=\/wp\/v2\/types\/project"}],"author":[{"embeddable":true,"href":"https:\/\/www.defensoria.gob.ec\/index.php?rest_route=\/wp\/v2\/users\/1"}],"replies":[{"embeddable":true,"href":"https:\/\/www.defensoria.gob.ec\/index.php?rest_route=%2Fwp%2Fv2%2Fcomments&post=3184"}],"version-history":[{"count":0,"href":"https:\/\/www.defensoria.gob.ec\/index.php?rest_route=\/wp\/v2\/project\/3184\/revisions"}],"wp:featuredmedia":[{"embeddable":true,"href":"https:\/\/www.defensoria.gob.ec\/index.php?rest_route=\/wp\/v2\/media\/3185"}],"wp:attachment":[{"href":"https:\/\/www.defensoria.gob.ec\/index.php?rest_route=%2Fwp%2Fv2%2Fmedia&parent=3184"}],"wp:term":[{"taxonomy":"project_category","embeddable":true,"href":"https:\/\/www.defensoria.gob.ec\/index.php?rest_route=%2Fwp%2Fv2%2Fproject_category&post=3184"},{"taxonomy":"project_tag","embeddable":true,"href":"https:\/\/www.defensoria.gob.ec\/index.php?rest_route=%2Fwp%2Fv2%2Fproject_tag&post=3184"}],"curies":[{"name":"wp","href":"https:\/\/api.w.org\/{rel}","templated":true}]}}

<p>[et_pb_section fb_built=»1&#8243; _builder_version=»3.21&#8243;][et_pb_row _builder_version=»3.21&#8243;][et_pb_column type=»3_4&#8243; _builder_version=»3.21&#8243;][et_pb_post_title meta=»off» featured_image=»off» _builder_version=»3.21&#8243;][/et_pb_post_title][et_pb_text text_orientation=»justified» _builder_version=»3.21&#8243; text_font=»||||||||»]</p>
<p>El defensor público provincial de El Oro, Jaime Coello, convocó el 14 de marzo a una reunión de trabajo interinstitucional a integrantes del sector justicia; Fiscalía, Consejo de la Judicatura y Policía, con el fin de articular acciones en beneficio de la ciudadanía. </p>
<p>La autoridad provincial es esta reunión, informó sobre el trabajo que desarrolla la Defensoría Pública en la localidad. Nuestra labor, dijo,  es garantizar el pleno e igual acceso a la justicia a las personas que por su estado de indefensión o condición económica no pueden contratar los servicios de un abogado particular. Además, ratificó su compromiso en establecer ejes de trabajo enmarcados en lucha de los derechos. </p>
<p>En otro tema informativo, funcionarios de la Defensoría Pública Provincial de El Oro y practicantes pre profesionales de Derecho participaron de una capacitación a nivel provincial organizada por la Procuraduría General del Estado, la temática abordada en este encuentro “Técnicas de Mediación y Arbitraje”. Ahí se conocieron las herramientas para el fomento de la conciliación como método alternativo de solución de las controversias que se conozcan a nivel institucional y que son susceptibles de ser sometidas a estos procedimientos.</p>
<p>[/et_pb_text][et_pb_gallery _builder_version=»3.21&#8243; gallery_ids=»3186,3185&#8243;][/et_pb_gallery][/et_pb_column][et_pb_column type=»1_4&#8243; _builder_version=»3.21&#8243;][et_pb_sidebar _builder_version=»3.21&#8243;][/et_pb_sidebar][/et_pb_column][/et_pb_row][/et_pb_section]</p>

<p>El defensor público provincial de El Oro, Jaime Coello, convocó el 14 de marzo a una reunión de trabajo interinstitucional a integrantes del sector justicia; Fiscalía, Consejo de la Judicatura [&hellip;]</p>
