{"id":3142,"date":"2019-03-14T21:42:59","date_gmt":"2019-03-14T21:42:59","guid":{"rendered":"https:\/\/www.defensoria.gob.ec\/?post_type=project&#038;p=3142"},"modified":"2019-03-14T21:42:59","modified_gmt":"2019-03-14T21:42:59","slug":"el-oro-brigadas-de-informacion-sobre-los-servicios-de-la-defensoria-publica","status":"publish","type":"project","link":"https:\/\/www.defensoria.gob.ec\/?project=el-oro-brigadas-de-informacion-sobre-los-servicios-de-la-defensoria-publica","title":{"rendered":"El Oro: Brigadas de informaci\u00f3n sobre los servicios de la Defensor\u00eda P\u00fablica"},"content":{"rendered":"<p>[et_pb_section fb_built=\u00bb1&#8243; _builder_version=\u00bb3.20.2&#8243;][et_pb_row _builder_version=\u00bb3.20.2&#8243;][et_pb_column type=\u00bb3_4&#8243; _builder_version=\u00bb3.20.2&#8243;][et_pb_post_title meta=\u00bboff\u00bb featured_image=\u00bboff\u00bb _builder_version=\u00bb3.20.2&#8243;][\/et_pb_post_title][et_pb_text text_orientation=\u00bbjustified\u00bb _builder_version=\u00bb3.20.2&#8243; text_font=\u00bb||||||||\u00bb]<\/p>\n<p>El 8 de marzo, como parte de las actividades, de conmemoraci\u00f3n al D\u00eda Internacional de la Mujer, que se desarrollaron en la provincia de El Oro,\u00a0 funcionarios de la Defensor\u00eda P\u00fablica, cumplieron con brigadas de difusi\u00f3n itinerante a la ciudadan\u00eda del cant\u00f3n Huaquillas, la misma que tuvo como objetivo socializar los servicios en el \u00e1rea de v\u00edctimas y generar empoderamiento de las usuarias. Explicaron a la ciudadan\u00eda los principales indicadores de alerta para posibles casos de violencia y la ruta de atenci\u00f3n\u00a0 a las victimas establecidas por el sistema de justicia.<\/p>\n<p>[\/et_pb_text][et_pb_gallery _builder_version=\u00bb3.20.2&#8243; gallery_ids=\u00bb3143&#8243;][\/et_pb_gallery][\/et_pb_column][et_pb_column type=\u00bb1_4&#8243; _builder_version=\u00bb3.20.2&#8243;][et_pb_sidebar _builder_version=\u00bb3.20.2&#8243;][\/et_pb_sidebar][\/et_pb_column][\/et_pb_row][\/et_pb_section]<\/p>\n","protected":false},"excerpt":{"rendered":"<p>El 8 de marzo, como parte de las actividades, de conmemoraci\u00f3n al D\u00eda Internacional de la Mujer, que se desarrollaron en la provincia de El Oro,\u00a0 funcionarios de la Defensor\u00eda [&hellip;]<\/p>\n","protected":false},"author":1,"featured_media":3143,"comment_status":"open","ping_status":"closed","template":"","meta":{"_et_pb_use_builder":"on","_et_pb_old_content":"","_et_gb_content_width":"","footnotes":""},"project_category":[8],"project_tag":[],"class_list":["post-3142","project","type-project","status-publish","has-post-thumbnail","hentry","project_category-cerca-a-ti"],"_links":{"self":[{"href":"https:\/\/www.defensoria.gob.ec\/index.php?rest_route=\/wp\/v2\/project\/3142","targetHints":{"allow":["GET"]}}],"collection":[{"href":"https:\/\/www.defensoria.gob.ec\/index.php?rest_route=\/wp\/v2\/project"}],"about":[{"href":"https:\/\/www.defensoria.gob.ec\/index.php?rest_route=\/wp\/v2\/types\/project"}],"author":[{"embeddable":true,"href":"https:\/\/www.defensoria.gob.ec\/index.php?rest_route=\/wp\/v2\/users\/1"}],"replies":[{"embeddable":true,"href":"https:\/\/www.defensoria.gob.ec\/index.php?rest_route=%2Fwp%2Fv2%2Fcomments&post=3142"}],"version-history":[{"count":0,"href":"https:\/\/www.defensoria.gob.ec\/index.php?rest_route=\/wp\/v2\/project\/3142\/revisions"}],"wp:featuredmedia":[{"embeddable":true,"href":"https:\/\/www.defensoria.gob.ec\/index.php?rest_route=\/wp\/v2\/media\/3143"}],"wp:attachment":[{"href":"https:\/\/www.defensoria.gob.ec\/index.php?rest_route=%2Fwp%2Fv2%2Fmedia&parent=3142"}],"wp:term":[{"taxonomy":"project_category","embeddable":true,"href":"https:\/\/www.defensoria.gob.ec\/index.php?rest_route=%2Fwp%2Fv2%2Fproject_category&post=3142"},{"taxonomy":"project_tag","embeddable":true,"href":"https:\/\/www.defensoria.gob.ec\/index.php?rest_route=%2Fwp%2Fv2%2Fproject_tag&post=3142"}],"curies":[{"name":"wp","href":"https:\/\/api.w.org\/{rel}","templated":true}]}}

El Oro: Brigadas de información sobre los servicios de la Defensoría Pública

<p>[et_pb_section fb_built=»1&#8243; _builder_version=»3.20.2&#8243;][et_pb_row _builder_version=»3.20.2&#8243;][et_pb_column type=»3_4&#8243; _builder_version=»3.20.2&#8243;][et_pb_post_title meta=»off» featured_image=»off» _builder_version=»3.20.2&#8243;][/et_pb_post_title][et_pb_text text_orientation=»justified» _builder_version=»3.20.2&#8243; text_font=»||||||||»]</p>
<p>El 8 de marzo, como parte de las actividades, de conmemoración al Día Internacional de la Mujer, que se desarrollaron en la provincia de El Oro,  funcionarios de la Defensoría Pública, cumplieron con brigadas de difusión itinerante a la ciudadanía del cantón Huaquillas, la misma que tuvo como objetivo socializar los servicios en el área de víctimas y generar empoderamiento de las usuarias. Explicaron a la ciudadanía los principales indicadores de alerta para posibles casos de violencia y la ruta de atención  a las victimas establecidas por el sistema de justicia.</p>
<p>[/et_pb_text][et_pb_gallery _builder_version=»3.20.2&#8243; gallery_ids=»3143&#8243;][/et_pb_gallery][/et_pb_column][et_pb_column type=»1_4&#8243; _builder_version=»3.20.2&#8243;][et_pb_sidebar _builder_version=»3.20.2&#8243;][/et_pb_sidebar][/et_pb_column][/et_pb_row][/et_pb_section]</p>

<p>El 8 de marzo, como parte de las actividades, de conmemoración al Día Internacional de la Mujer, que se desarrollaron en la provincia de El Oro,  funcionarios de la Defensoría [&hellip;]</p>
