{"id":3059,"date":"2019-03-12T19:08:51","date_gmt":"2019-03-12T19:08:51","guid":{"rendered":"https:\/\/www.defensoria.gob.ec\/?post_type=project&#038;p=3059"},"modified":"2019-03-12T20:52:16","modified_gmt":"2019-03-12T20:52:16","slug":"sucumbios-se-lanzo-una-campana-por-el-derecho-de-las-mujeres","status":"publish","type":"project","link":"https:\/\/www.defensoria.gob.ec\/?project=sucumbios-se-lanzo-una-campana-por-el-derecho-de-las-mujeres","title":{"rendered":"Sucumb\u00edos: se lanz\u00f3 una campa\u00f1a por el derecho de las mujeres"},"content":{"rendered":"<p>[et_pb_section fb_built=\u00bb1&#8243; _builder_version=\u00bb3.20.1&#8243;][et_pb_row _builder_version=\u00bb3.20.1&#8243;][et_pb_column type=\u00bb3_4&#8243; _builder_version=\u00bb3.20.1&#8243;][et_pb_post_title meta=\u00bboff\u00bb featured_image=\u00bboff\u00bb _builder_version=\u00bb3.20.1&#8243;][\/et_pb_post_title][et_pb_text _builder_version=\u00bb3.20.1&#8243; text_font=\u00bb||||||||\u00bb text_orientation=\u00bbjustified\u00bb]<\/p>\n<p>La defensora p\u00fablica provincial de Sucumb\u00edos, Edilma Borja, el defensor p\u00fablico del \u00e1rea de patrocinio\u00a0 a V\u00edctimas, Guido Quezada y la integrante de la Mesa Tem\u00e1tica de Erradicaci\u00f3n de Violencia de Genero e Intrafamiliar, Albania Vargas, dictaron una charla a l\u00edderes, usuarias y a representantes\u00a0 de organizaciones sociales, sobre el derecho de las mujeres. Esta intervenci\u00f3n de los funcionarios de la Defensor\u00eda P\u00fablica, se desarroll\u00f3, durante el evento denominado \u201c8 de marzo: conmemoraci\u00f3n de una lucha permanente\u201d.<\/p>\n<p>Adem\u00e1s, participaron en el lanzamiento de la campa\u00f1a \u201cDerecho de las mujeres\u00a0 a una vida libre de violencia\u201d, que cuenta con el apoyo del Fondo de Poblaci\u00f3n de las Naciones Unidas (UNFPA) y la Fundaci\u00f3n Lunita Lunera.<\/p>\n<p>El 26 y 27 de febrero, la autoridad provincial, tambi\u00e9n particip\u00f3 en la capacitaci\u00f3n sobre: \u201cLa prevenci\u00f3n, identificaci\u00f3n y respuestas potenciales casos de trata\u00a0 de personas en el contexto humanitario\u00a0 de la migraci\u00f3n Venezolana\u201d,\u00a0 organizada por International Organization for Migration (IOM) y el Ministerio del Interior, el que tuvo como finalidad identificar y proponer estrategias de prevenci\u00f3n y detenci\u00f3n de la trata de personas.<\/p>\n<p>[\/et_pb_text][et_pb_gallery gallery_ids=\u00bb3061,3060&#8243; _builder_version=\u00bb3.20.1&#8243;][\/et_pb_gallery][\/et_pb_column][et_pb_column type=\u00bb1_4&#8243; _builder_version=\u00bb3.20.1&#8243;][et_pb_sidebar _builder_version=\u00bb3.20.1&#8243;][\/et_pb_sidebar][\/et_pb_column][\/et_pb_row][\/et_pb_section]<\/p>\n","protected":false},"excerpt":{"rendered":"<p>La defensora p\u00fablica provincial de Sucumb\u00edos, Edilma Borja, el defensor p\u00fablico del \u00e1rea de patrocinio\u00a0 a V\u00edctimas, Guido Quezada y la integrante de la Mesa Tem\u00e1tica de Erradicaci\u00f3n de Violencia [&hellip;]<\/p>\n","protected":false},"author":1,"featured_media":3060,"comment_status":"open","ping_status":"closed","template":"","meta":{"_et_pb_use_builder":"on","_et_pb_old_content":"","_et_gb_content_width":"","footnotes":""},"project_category":[8],"project_tag":[],"class_list":["post-3059","project","type-project","status-publish","has-post-thumbnail","hentry","project_category-cerca-a-ti"],"_links":{"self":[{"href":"https:\/\/www.defensoria.gob.ec\/index.php?rest_route=\/wp\/v2\/project\/3059","targetHints":{"allow":["GET"]}}],"collection":[{"href":"https:\/\/www.defensoria.gob.ec\/index.php?rest_route=\/wp\/v2\/project"}],"about":[{"href":"https:\/\/www.defensoria.gob.ec\/index.php?rest_route=\/wp\/v2\/types\/project"}],"author":[{"embeddable":true,"href":"https:\/\/www.defensoria.gob.ec\/index.php?rest_route=\/wp\/v2\/users\/1"}],"replies":[{"embeddable":true,"href":"https:\/\/www.defensoria.gob.ec\/index.php?rest_route=%2Fwp%2Fv2%2Fcomments&post=3059"}],"version-history":[{"count":0,"href":"https:\/\/www.defensoria.gob.ec\/index.php?rest_route=\/wp\/v2\/project\/3059\/revisions"}],"wp:featuredmedia":[{"embeddable":true,"href":"https:\/\/www.defensoria.gob.ec\/index.php?rest_route=\/wp\/v2\/media\/3060"}],"wp:attachment":[{"href":"https:\/\/www.defensoria.gob.ec\/index.php?rest_route=%2Fwp%2Fv2%2Fmedia&parent=3059"}],"wp:term":[{"taxonomy":"project_category","embeddable":true,"href":"https:\/\/www.defensoria.gob.ec\/index.php?rest_route=%2Fwp%2Fv2%2Fproject_category&post=3059"},{"taxonomy":"project_tag","embeddable":true,"href":"https:\/\/www.defensoria.gob.ec\/index.php?rest_route=%2Fwp%2Fv2%2Fproject_tag&post=3059"}],"curies":[{"name":"wp","href":"https:\/\/api.w.org\/{rel}","templated":true}]}}

Sucumbíos: se lanzó una campaña por el derecho de las mujeres

<p>[et_pb_section fb_built=»1&#8243; _builder_version=»3.20.1&#8243;][et_pb_row _builder_version=»3.20.1&#8243;][et_pb_column type=»3_4&#8243; _builder_version=»3.20.1&#8243;][et_pb_post_title meta=»off» featured_image=»off» _builder_version=»3.20.1&#8243;][/et_pb_post_title][et_pb_text _builder_version=»3.20.1&#8243; text_font=»||||||||» text_orientation=»justified»]</p>
<p>La defensora pública provincial de Sucumbíos, Edilma Borja, el defensor público del área de patrocinio  a Víctimas, Guido Quezada y la integrante de la Mesa Temática de Erradicación de Violencia de Genero e Intrafamiliar, Albania Vargas, dictaron una charla a líderes, usuarias y a representantes  de organizaciones sociales, sobre el derecho de las mujeres. Esta intervención de los funcionarios de la Defensoría Pública, se desarrolló, durante el evento denominado “8 de marzo: conmemoración de una lucha permanente”.</p>
<p>Además, participaron en el lanzamiento de la campaña “Derecho de las mujeres  a una vida libre de violencia”, que cuenta con el apoyo del Fondo de Población de las Naciones Unidas (UNFPA) y la Fundación Lunita Lunera.</p>
<p>El 26 y 27 de febrero, la autoridad provincial, también participó en la capacitación sobre: “La prevención, identificación y respuestas potenciales casos de trata  de personas en el contexto humanitario  de la migración Venezolana”,  organizada por International Organization for Migration (IOM) y el Ministerio del Interior, el que tuvo como finalidad identificar y proponer estrategias de prevención y detención de la trata de personas.</p>
<p>[/et_pb_text][et_pb_gallery gallery_ids=»3061,3060&#8243; _builder_version=»3.20.1&#8243;][/et_pb_gallery][/et_pb_column][et_pb_column type=»1_4&#8243; _builder_version=»3.20.1&#8243;][et_pb_sidebar _builder_version=»3.20.1&#8243;][/et_pb_sidebar][/et_pb_column][/et_pb_row][/et_pb_section]</p>

<p>La defensora pública provincial de Sucumbíos, Edilma Borja, el defensor público del área de patrocinio  a Víctimas, Guido Quezada y la integrante de la Mesa Temática de Erradicación de Violencia [&hellip;]</p>
