{"id":3031,"date":"2019-03-07T21:28:05","date_gmt":"2019-03-07T21:28:05","guid":{"rendered":"https:\/\/www.defensoria.gob.ec\/?post_type=project&#038;p=3031"},"modified":"2019-03-07T21:45:17","modified_gmt":"2019-03-07T21:45:17","slug":"misional-guayas-cuenta-con-nuevo-centro-de-mediacion","status":"publish","type":"project","link":"https:\/\/www.defensoria.gob.ec\/?project=misional-guayas-cuenta-con-nuevo-centro-de-mediacion","title":{"rendered":"Misional: Guayas cuenta con nuevo \u201cCentro de Mediaci\u00f3n\u201d"},"content":{"rendered":"<p>[et_pb_section fb_built=\u00bb1&#8243; _builder_version=\u00bb3.19.18&#8243;][et_pb_row _builder_version=\u00bb3.19.18&#8243;][et_pb_column type=\u00bb3_4&#8243; _builder_version=\u00bb3.19.18&#8243;][et_pb_post_title meta=\u00bboff\u00bb featured_image=\u00bboff\u00bb _builder_version=\u00bb3.19.18&#8243;][\/et_pb_post_title][et_pb_text _builder_version=\u00bb3.19.18&#8243; text_font=\u00bb||||||||\u00bb text_orientation=\u00bbjustified\u00bb]<\/p>\n<p>El Pleno del Consejo de la Judicatura, en sesi\u00f3n ordinaria del 25 de febrero de 2019 resolvi\u00f3 autorizar el registro de un nuevo Centro de Mediaci\u00f3n, dependiente de la Defensor\u00eda P\u00fablica, ubicada en la ciudad de Guayaquil. Para el Defensor P\u00fablico General (s) Dr. Ricardo Morales. \u00a0\u201cEstos nuevos espacios permiten fortalecer los ejes estrat\u00e9gicos de la Instituci\u00f3n, garantizando el acceso a la justicia. A trav\u00e9s de la mediaci\u00f3n, se busca resolver conflictos de una manera efectiva\u201d.<\/p>\n<p>El Defensor P\u00fablico General (s) inform\u00f3 \u00a0que en el 2018, la Defensor\u00eda P\u00fablica resolvi\u00f3 3.071 casos a escala nacional a trav\u00e9s de la mediaci\u00f3n. El Dr. Morales ratific\u00f3 \u00a0el compromiso institucional de seguir brindando \u00a0servicios defensoriales de calidad; \u00a0eficientes y oportunos.<\/p>\n<p>El Nuevo Centro de Mediaci\u00f3n, funcionar\u00e1 en las oficinas de la Defensor\u00eda Provincial del Guayas,\u00a0 ubicadas en la ciudad de Guayaquil, edificio La Previsora; Malec\u00f3n y Nueve de Octubre.<\/p>\n<p>[\/et_pb_text][et_pb_gallery _builder_version=\u00bb3.19.18&#8243; gallery_ids=\u00bb3036&#8243;][\/et_pb_gallery][\/et_pb_column][et_pb_column type=\u00bb1_4&#8243; _builder_version=\u00bb3.19.18&#8243;][et_pb_sidebar _builder_version=\u00bb3.19.18&#8243;][\/et_pb_sidebar][\/et_pb_column][\/et_pb_row][\/et_pb_section]<\/p>\n","protected":false},"excerpt":{"rendered":"<p>El Pleno del Consejo de la Judicatura, en sesi\u00f3n ordinaria del 25 de febrero de 2019 resolvi\u00f3 autorizar el registro de un nuevo Centro de Mediaci\u00f3n, dependiente de la Defensor\u00eda [&hellip;]<\/p>\n","protected":false},"author":1,"featured_media":3036,"comment_status":"open","ping_status":"closed","template":"","meta":{"_et_pb_use_builder":"on","_et_pb_old_content":"","_et_gb_content_width":"","footnotes":""},"project_category":[8],"project_tag":[],"class_list":["post-3031","project","type-project","status-publish","has-post-thumbnail","hentry","project_category-cerca-a-ti"],"_links":{"self":[{"href":"https:\/\/www.defensoria.gob.ec\/index.php?rest_route=\/wp\/v2\/project\/3031","targetHints":{"allow":["GET"]}}],"collection":[{"href":"https:\/\/www.defensoria.gob.ec\/index.php?rest_route=\/wp\/v2\/project"}],"about":[{"href":"https:\/\/www.defensoria.gob.ec\/index.php?rest_route=\/wp\/v2\/types\/project"}],"author":[{"embeddable":true,"href":"https:\/\/www.defensoria.gob.ec\/index.php?rest_route=\/wp\/v2\/users\/1"}],"replies":[{"embeddable":true,"href":"https:\/\/www.defensoria.gob.ec\/index.php?rest_route=%2Fwp%2Fv2%2Fcomments&post=3031"}],"version-history":[{"count":0,"href":"https:\/\/www.defensoria.gob.ec\/index.php?rest_route=\/wp\/v2\/project\/3031\/revisions"}],"wp:featuredmedia":[{"embeddable":true,"href":"https:\/\/www.defensoria.gob.ec\/index.php?rest_route=\/wp\/v2\/media\/3036"}],"wp:attachment":[{"href":"https:\/\/www.defensoria.gob.ec\/index.php?rest_route=%2Fwp%2Fv2%2Fmedia&parent=3031"}],"wp:term":[{"taxonomy":"project_category","embeddable":true,"href":"https:\/\/www.defensoria.gob.ec\/index.php?rest_route=%2Fwp%2Fv2%2Fproject_category&post=3031"},{"taxonomy":"project_tag","embeddable":true,"href":"https:\/\/www.defensoria.gob.ec\/index.php?rest_route=%2Fwp%2Fv2%2Fproject_tag&post=3031"}],"curies":[{"name":"wp","href":"https:\/\/api.w.org\/{rel}","templated":true}]}}

Misional: Guayas cuenta con nuevo “Centro de Mediación”

<p>[et_pb_section fb_built=»1&#8243; _builder_version=»3.19.18&#8243;][et_pb_row _builder_version=»3.19.18&#8243;][et_pb_column type=»3_4&#8243; _builder_version=»3.19.18&#8243;][et_pb_post_title meta=»off» featured_image=»off» _builder_version=»3.19.18&#8243;][/et_pb_post_title][et_pb_text _builder_version=»3.19.18&#8243; text_font=»||||||||» text_orientation=»justified»]</p>
<p>El Pleno del Consejo de la Judicatura, en sesión ordinaria del 25 de febrero de 2019 resolvió autorizar el registro de un nuevo Centro de Mediación, dependiente de la Defensoría Pública, ubicada en la ciudad de Guayaquil. Para el Defensor Público General (s) Dr. Ricardo Morales.  “Estos nuevos espacios permiten fortalecer los ejes estratégicos de la Institución, garantizando el acceso a la justicia. A través de la mediación, se busca resolver conflictos de una manera efectiva”.</p>
<p>El Defensor Público General (s) informó  que en el 2018, la Defensoría Pública resolvió 3.071 casos a escala nacional a través de la mediación. El Dr. Morales ratificó  el compromiso institucional de seguir brindando  servicios defensoriales de calidad;  eficientes y oportunos.</p>
<p>El Nuevo Centro de Mediación, funcionará en las oficinas de la Defensoría Provincial del Guayas,  ubicadas en la ciudad de Guayaquil, edificio La Previsora; Malecón y Nueve de Octubre.</p>
<p>[/et_pb_text][et_pb_gallery _builder_version=»3.19.18&#8243; gallery_ids=»3036&#8243;][/et_pb_gallery][/et_pb_column][et_pb_column type=»1_4&#8243; _builder_version=»3.19.18&#8243;][et_pb_sidebar _builder_version=»3.19.18&#8243;][/et_pb_sidebar][/et_pb_column][/et_pb_row][/et_pb_section]</p>

<p>El Pleno del Consejo de la Judicatura, en sesión ordinaria del 25 de febrero de 2019 resolvió autorizar el registro de un nuevo Centro de Mediación, dependiente de la Defensoría [&hellip;]</p>
