{"id":2933,"date":"2019-02-26T15:19:52","date_gmt":"2019-02-26T15:19:52","guid":{"rendered":"https:\/\/www.defensoria.gob.ec\/?post_type=project&#038;p=2933"},"modified":"2019-02-26T15:19:52","modified_gmt":"2019-02-26T15:19:52","slug":"chimborazo-se-realizo-difusion-de-servicios","status":"publish","type":"project","link":"https:\/\/www.defensoria.gob.ec\/?project=chimborazo-se-realizo-difusion-de-servicios","title":{"rendered":"Chimborazo: se realiz\u00f3 difusi\u00f3n de servicios"},"content":{"rendered":"<p>[et_pb_section fb_built=\u00bb1&#8243; _builder_version=\u00bb3.19.17&#8243;][et_pb_row _builder_version=\u00bb3.19.17&#8243;][et_pb_column type=\u00bb3_4&#8243; _builder_version=\u00bb3.19.17&#8243;][et_pb_post_title meta=\u00bboff\u00bb featured_image=\u00bboff\u00bb _builder_version=\u00bb3.19.17&#8243;][\/et_pb_post_title][et_pb_text _builder_version=\u00bb3.19.17&#8243; text_font=\u00bb||||||||\u00bb]<\/p>\n<p>El defensor p\u00fablico provincial de Chimborazo, Freddy Garz\u00f3n, difundi\u00f3 los servicios que ofrece la instituci\u00f3n durante una entrevista realizada el 19 de febrero, en una radio Fant\u00e1stica.<\/p>\n<p>De igual\u00a0 manera, el 13 de febrero, la autoridad provincial particip\u00f3 en el evento de difusi\u00f3n desarrollado en la Universidad Aut\u00f3noma de los Andes, de Riobamba, en donde 60 estudiantes de la Facultad de Derecho conocieron las actividades que realiza la Defensor\u00eda P\u00fablica.<\/p>\n<p>[\/et_pb_text][et_pb_gallery _builder_version=\u00bb3.19.17&#8243; gallery_ids=\u00bb2935,2934&#8243;][\/et_pb_gallery][\/et_pb_column][et_pb_column type=\u00bb1_4&#8243; _builder_version=\u00bb3.19.17&#8243;][et_pb_sidebar _builder_version=\u00bb3.19.17&#8243;][\/et_pb_sidebar][\/et_pb_column][\/et_pb_row][\/et_pb_section]<\/p>\n","protected":false},"excerpt":{"rendered":"<p>El defensor p\u00fablico provincial de Chimborazo, Freddy Garz\u00f3n, difundi\u00f3 los servicios que ofrece la instituci\u00f3n durante una entrevista realizada el 19 de febrero, en una radio Fant\u00e1stica. De igual\u00a0 manera, [&hellip;]<\/p>\n","protected":false},"author":1,"featured_media":2934,"comment_status":"open","ping_status":"closed","template":"","meta":{"_et_pb_use_builder":"on","_et_pb_old_content":"","_et_gb_content_width":"","footnotes":""},"project_category":[8],"project_tag":[],"class_list":["post-2933","project","type-project","status-publish","has-post-thumbnail","hentry","project_category-cerca-a-ti"],"_links":{"self":[{"href":"https:\/\/www.defensoria.gob.ec\/index.php?rest_route=\/wp\/v2\/project\/2933","targetHints":{"allow":["GET"]}}],"collection":[{"href":"https:\/\/www.defensoria.gob.ec\/index.php?rest_route=\/wp\/v2\/project"}],"about":[{"href":"https:\/\/www.defensoria.gob.ec\/index.php?rest_route=\/wp\/v2\/types\/project"}],"author":[{"embeddable":true,"href":"https:\/\/www.defensoria.gob.ec\/index.php?rest_route=\/wp\/v2\/users\/1"}],"replies":[{"embeddable":true,"href":"https:\/\/www.defensoria.gob.ec\/index.php?rest_route=%2Fwp%2Fv2%2Fcomments&post=2933"}],"version-history":[{"count":0,"href":"https:\/\/www.defensoria.gob.ec\/index.php?rest_route=\/wp\/v2\/project\/2933\/revisions"}],"wp:featuredmedia":[{"embeddable":true,"href":"https:\/\/www.defensoria.gob.ec\/index.php?rest_route=\/wp\/v2\/media\/2934"}],"wp:attachment":[{"href":"https:\/\/www.defensoria.gob.ec\/index.php?rest_route=%2Fwp%2Fv2%2Fmedia&parent=2933"}],"wp:term":[{"taxonomy":"project_category","embeddable":true,"href":"https:\/\/www.defensoria.gob.ec\/index.php?rest_route=%2Fwp%2Fv2%2Fproject_category&post=2933"},{"taxonomy":"project_tag","embeddable":true,"href":"https:\/\/www.defensoria.gob.ec\/index.php?rest_route=%2Fwp%2Fv2%2Fproject_tag&post=2933"}],"curies":[{"name":"wp","href":"https:\/\/api.w.org\/{rel}","templated":true}]}}

Chimborazo: se realizó difusión de servicios

<p>[et_pb_section fb_built=»1&#8243; _builder_version=»3.19.17&#8243;][et_pb_row _builder_version=»3.19.17&#8243;][et_pb_column type=»3_4&#8243; _builder_version=»3.19.17&#8243;][et_pb_post_title meta=»off» featured_image=»off» _builder_version=»3.19.17&#8243;][/et_pb_post_title][et_pb_text _builder_version=»3.19.17&#8243; text_font=»||||||||»]</p>
<p>El defensor público provincial de Chimborazo, Freddy Garzón, difundió los servicios que ofrece la institución durante una entrevista realizada el 19 de febrero, en una radio Fantástica.</p>
<p>De igual  manera, el 13 de febrero, la autoridad provincial participó en el evento de difusión desarrollado en la Universidad Autónoma de los Andes, de Riobamba, en donde 60 estudiantes de la Facultad de Derecho conocieron las actividades que realiza la Defensoría Pública.</p>
<p>[/et_pb_text][et_pb_gallery _builder_version=»3.19.17&#8243; gallery_ids=»2935,2934&#8243;][/et_pb_gallery][/et_pb_column][et_pb_column type=»1_4&#8243; _builder_version=»3.19.17&#8243;][et_pb_sidebar _builder_version=»3.19.17&#8243;][/et_pb_sidebar][/et_pb_column][/et_pb_row][/et_pb_section]</p>

<p>El defensor público provincial de Chimborazo, Freddy Garzón, difundió los servicios que ofrece la institución durante una entrevista realizada el 19 de febrero, en una radio Fantástica. De igual  manera, [&hellip;]</p>
