{"id":2888,"date":"2019-02-21T21:12:41","date_gmt":"2019-02-21T21:12:41","guid":{"rendered":"https:\/\/www.defensoria.gob.ec\/?post_type=project&#038;p=2888"},"modified":"2019-02-21T21:12:41","modified_gmt":"2019-02-21T21:12:41","slug":"esmeraldas-reunion-interinstitucional-para-fortalecer-la-gestion-de-la-defensoria-publica","status":"publish","type":"project","link":"https:\/\/www.defensoria.gob.ec\/?project=esmeraldas-reunion-interinstitucional-para-fortalecer-la-gestion-de-la-defensoria-publica","title":{"rendered":"Esmeraldas: reuni\u00f3n interinstitucional para fortalecer la gesti\u00f3n de la Defensor\u00eda P\u00fablica"},"content":{"rendered":"<p>[et_pb_section fb_built=\u00bb1&#8243; _builder_version=\u00bb3.19.15&#8243;][et_pb_row _builder_version=\u00bb3.19.15&#8243;][et_pb_column type=\u00bb3_4&#8243; _builder_version=\u00bb3.19.15&#8243;][et_pb_post_title meta=\u00bboff\u00bb featured_image=\u00bboff\u00bb _builder_version=\u00bb3.19.15&#8243;][\/et_pb_post_title][et_pb_text text_orientation=\u00bbjustified\u00bb _builder_version=\u00bb3.19.15&#8243; text_font=\u00bb||||||||\u00bb]<\/p>\n<p>El lunes 11 de febrero, Freddy Cuero Caicedo, defensor p\u00fablico provincial de Esmeraldas, fue invitado por RET International, organizaci\u00f3n humanitaria comprometida con la protecci\u00f3n de los j\u00f3venes vulnerables a trav\u00e9s de la educaci\u00f3n, a participar en el taller de fortalecimiento de protecci\u00f3n infantil con enfoque de derechos. El encuentro se desarroll\u00f3 en el cant\u00f3n Muisne.<\/p>\n<p>Estos espacios permiten fortalecer las capacidades individuales e institucionales del Sistema de Protecci\u00f3n local, con el fin de mejorar las pr\u00e1cticas de identificaci\u00f3n de riesgos y vulnerabilidades en la protecci\u00f3n infantil. Adem\u00e1s, de conocer los protocolos de respuesta de violencia basados en g\u00e9nero y derechos, explic\u00f3 el defensor p\u00fablico provincial, quien ratific\u00f3 su compromiso en promover, respetar y garantizar los derechos de los ni\u00f1os, ni\u00f1as y adolescente.<\/p>\n<p>[\/et_pb_text][et_pb_gallery _builder_version=\u00bb3.19.15&#8243; gallery_ids=\u00bb2889&#8243;][\/et_pb_gallery][\/et_pb_column][et_pb_column type=\u00bb1_4&#8243; _builder_version=\u00bb3.19.15&#8243;][et_pb_sidebar _builder_version=\u00bb3.19.15&#8243;][\/et_pb_sidebar][\/et_pb_column][\/et_pb_row][\/et_pb_section]<\/p>\n","protected":false},"excerpt":{"rendered":"<p>El lunes 11 de febrero, Freddy Cuero Caicedo, defensor p\u00fablico provincial de Esmeraldas, fue invitado por RET International, organizaci\u00f3n humanitaria comprometida con la protecci\u00f3n de los j\u00f3venes vulnerables a trav\u00e9s [&hellip;]<\/p>\n","protected":false},"author":1,"featured_media":2889,"comment_status":"open","ping_status":"closed","template":"","meta":{"_et_pb_use_builder":"on","_et_pb_old_content":"","_et_gb_content_width":"","footnotes":""},"project_category":[8],"project_tag":[],"class_list":["post-2888","project","type-project","status-publish","has-post-thumbnail","hentry","project_category-cerca-a-ti"],"_links":{"self":[{"href":"https:\/\/www.defensoria.gob.ec\/index.php?rest_route=\/wp\/v2\/project\/2888","targetHints":{"allow":["GET"]}}],"collection":[{"href":"https:\/\/www.defensoria.gob.ec\/index.php?rest_route=\/wp\/v2\/project"}],"about":[{"href":"https:\/\/www.defensoria.gob.ec\/index.php?rest_route=\/wp\/v2\/types\/project"}],"author":[{"embeddable":true,"href":"https:\/\/www.defensoria.gob.ec\/index.php?rest_route=\/wp\/v2\/users\/1"}],"replies":[{"embeddable":true,"href":"https:\/\/www.defensoria.gob.ec\/index.php?rest_route=%2Fwp%2Fv2%2Fcomments&post=2888"}],"version-history":[{"count":0,"href":"https:\/\/www.defensoria.gob.ec\/index.php?rest_route=\/wp\/v2\/project\/2888\/revisions"}],"wp:featuredmedia":[{"embeddable":true,"href":"https:\/\/www.defensoria.gob.ec\/index.php?rest_route=\/wp\/v2\/media\/2889"}],"wp:attachment":[{"href":"https:\/\/www.defensoria.gob.ec\/index.php?rest_route=%2Fwp%2Fv2%2Fmedia&parent=2888"}],"wp:term":[{"taxonomy":"project_category","embeddable":true,"href":"https:\/\/www.defensoria.gob.ec\/index.php?rest_route=%2Fwp%2Fv2%2Fproject_category&post=2888"},{"taxonomy":"project_tag","embeddable":true,"href":"https:\/\/www.defensoria.gob.ec\/index.php?rest_route=%2Fwp%2Fv2%2Fproject_tag&post=2888"}],"curies":[{"name":"wp","href":"https:\/\/api.w.org\/{rel}","templated":true}]}}

Esmeraldas: reunión interinstitucional para fortalecer la gestión de la Defensoría Pública

<p>[et_pb_section fb_built=»1&#8243; _builder_version=»3.19.15&#8243;][et_pb_row _builder_version=»3.19.15&#8243;][et_pb_column type=»3_4&#8243; _builder_version=»3.19.15&#8243;][et_pb_post_title meta=»off» featured_image=»off» _builder_version=»3.19.15&#8243;][/et_pb_post_title][et_pb_text text_orientation=»justified» _builder_version=»3.19.15&#8243; text_font=»||||||||»]</p>
<p>El lunes 11 de febrero, Freddy Cuero Caicedo, defensor público provincial de Esmeraldas, fue invitado por RET International, organización humanitaria comprometida con la protección de los jóvenes vulnerables a través de la educación, a participar en el taller de fortalecimiento de protección infantil con enfoque de derechos. El encuentro se desarrolló en el cantón Muisne.</p>
<p>Estos espacios permiten fortalecer las capacidades individuales e institucionales del Sistema de Protección local, con el fin de mejorar las prácticas de identificación de riesgos y vulnerabilidades en la protección infantil. Además, de conocer los protocolos de respuesta de violencia basados en género y derechos, explicó el defensor público provincial, quien ratificó su compromiso en promover, respetar y garantizar los derechos de los niños, niñas y adolescente.</p>
<p>[/et_pb_text][et_pb_gallery _builder_version=»3.19.15&#8243; gallery_ids=»2889&#8243;][/et_pb_gallery][/et_pb_column][et_pb_column type=»1_4&#8243; _builder_version=»3.19.15&#8243;][et_pb_sidebar _builder_version=»3.19.15&#8243;][/et_pb_sidebar][/et_pb_column][/et_pb_row][/et_pb_section]</p>

<p>El lunes 11 de febrero, Freddy Cuero Caicedo, defensor público provincial de Esmeraldas, fue invitado por RET International, organización humanitaria comprometida con la protección de los jóvenes vulnerables a través [&hellip;]</p>
