{"id":2882,"date":"2019-02-21T21:05:50","date_gmt":"2019-02-21T21:05:50","guid":{"rendered":"https:\/\/www.defensoria.gob.ec\/?post_type=project&#038;p=2882"},"modified":"2019-02-21T21:08:38","modified_gmt":"2019-02-21T21:08:38","slug":"guayas-reunion-interinstitucional-y-taller-de-violencia-contra-la-mujer","status":"publish","type":"project","link":"https:\/\/www.defensoria.gob.ec\/?project=guayas-reunion-interinstitucional-y-taller-de-violencia-contra-la-mujer","title":{"rendered":"Guayas: reuni\u00f3n interinstitucional y taller de violencia contra la mujer"},"content":{"rendered":"<p>[et_pb_section fb_built=\u00bb1&#8243; _builder_version=\u00bb3.19.15&#8243;][et_pb_row _builder_version=\u00bb3.19.15&#8243;][et_pb_column type=\u00bb3_4&#8243; _builder_version=\u00bb3.19.15&#8243;][et_pb_post_title meta=\u00bboff\u00bb featured_image=\u00bboff\u00bb _builder_version=\u00bb3.19.15&#8243;][\/et_pb_post_title][et_pb_text text_orientation=\u00bbjustified\u00bb _builder_version=\u00bb3.19.15&#8243; text_font=\u00bb||||||||\u00bb]<\/p>\n<p>El 19 de febrero, Michele Portaluppi, defensora p\u00fablica Regional del Litoral y Cindy Cede\u00f1o, defensora p\u00fablica provincial del Guayas, participaron en la Rendici\u00f3n de Cuentas del Tribunal Contencioso Electoral (TCE) presidido por Joaqu\u00edn Viteri.<\/p>\n<p>Portaluppi, sostuvo que el trabajo coordinado permite fortalecer lazos de colaboraci\u00f3n con el fin de brindar un servicio integral y de calidad a la ciudadan\u00eda.<\/p>\n<p>As\u00ed tambi\u00e9n, el 15 de febrero las autoridades, regional y provincial, participaron en la Rendici\u00f3n de Cuentas del\u00a0 titular de la Fiscal\u00eda del Guayas, Edmundo Briones, quien destac\u00f3 la labor de la Defensor\u00eda P\u00fablica en la atenci\u00f3n oportuna a las v\u00edctimas de violencia de g\u00e9nero.<\/p>\n<p>El mismo d\u00eda, 90 estudiantes de facultad de Derecho de la Universidad Estatal de Guayaquil, participaron del taller \u201cLa cruzada nacional de violencia contra la mujer\u201d.<\/p>\n<p>Con un auditorio lleno, la defensora p\u00fablica del Guayas, Cindy Cede\u00f1o; la jefa del \u00e1rea de v\u00edctimas, Jhael Zambrano; y, el defensor p\u00fablicos, Efrain Villanueva, hablaron sobre las formas de violencia y c\u00f3mo hacer una denuncia. Adem\u00e1s, se abri\u00f3 un debate sobre la agresi\u00f3n f\u00edsica, psicol\u00f3gica y sexual.<\/p>\n<p>La defensora p\u00fablica Regional del Litoral indic\u00f3 que la instituci\u00f3n brinda asesor\u00eda legal gratuita a aquellas personas que sufren alg\u00fan tipo de violencia, garantizando sus derechos.<\/p>\n<p>[\/et_pb_text][et_pb_gallery _builder_version=\u00bb3.19.15&#8243; gallery_ids=\u00bb2885,2884,2883&#8243;][\/et_pb_gallery][\/et_pb_column][et_pb_column type=\u00bb1_4&#8243; _builder_version=\u00bb3.19.15&#8243;][et_pb_sidebar _builder_version=\u00bb3.19.15&#8243;][\/et_pb_sidebar][\/et_pb_column][\/et_pb_row][\/et_pb_section]<\/p>\n","protected":false},"excerpt":{"rendered":"<p>El 19 de febrero, Michele Portaluppi, defensora p\u00fablica Regional del Litoral y Cindy Cede\u00f1o, defensora p\u00fablica provincial del Guayas, participaron en la Rendici\u00f3n de Cuentas del Tribunal Contencioso Electoral (TCE) [&hellip;]<\/p>\n","protected":false},"author":1,"featured_media":2883,"comment_status":"open","ping_status":"closed","template":"","meta":{"_et_pb_use_builder":"on","_et_pb_old_content":"","_et_gb_content_width":"","footnotes":""},"project_category":[8],"project_tag":[],"class_list":["post-2882","project","type-project","status-publish","has-post-thumbnail","hentry","project_category-cerca-a-ti"],"_links":{"self":[{"href":"https:\/\/www.defensoria.gob.ec\/index.php?rest_route=\/wp\/v2\/project\/2882","targetHints":{"allow":["GET"]}}],"collection":[{"href":"https:\/\/www.defensoria.gob.ec\/index.php?rest_route=\/wp\/v2\/project"}],"about":[{"href":"https:\/\/www.defensoria.gob.ec\/index.php?rest_route=\/wp\/v2\/types\/project"}],"author":[{"embeddable":true,"href":"https:\/\/www.defensoria.gob.ec\/index.php?rest_route=\/wp\/v2\/users\/1"}],"replies":[{"embeddable":true,"href":"https:\/\/www.defensoria.gob.ec\/index.php?rest_route=%2Fwp%2Fv2%2Fcomments&post=2882"}],"version-history":[{"count":0,"href":"https:\/\/www.defensoria.gob.ec\/index.php?rest_route=\/wp\/v2\/project\/2882\/revisions"}],"wp:featuredmedia":[{"embeddable":true,"href":"https:\/\/www.defensoria.gob.ec\/index.php?rest_route=\/wp\/v2\/media\/2883"}],"wp:attachment":[{"href":"https:\/\/www.defensoria.gob.ec\/index.php?rest_route=%2Fwp%2Fv2%2Fmedia&parent=2882"}],"wp:term":[{"taxonomy":"project_category","embeddable":true,"href":"https:\/\/www.defensoria.gob.ec\/index.php?rest_route=%2Fwp%2Fv2%2Fproject_category&post=2882"},{"taxonomy":"project_tag","embeddable":true,"href":"https:\/\/www.defensoria.gob.ec\/index.php?rest_route=%2Fwp%2Fv2%2Fproject_tag&post=2882"}],"curies":[{"name":"wp","href":"https:\/\/api.w.org\/{rel}","templated":true}]}}

Guayas: reunión interinstitucional y taller de violencia contra la mujer

<p>[et_pb_section fb_built=»1&#8243; _builder_version=»3.19.15&#8243;][et_pb_row _builder_version=»3.19.15&#8243;][et_pb_column type=»3_4&#8243; _builder_version=»3.19.15&#8243;][et_pb_post_title meta=»off» featured_image=»off» _builder_version=»3.19.15&#8243;][/et_pb_post_title][et_pb_text text_orientation=»justified» _builder_version=»3.19.15&#8243; text_font=»||||||||»]</p>
<p>El 19 de febrero, Michele Portaluppi, defensora pública Regional del Litoral y Cindy Cedeño, defensora pública provincial del Guayas, participaron en la Rendición de Cuentas del Tribunal Contencioso Electoral (TCE) presidido por Joaquín Viteri.</p>
<p>Portaluppi, sostuvo que el trabajo coordinado permite fortalecer lazos de colaboración con el fin de brindar un servicio integral y de calidad a la ciudadanía.</p>
<p>Así también, el 15 de febrero las autoridades, regional y provincial, participaron en la Rendición de Cuentas del  titular de la Fiscalía del Guayas, Edmundo Briones, quien destacó la labor de la Defensoría Pública en la atención oportuna a las víctimas de violencia de género.</p>
<p>El mismo día, 90 estudiantes de facultad de Derecho de la Universidad Estatal de Guayaquil, participaron del taller “La cruzada nacional de violencia contra la mujer”.</p>
<p>Con un auditorio lleno, la defensora pública del Guayas, Cindy Cedeño; la jefa del área de víctimas, Jhael Zambrano; y, el defensor públicos, Efrain Villanueva, hablaron sobre las formas de violencia y cómo hacer una denuncia. Además, se abrió un debate sobre la agresión física, psicológica y sexual.</p>
<p>La defensora pública Regional del Litoral indicó que la institución brinda asesoría legal gratuita a aquellas personas que sufren algún tipo de violencia, garantizando sus derechos.</p>
<p>[/et_pb_text][et_pb_gallery _builder_version=»3.19.15&#8243; gallery_ids=»2885,2884,2883&#8243;][/et_pb_gallery][/et_pb_column][et_pb_column type=»1_4&#8243; _builder_version=»3.19.15&#8243;][et_pb_sidebar _builder_version=»3.19.15&#8243;][/et_pb_sidebar][/et_pb_column][/et_pb_row][/et_pb_section]</p>

<p>El 19 de febrero, Michele Portaluppi, defensora pública Regional del Litoral y Cindy Cedeño, defensora pública provincial del Guayas, participaron en la Rendición de Cuentas del Tribunal Contencioso Electoral (TCE) [&hellip;]</p>
