{"id":2859,"date":"2019-02-19T19:40:32","date_gmt":"2019-02-19T19:40:32","guid":{"rendered":"https:\/\/www.defensoria.gob.ec\/?post_type=project&#038;p=2859"},"modified":"2019-02-19T19:40:32","modified_gmt":"2019-02-19T19:40:32","slug":"carchi-se-realizo-socializacion-de-acciones-sobre-movilidad-humana","status":"publish","type":"project","link":"https:\/\/www.defensoria.gob.ec\/?project=carchi-se-realizo-socializacion-de-acciones-sobre-movilidad-humana","title":{"rendered":"Carchi: se realiz\u00f3 socializaci\u00f3n de acciones sobre Movilidad Humana"},"content":{"rendered":"<p>[et_pb_section fb_built=\u00bb1&#8243; _builder_version=\u00bb3.19.13&#8243;][et_pb_row _builder_version=\u00bb3.19.13&#8243;][et_pb_column type=\u00bb3_4&#8243; _builder_version=\u00bb3.19.13&#8243;][et_pb_post_title meta=\u00bboff\u00bb featured_image=\u00bboff\u00bb _builder_version=\u00bb3.19.13&#8243;][\/et_pb_post_title][et_pb_text text_orientation=\u00bbjustified\u00bb _builder_version=\u00bb3.19.13&#8243; text_font=\u00bb||||||||\u00bb]<\/p>\n<p>En la sala de conferencias de la Gobernaci\u00f3n del Carchi, el 14 de febrero, el defensor p\u00fablico provincial, Edison Aldaz y las autoridades locales se reunieron con el equipo t\u00e9cnico de la Oficina del Alto Comisionado de las Naciones Unidas para los Derechos Humanos, con el fin de socializar las acciones desarrollada a favor de las personas en condiciones de movilidad humana.<\/p>\n<p>En la cita, la Defensor\u00eda P\u00fablica explic\u00f3 los patrocinios y acompa\u00f1amientos realizados dentro del marco de sus competencias, mientras que los delegados de ACNUR formularon observaciones en cuanto a situaciones de control y legalidad en los procesos.<\/p>\n<audio class=\"wp-audio-shortcode\" id=\"audio-2859-1\" preload=\"none\" style=\"width: 100%;\" controls=\"controls\"><source type=\"audio\/mpeg\" src=\"https:\/\/www.defensoria.gob.ec\/wp-content\/uploads\/2019\/02\/carchi-1.mp3?_=1\" \/><a href=\"https:\/\/www.defensoria.gob.ec\/wp-content\/uploads\/2019\/02\/carchi-1.mp3\">https:\/\/www.defensoria.gob.ec\/wp-content\/uploads\/2019\/02\/carchi-1.mp3<\/a><\/audio>\n<p>&nbsp;<\/p>\n<p>[\/et_pb_text][et_pb_gallery _builder_version=\u00bb3.19.13&#8243; gallery_ids=\u00bb2862,2861,2860&#8243;][\/et_pb_gallery][\/et_pb_column][et_pb_column type=\u00bb1_4&#8243; _builder_version=\u00bb3.19.13&#8243;][et_pb_sidebar _builder_version=\u00bb3.19.13&#8243;][\/et_pb_sidebar][\/et_pb_column][\/et_pb_row][\/et_pb_section]<\/p>\n","protected":false},"excerpt":{"rendered":"<p>En la sala de conferencias de la Gobernaci\u00f3n del Carchi, el 14 de febrero, el defensor p\u00fablico provincial, Edison Aldaz y las autoridades locales se reunieron con el equipo t\u00e9cnico [&hellip;]<\/p>\n","protected":false},"author":1,"featured_media":2860,"comment_status":"open","ping_status":"closed","template":"","meta":{"_et_pb_use_builder":"on","_et_pb_old_content":"","_et_gb_content_width":"","footnotes":""},"project_category":[8],"project_tag":[],"class_list":["post-2859","project","type-project","status-publish","has-post-thumbnail","hentry","project_category-cerca-a-ti"],"_links":{"self":[{"href":"https:\/\/www.defensoria.gob.ec\/index.php?rest_route=\/wp\/v2\/project\/2859","targetHints":{"allow":["GET"]}}],"collection":[{"href":"https:\/\/www.defensoria.gob.ec\/index.php?rest_route=\/wp\/v2\/project"}],"about":[{"href":"https:\/\/www.defensoria.gob.ec\/index.php?rest_route=\/wp\/v2\/types\/project"}],"author":[{"embeddable":true,"href":"https:\/\/www.defensoria.gob.ec\/index.php?rest_route=\/wp\/v2\/users\/1"}],"replies":[{"embeddable":true,"href":"https:\/\/www.defensoria.gob.ec\/index.php?rest_route=%2Fwp%2Fv2%2Fcomments&post=2859"}],"version-history":[{"count":0,"href":"https:\/\/www.defensoria.gob.ec\/index.php?rest_route=\/wp\/v2\/project\/2859\/revisions"}],"wp:featuredmedia":[{"embeddable":true,"href":"https:\/\/www.defensoria.gob.ec\/index.php?rest_route=\/wp\/v2\/media\/2860"}],"wp:attachment":[{"href":"https:\/\/www.defensoria.gob.ec\/index.php?rest_route=%2Fwp%2Fv2%2Fmedia&parent=2859"}],"wp:term":[{"taxonomy":"project_category","embeddable":true,"href":"https:\/\/www.defensoria.gob.ec\/index.php?rest_route=%2Fwp%2Fv2%2Fproject_category&post=2859"},{"taxonomy":"project_tag","embeddable":true,"href":"https:\/\/www.defensoria.gob.ec\/index.php?rest_route=%2Fwp%2Fv2%2Fproject_tag&post=2859"}],"curies":[{"name":"wp","href":"https:\/\/api.w.org\/{rel}","templated":true}]}}

Carchi: se realizó socialización de acciones sobre Movilidad Humana

<p>[et_pb_section fb_built=»1&#8243; _builder_version=»3.19.13&#8243;][et_pb_row _builder_version=»3.19.13&#8243;][et_pb_column type=»3_4&#8243; _builder_version=»3.19.13&#8243;][et_pb_post_title meta=»off» featured_image=»off» _builder_version=»3.19.13&#8243;][/et_pb_post_title][et_pb_text text_orientation=»justified» _builder_version=»3.19.13&#8243; text_font=»||||||||»]</p>
<p>En la sala de conferencias de la Gobernación del Carchi, el 14 de febrero, el defensor público provincial, Edison Aldaz y las autoridades locales se reunieron con el equipo técnico de la Oficina del Alto Comisionado de las Naciones Unidas para los Derechos Humanos, con el fin de socializar las acciones desarrollada a favor de las personas en condiciones de movilidad humana.</p>
<p>En la cita, la Defensoría Pública explicó los patrocinios y acompañamientos realizados dentro del marco de sus competencias, mientras que los delegados de ACNUR formularon observaciones en cuanto a situaciones de control y legalidad en los procesos.</p>
<audio class="wp-audio-shortcode" id="audio-2859-1" preload="none" style="width: 100%;" controls="controls"><source type="audio/mpeg" src="https://www.defensoria.gob.ec/wp-content/uploads/2019/02/carchi-1.mp3?_=1" /><a href="https://www.defensoria.gob.ec/wp-content/uploads/2019/02/carchi-1.mp3">https://www.defensoria.gob.ec/wp-content/uploads/2019/02/carchi-1.mp3</a></audio>
<p>&nbsp;</p>
<p>[/et_pb_text][et_pb_gallery _builder_version=»3.19.13&#8243; gallery_ids=»2862,2861,2860&#8243;][/et_pb_gallery][/et_pb_column][et_pb_column type=»1_4&#8243; _builder_version=»3.19.13&#8243;][et_pb_sidebar _builder_version=»3.19.13&#8243;][/et_pb_sidebar][/et_pb_column][/et_pb_row][/et_pb_section]</p>

<p>En la sala de conferencias de la Gobernación del Carchi, el 14 de febrero, el defensor público provincial, Edison Aldaz y las autoridades locales se reunieron con el equipo técnico [&hellip;]</p>
