{"id":2822,"date":"2019-02-14T19:53:57","date_gmt":"2019-02-14T19:53:57","guid":{"rendered":"https:\/\/www.defensoria.gob.ec\/?post_type=project&#038;p=2822"},"modified":"2019-02-14T19:53:58","modified_gmt":"2019-02-14T19:53:58","slug":"santo-domingo-se-tomaron-acciones-para-fortalecer-el-servicio-a-los-usuarios","status":"publish","type":"project","link":"https:\/\/www.defensoria.gob.ec\/?project=santo-domingo-se-tomaron-acciones-para-fortalecer-el-servicio-a-los-usuarios","title":{"rendered":"Santo Domingo: se tomaron acciones para fortalecer el servicio a los usuarios"},"content":{"rendered":"<p>[et_pb_section fb_built=\u00bb1&#8243; _builder_version=\u00bb3.19.13&#8243;][et_pb_row _builder_version=\u00bb3.19.13&#8243;][et_pb_column type=\u00bb3_4&#8243; _builder_version=\u00bb3.19.13&#8243;][et_pb_post_title meta=\u00bboff\u00bb featured_image=\u00bboff\u00bb _builder_version=\u00bb3.19.13&#8243;][\/et_pb_post_title][et_pb_text text_orientation=\u00bbjustified\u00bb _builder_version=\u00bb3.19.13&#8243; text_font=\u00bb||||||||\u00bb]<\/p>\n<p>La Defensor\u00eda P\u00fablica de Santo Domingo de los Ts\u00e1chilas, acudi\u00f3, el 6 de febrero, a la reuni\u00f3n de la Mesa de Justicia del cant\u00f3n La Concordia, donde se analiz\u00f3 la preocupante desconfianza en la justicia, por parte de los ciudadanos de esta localidad.<\/p>\n<p>Al respecto, el defensor p\u00fablico provincial, Mauricio Sotal\u00edn, manifest\u00f3 que se deben socializar los procedimientos de la ley y las sanciones que se aplican, para retomar la confianza de los usuarios.<\/p>\n<p>A la Mesa de Justicia asistieron tambi\u00e9n, el defensor p\u00fablico de La Concordia, Joselo Campuzano; la delegada del Consejo de la Judicatura, Janeth Valverde; la fiscal provincial, Pilar Mor\u00e1n; el jefe de Antinarc\u00f3ticos, Dario Tinajero; el subjefe de Polic\u00eda Fredy Jara; y, los jueces del cant\u00f3n.<\/p>\n<p>De igual manera, el 5 de febrero, la autoridad provincial mantuvo una reuni\u00f3n de trabajo con la delegada del Consejo de la Judicatura y con la fiscal, para conocer la nueva propuesta de aplicaci\u00f3n de turnos de flagrancia, con el\u00a0 fin de optimizar recursos y se coordinaron las acciones interinstitucionales, para una adecuada ejecuci\u00f3n de este plan piloto.<\/p>\n<p>[\/et_pb_text][et_pb_gallery _builder_version=\u00bb3.19.13&#8243; gallery_ids=\u00bb2824,2823&#8243;][\/et_pb_gallery][\/et_pb_column][et_pb_column type=\u00bb1_4&#8243; _builder_version=\u00bb3.19.13&#8243;][et_pb_sidebar _builder_version=\u00bb3.19.13&#8243;][\/et_pb_sidebar][\/et_pb_column][\/et_pb_row][\/et_pb_section]<\/p>\n","protected":false},"excerpt":{"rendered":"<p>La Defensor\u00eda P\u00fablica de Santo Domingo de los Ts\u00e1chilas, acudi\u00f3, el 6 de febrero, a la reuni\u00f3n de la Mesa de Justicia del cant\u00f3n La Concordia, donde se analiz\u00f3 la [&hellip;]<\/p>\n","protected":false},"author":1,"featured_media":2823,"comment_status":"open","ping_status":"closed","template":"","meta":{"_et_pb_use_builder":"on","_et_pb_old_content":"","_et_gb_content_width":"","footnotes":""},"project_category":[8],"project_tag":[],"class_list":["post-2822","project","type-project","status-publish","has-post-thumbnail","hentry","project_category-cerca-a-ti"],"_links":{"self":[{"href":"https:\/\/www.defensoria.gob.ec\/index.php?rest_route=\/wp\/v2\/project\/2822","targetHints":{"allow":["GET"]}}],"collection":[{"href":"https:\/\/www.defensoria.gob.ec\/index.php?rest_route=\/wp\/v2\/project"}],"about":[{"href":"https:\/\/www.defensoria.gob.ec\/index.php?rest_route=\/wp\/v2\/types\/project"}],"author":[{"embeddable":true,"href":"https:\/\/www.defensoria.gob.ec\/index.php?rest_route=\/wp\/v2\/users\/1"}],"replies":[{"embeddable":true,"href":"https:\/\/www.defensoria.gob.ec\/index.php?rest_route=%2Fwp%2Fv2%2Fcomments&post=2822"}],"version-history":[{"count":0,"href":"https:\/\/www.defensoria.gob.ec\/index.php?rest_route=\/wp\/v2\/project\/2822\/revisions"}],"wp:featuredmedia":[{"embeddable":true,"href":"https:\/\/www.defensoria.gob.ec\/index.php?rest_route=\/wp\/v2\/media\/2823"}],"wp:attachment":[{"href":"https:\/\/www.defensoria.gob.ec\/index.php?rest_route=%2Fwp%2Fv2%2Fmedia&parent=2822"}],"wp:term":[{"taxonomy":"project_category","embeddable":true,"href":"https:\/\/www.defensoria.gob.ec\/index.php?rest_route=%2Fwp%2Fv2%2Fproject_category&post=2822"},{"taxonomy":"project_tag","embeddable":true,"href":"https:\/\/www.defensoria.gob.ec\/index.php?rest_route=%2Fwp%2Fv2%2Fproject_tag&post=2822"}],"curies":[{"name":"wp","href":"https:\/\/api.w.org\/{rel}","templated":true}]}}

<p>[et_pb_section fb_built=»1&#8243; _builder_version=»3.19.13&#8243;][et_pb_row _builder_version=»3.19.13&#8243;][et_pb_column type=»3_4&#8243; _builder_version=»3.19.13&#8243;][et_pb_post_title meta=»off» featured_image=»off» _builder_version=»3.19.13&#8243;][/et_pb_post_title][et_pb_text text_orientation=»justified» _builder_version=»3.19.13&#8243; text_font=»||||||||»]</p>
<p>La Defensoría Pública de Santo Domingo de los Tsáchilas, acudió, el 6 de febrero, a la reunión de la Mesa de Justicia del cantón La Concordia, donde se analizó la preocupante desconfianza en la justicia, por parte de los ciudadanos de esta localidad.</p>
<p>Al respecto, el defensor público provincial, Mauricio Sotalín, manifestó que se deben socializar los procedimientos de la ley y las sanciones que se aplican, para retomar la confianza de los usuarios.</p>
<p>A la Mesa de Justicia asistieron también, el defensor público de La Concordia, Joselo Campuzano; la delegada del Consejo de la Judicatura, Janeth Valverde; la fiscal provincial, Pilar Morán; el jefe de Antinarcóticos, Dario Tinajero; el subjefe de Policía Fredy Jara; y, los jueces del cantón.</p>
<p>De igual manera, el 5 de febrero, la autoridad provincial mantuvo una reunión de trabajo con la delegada del Consejo de la Judicatura y con la fiscal, para conocer la nueva propuesta de aplicación de turnos de flagrancia, con el  fin de optimizar recursos y se coordinaron las acciones interinstitucionales, para una adecuada ejecución de este plan piloto.</p>
<p>[/et_pb_text][et_pb_gallery _builder_version=»3.19.13&#8243; gallery_ids=»2824,2823&#8243;][/et_pb_gallery][/et_pb_column][et_pb_column type=»1_4&#8243; _builder_version=»3.19.13&#8243;][et_pb_sidebar _builder_version=»3.19.13&#8243;][/et_pb_sidebar][/et_pb_column][/et_pb_row][/et_pb_section]</p>

<p>La Defensoría Pública de Santo Domingo de los Tsáchilas, acudió, el 6 de febrero, a la reunión de la Mesa de Justicia del cantón La Concordia, donde se analizó la [&hellip;]</p>
