{"id":2813,"date":"2019-02-14T19:50:55","date_gmt":"2019-02-14T19:50:55","guid":{"rendered":"https:\/\/www.defensoria.gob.ec\/?post_type=project&#038;p=2813"},"modified":"2019-02-14T19:51:24","modified_gmt":"2019-02-14T19:51:24","slug":"2813","status":"publish","type":"project","link":"https:\/\/www.defensoria.gob.ec\/?project=2813","title":{"rendered":"Pichincha: se realiz\u00f3 capacitaci\u00f3n en Movilidad Humana y Refugio"},"content":{"rendered":"\n[et_pb_section fb_built=\u00bb1&#8243; _builder_version=\u00bb3.19.13&#8243;][et_pb_row _builder_version=\u00bb3.19.13&#8243;][et_pb_column type=\u00bb3_4&#8243; _builder_version=\u00bb3.19.13&#8243;][et_pb_post_title meta=\u00bboff\u00bb featured_image=\u00bboff\u00bb _builder_version=\u00bb3.19.13&#8243;][\/et_pb_post_title][et_pb_text text_orientation=\u00bbjustified\u00bb _builder_version=\u00bb3.19.13&#8243; text_font=\u00bb||||||||\u00bb]<p>En el edificio matriz de la Defensor\u00eda P\u00fablica se realiz\u00f3,\u00a0 el\u00a0 12 de febrero, la segunda jornada de capacitaci\u00f3n sobre Movilidad Humana y Refugio, dirigida a los defensores p\u00fablicos del\u00a0 \u00e1rea de v\u00edctimas y dictada por los facilitadores del Alto Comisionado de las Naciones Unidas para los Refugiados (ACNUR), Ver\u00f3nica Chapaca y Jorge Fern\u00e1ndez,<\/p>\n<p>El objetivo del taller fue fortalecer las aptitudes t\u00e9cnicas y dotar de herramientas, para garantizar una defensa de calidad a las personas que ingresan al territorio ecuatoriano en calidad de migrantes o refugiados, explic\u00f3 el consultor en Movilidad Humana de la Defensor\u00eda P\u00fablica, Juan Rivadeneira.<\/p>\n<p>En la capacitaci\u00f3n se revisaron los temas: Derecho Internacional de los Refugiado, Proceso de determinaci\u00f3n de la condici\u00f3n de refugiado en el Ecuador; y, mecanismos de impugnaci\u00f3n en defensa de refugiados y migrantes. \u00a0La capacitaci\u00f3n en Movilidad Humana y Refugio concluir\u00e1 el 21de febrero pr\u00f3ximo.<\/p>\n<audio class=\"wp-audio-shortcode\" id=\"audio-2813-1\" preload=\"none\" style=\"width: 100%;\" controls=\"controls\"><source type=\"audio\/mpeg\" src=\"https:\/\/www.defensoria.gob.ec\/wp-content\/uploads\/2019\/02\/Pichincha-1.mp3?_=1\" \/><a href=\"https:\/\/www.defensoria.gob.ec\/wp-content\/uploads\/2019\/02\/Pichincha-1.mp3\">https:\/\/www.defensoria.gob.ec\/wp-content\/uploads\/2019\/02\/Pichincha-1.mp3<\/a><\/audio>\n[\/et_pb_text][et_pb_gallery _builder_version=\u00bb3.19.13&#8243; gallery_ids=\u00bb2816,2815,2814&#8243;][\/et_pb_gallery][\/et_pb_column][et_pb_column type=\u00bb1_4&#8243; _builder_version=\u00bb3.19.13&#8243;][et_pb_sidebar _builder_version=\u00bb3.19.13&#8243;][\/et_pb_sidebar][\/et_pb_column][\/et_pb_row][\/et_pb_section]\n","protected":false},"excerpt":{"rendered":"<p>En el edificio matriz de la Defensor\u00eda P\u00fablica se realiz\u00f3,\u00a0 el\u00a0 12 de febrero, la segunda jornada de capacitaci\u00f3n sobre Movilidad Humana y Refugio, dirigida a los defensores p\u00fablicos del\u00a0 [&hellip;]<\/p>\n","protected":false},"author":1,"featured_media":2814,"comment_status":"open","ping_status":"closed","template":"","meta":{"_et_pb_use_builder":"on","_et_pb_old_content":"","_et_gb_content_width":"","footnotes":""},"project_category":[8],"project_tag":[],"class_list":["post-2813","project","type-project","status-publish","has-post-thumbnail","hentry","project_category-cerca-a-ti"],"_links":{"self":[{"href":"https:\/\/www.defensoria.gob.ec\/index.php?rest_route=\/wp\/v2\/project\/2813","targetHints":{"allow":["GET"]}}],"collection":[{"href":"https:\/\/www.defensoria.gob.ec\/index.php?rest_route=\/wp\/v2\/project"}],"about":[{"href":"https:\/\/www.defensoria.gob.ec\/index.php?rest_route=\/wp\/v2\/types\/project"}],"author":[{"embeddable":true,"href":"https:\/\/www.defensoria.gob.ec\/index.php?rest_route=\/wp\/v2\/users\/1"}],"replies":[{"embeddable":true,"href":"https:\/\/www.defensoria.gob.ec\/index.php?rest_route=%2Fwp%2Fv2%2Fcomments&post=2813"}],"version-history":[{"count":0,"href":"https:\/\/www.defensoria.gob.ec\/index.php?rest_route=\/wp\/v2\/project\/2813\/revisions"}],"wp:featuredmedia":[{"embeddable":true,"href":"https:\/\/www.defensoria.gob.ec\/index.php?rest_route=\/wp\/v2\/media\/2814"}],"wp:attachment":[{"href":"https:\/\/www.defensoria.gob.ec\/index.php?rest_route=%2Fwp%2Fv2%2Fmedia&parent=2813"}],"wp:term":[{"taxonomy":"project_category","embeddable":true,"href":"https:\/\/www.defensoria.gob.ec\/index.php?rest_route=%2Fwp%2Fv2%2Fproject_category&post=2813"},{"taxonomy":"project_tag","embeddable":true,"href":"https:\/\/www.defensoria.gob.ec\/index.php?rest_route=%2Fwp%2Fv2%2Fproject_tag&post=2813"}],"curies":[{"name":"wp","href":"https:\/\/api.w.org\/{rel}","templated":true}]}}

Pichincha: se realizó capacitación en Movilidad Humana y Refugio

[et_pb_section fb_built=»1&#8243; _builder_version=»3.19.13&#8243;][et_pb_row _builder_version=»3.19.13&#8243;][et_pb_column type=»3_4&#8243; _builder_version=»3.19.13&#8243;][et_pb_post_title meta=»off» featured_image=»off» _builder_version=»3.19.13&#8243;][/et_pb_post_title][et_pb_text text_orientation=»justified» _builder_version=»3.19.13&#8243; text_font=»||||||||»]<p>En el edificio matriz de la Defensoría Pública se realizó,  el  12 de febrero, la segunda jornada de capacitación sobre Movilidad Humana y Refugio, dirigida a los defensores públicos del  área de víctimas y dictada por los facilitadores del Alto Comisionado de las Naciones Unidas para los Refugiados (ACNUR), Verónica Chapaca y Jorge Fernández,</p>
<p>El objetivo del taller fue fortalecer las aptitudes técnicas y dotar de herramientas, para garantizar una defensa de calidad a las personas que ingresan al territorio ecuatoriano en calidad de migrantes o refugiados, explicó el consultor en Movilidad Humana de la Defensoría Pública, Juan Rivadeneira.</p>
<p>En la capacitación se revisaron los temas: Derecho Internacional de los Refugiado, Proceso de determinación de la condición de refugiado en el Ecuador; y, mecanismos de impugnación en defensa de refugiados y migrantes.  La capacitación en Movilidad Humana y Refugio concluirá el 21de febrero próximo.</p>
<audio class="wp-audio-shortcode" id="audio-2813-1" preload="none" style="width: 100%;" controls="controls"><source type="audio/mpeg" src="https://www.defensoria.gob.ec/wp-content/uploads/2019/02/Pichincha-1.mp3?_=1" /><a href="https://www.defensoria.gob.ec/wp-content/uploads/2019/02/Pichincha-1.mp3">https://www.defensoria.gob.ec/wp-content/uploads/2019/02/Pichincha-1.mp3</a></audio>
[/et_pb_text][et_pb_gallery _builder_version=»3.19.13&#8243; gallery_ids=»2816,2815,2814&#8243;][/et_pb_gallery][/et_pb_column][et_pb_column type=»1_4&#8243; _builder_version=»3.19.13&#8243;][et_pb_sidebar _builder_version=»3.19.13&#8243;][/et_pb_sidebar][/et_pb_column][/et_pb_row][/et_pb_section]

<p>En el edificio matriz de la Defensoría Pública se realizó,  el  12 de febrero, la segunda jornada de capacitación sobre Movilidad Humana y Refugio, dirigida a los defensores públicos del  [&hellip;]</p>
