{"id":2805,"date":"2019-02-14T19:46:42","date_gmt":"2019-02-14T19:46:42","guid":{"rendered":"https:\/\/www.defensoria.gob.ec\/?post_type=project&#038;p=2805"},"modified":"2019-02-14T19:46:42","modified_gmt":"2019-02-14T19:46:42","slug":"manabi-se-instalo-mesa-de-seguridad-ciudadana-y-difusion-de-servicios","status":"publish","type":"project","link":"https:\/\/www.defensoria.gob.ec\/?project=manabi-se-instalo-mesa-de-seguridad-ciudadana-y-difusion-de-servicios","title":{"rendered":"Manab\u00ed: se instal\u00f3 Mesa de Seguridad Ciudadana y difusi\u00f3n de servicios"},"content":{"rendered":"<p>[et_pb_section fb_built=\u00bb1&#8243; _builder_version=\u00bb3.19.13&#8243;][et_pb_row _builder_version=\u00bb3.19.13&#8243;][et_pb_column type=\u00bb3_4&#8243; _builder_version=\u00bb3.19.13&#8243;][et_pb_post_title meta=\u00bboff\u00bb featured_image=\u00bboff\u00bb _builder_version=\u00bb3.19.13&#8243;][\/et_pb_post_title][et_pb_text text_orientation=\u00bbjustified\u00bb _builder_version=\u00bb3.19.13&#8243; text_font=\u00bb||||||||\u00bb]<\/p>\n<p>El 06 de febrero, en la Gobernaci\u00f3n de Manab\u00ed se desarroll\u00f3 la Mesa de Seguridad Ciudadana, con el fin de coordinar posibles soluciones de control y erradicaci\u00f3n de problemas sociales.<\/p>\n<p>Durante la mesa de trabajo, el defensor p\u00fablico provincial de Manab\u00ed, Iv\u00e1n Jarre, indic\u00f3 que la instituci\u00f3n brinda asesor\u00eda legal a todas las personas que se encuentren en estado de indefensi\u00f3n sin discriminaci\u00f3n alguna; tambi\u00e9n se\u00f1al\u00f3 que la seguridad no se construye solo desde una entidad, sino que es un trabajo articulado.<\/p>\n<p>As\u00ed tambi\u00e9n, el 13 de febrero, docentes de la Unidad Educativa Aut\u00f3nomo de Manab\u00ed participaron de la charla informativa de los servicios gratuitos que brinda la Defensor\u00eda P\u00fablica.<\/p>\n<p><span style=\"font-size: 14px;\">Durante el encuentro el defensor p\u00fablico, Ren\u00e1n Andrade,\u00a0 abord\u00f3 los temas de: violencia de g\u00e9nero, alimentos, derechos laboral y violencia intrafamiliar. Adem\u00e1s, explic\u00f3 las l\u00edneas estrat\u00e9gicas sobre el uso de las redes sociales, c\u00f3mo identificar un acoso y la importancia de considerar de manera responsable el tiempo libre de los j\u00f3venes.<\/span><\/p>\n<p>[\/et_pb_text][et_pb_gallery _builder_version=\u00bb3.19.13&#8243; gallery_ids=\u00bb2808,2807,2806&#8243;][\/et_pb_gallery][\/et_pb_column][et_pb_column type=\u00bb1_4&#8243; _builder_version=\u00bb3.19.13&#8243;][et_pb_sidebar _builder_version=\u00bb3.19.13&#8243;][\/et_pb_sidebar][\/et_pb_column][\/et_pb_row][\/et_pb_section]<\/p>\n","protected":false},"excerpt":{"rendered":"<p>El 06 de febrero, en la Gobernaci\u00f3n de Manab\u00ed se desarroll\u00f3 la Mesa de Seguridad Ciudadana, con el fin de coordinar posibles soluciones de control y erradicaci\u00f3n de problemas sociales. [&hellip;]<\/p>\n","protected":false},"author":1,"featured_media":2806,"comment_status":"open","ping_status":"closed","template":"","meta":{"_et_pb_use_builder":"on","_et_pb_old_content":"","_et_gb_content_width":"","footnotes":""},"project_category":[8],"project_tag":[],"class_list":["post-2805","project","type-project","status-publish","has-post-thumbnail","hentry","project_category-cerca-a-ti"],"_links":{"self":[{"href":"https:\/\/www.defensoria.gob.ec\/index.php?rest_route=\/wp\/v2\/project\/2805","targetHints":{"allow":["GET"]}}],"collection":[{"href":"https:\/\/www.defensoria.gob.ec\/index.php?rest_route=\/wp\/v2\/project"}],"about":[{"href":"https:\/\/www.defensoria.gob.ec\/index.php?rest_route=\/wp\/v2\/types\/project"}],"author":[{"embeddable":true,"href":"https:\/\/www.defensoria.gob.ec\/index.php?rest_route=\/wp\/v2\/users\/1"}],"replies":[{"embeddable":true,"href":"https:\/\/www.defensoria.gob.ec\/index.php?rest_route=%2Fwp%2Fv2%2Fcomments&post=2805"}],"version-history":[{"count":0,"href":"https:\/\/www.defensoria.gob.ec\/index.php?rest_route=\/wp\/v2\/project\/2805\/revisions"}],"wp:featuredmedia":[{"embeddable":true,"href":"https:\/\/www.defensoria.gob.ec\/index.php?rest_route=\/wp\/v2\/media\/2806"}],"wp:attachment":[{"href":"https:\/\/www.defensoria.gob.ec\/index.php?rest_route=%2Fwp%2Fv2%2Fmedia&parent=2805"}],"wp:term":[{"taxonomy":"project_category","embeddable":true,"href":"https:\/\/www.defensoria.gob.ec\/index.php?rest_route=%2Fwp%2Fv2%2Fproject_category&post=2805"},{"taxonomy":"project_tag","embeddable":true,"href":"https:\/\/www.defensoria.gob.ec\/index.php?rest_route=%2Fwp%2Fv2%2Fproject_tag&post=2805"}],"curies":[{"name":"wp","href":"https:\/\/api.w.org\/{rel}","templated":true}]}}

Manabí: se instaló Mesa de Seguridad Ciudadana y difusión de servicios

<p>[et_pb_section fb_built=»1&#8243; _builder_version=»3.19.13&#8243;][et_pb_row _builder_version=»3.19.13&#8243;][et_pb_column type=»3_4&#8243; _builder_version=»3.19.13&#8243;][et_pb_post_title meta=»off» featured_image=»off» _builder_version=»3.19.13&#8243;][/et_pb_post_title][et_pb_text text_orientation=»justified» _builder_version=»3.19.13&#8243; text_font=»||||||||»]</p>
<p>El 06 de febrero, en la Gobernación de Manabí se desarrolló la Mesa de Seguridad Ciudadana, con el fin de coordinar posibles soluciones de control y erradicación de problemas sociales.</p>
<p>Durante la mesa de trabajo, el defensor público provincial de Manabí, Iván Jarre, indicó que la institución brinda asesoría legal a todas las personas que se encuentren en estado de indefensión sin discriminación alguna; también señaló que la seguridad no se construye solo desde una entidad, sino que es un trabajo articulado.</p>
<p>Así también, el 13 de febrero, docentes de la Unidad Educativa Autónomo de Manabí participaron de la charla informativa de los servicios gratuitos que brinda la Defensoría Pública.</p>
<p><span style="font-size: 14px;">Durante el encuentro el defensor público, Renán Andrade,  abordó los temas de: violencia de género, alimentos, derechos laboral y violencia intrafamiliar. Además, explicó las líneas estratégicas sobre el uso de las redes sociales, cómo identificar un acoso y la importancia de considerar de manera responsable el tiempo libre de los jóvenes.</span></p>
<p>[/et_pb_text][et_pb_gallery _builder_version=»3.19.13&#8243; gallery_ids=»2808,2807,2806&#8243;][/et_pb_gallery][/et_pb_column][et_pb_column type=»1_4&#8243; _builder_version=»3.19.13&#8243;][et_pb_sidebar _builder_version=»3.19.13&#8243;][/et_pb_sidebar][/et_pb_column][/et_pb_row][/et_pb_section]</p>

<p>El 06 de febrero, en la Gobernación de Manabí se desarrolló la Mesa de Seguridad Ciudadana, con el fin de coordinar posibles soluciones de control y erradicación de problemas sociales. [&hellip;]</p>
