{"id":2786,"date":"2019-02-12T16:25:02","date_gmt":"2019-02-12T16:25:02","guid":{"rendered":"https:\/\/www.defensoria.gob.ec\/?post_type=project&#038;p=2786"},"modified":"2019-02-12T16:25:02","modified_gmt":"2019-02-12T16:25:02","slug":"sucumbios-se-reunio-la-mesa-de-movilidad-humana","status":"publish","type":"project","link":"https:\/\/www.defensoria.gob.ec\/?project=sucumbios-se-reunio-la-mesa-de-movilidad-humana","title":{"rendered":"Sucumb\u00edos: se reuni\u00f3 la mesa de Movilidad Humana"},"content":{"rendered":"<p>[et_pb_section fb_built=\u00bb1&#8243; _builder_version=\u00bb3.19.13&#8243;][et_pb_row _builder_version=\u00bb3.19.13&#8243;][et_pb_column type=\u00bb3_4&#8243; _builder_version=\u00bb3.19.13&#8243;][et_pb_post_title meta=\u00bboff\u00bb featured_image=\u00bboff\u00bb _builder_version=\u00bb3.19.13&#8243;][\/et_pb_post_title][et_pb_text text_orientation=\u00bbjustified\u00bb _builder_version=\u00bb3.19.13&#8243; text_font=\u00bb||||||||\u00bb]<\/p>\n<p>Edilma Borja Paredes, defensora p\u00fablica provincial de Sucumb\u00edos y Jean Jaramillo, consultor especialista en movilidad humana participaron, el 22 de enero, en la Mesa de Movilidad de Sucumb\u00edos y Orellana, con la finalidad de canalizar acciones para garantizar la atenci\u00f3n a los usuarios.<\/p>\n<p>En la reuni\u00f3n, en la que estuvieron los representantes de la Defensor\u00eda del Pueblo, ACNUR, C\u00e1ritas, Servicio Jesuita para los Refugiados, Consejo Noruego, el Ministerio de Relaciones Exteriores present\u00f3 el nuevo servicio de visado electr\u00f3nico y se definieron los planes de acci\u00f3n para el\u00a0 2019, de cada una de las instituciones involucradas.<\/p>\n<p>[\/et_pb_text][et_pb_gallery _builder_version=\u00bb3.19.13&#8243; gallery_ids=\u00bb2787&#8243;][\/et_pb_gallery][\/et_pb_column][et_pb_column type=\u00bb1_4&#8243; _builder_version=\u00bb3.19.13&#8243;][et_pb_sidebar _builder_version=\u00bb3.19.13&#8243;][\/et_pb_sidebar][\/et_pb_column][\/et_pb_row][\/et_pb_section]<\/p>\n","protected":false},"excerpt":{"rendered":"<p>Edilma Borja Paredes, defensora p\u00fablica provincial de Sucumb\u00edos y Jean Jaramillo, consultor especialista en movilidad humana participaron, el 22 de enero, en la Mesa de Movilidad de Sucumb\u00edos y Orellana, [&hellip;]<\/p>\n","protected":false},"author":1,"featured_media":2787,"comment_status":"open","ping_status":"closed","template":"","meta":{"_et_pb_use_builder":"on","_et_pb_old_content":"","_et_gb_content_width":"","footnotes":""},"project_category":[8],"project_tag":[],"class_list":["post-2786","project","type-project","status-publish","has-post-thumbnail","hentry","project_category-cerca-a-ti"],"_links":{"self":[{"href":"https:\/\/www.defensoria.gob.ec\/index.php?rest_route=\/wp\/v2\/project\/2786","targetHints":{"allow":["GET"]}}],"collection":[{"href":"https:\/\/www.defensoria.gob.ec\/index.php?rest_route=\/wp\/v2\/project"}],"about":[{"href":"https:\/\/www.defensoria.gob.ec\/index.php?rest_route=\/wp\/v2\/types\/project"}],"author":[{"embeddable":true,"href":"https:\/\/www.defensoria.gob.ec\/index.php?rest_route=\/wp\/v2\/users\/1"}],"replies":[{"embeddable":true,"href":"https:\/\/www.defensoria.gob.ec\/index.php?rest_route=%2Fwp%2Fv2%2Fcomments&post=2786"}],"version-history":[{"count":0,"href":"https:\/\/www.defensoria.gob.ec\/index.php?rest_route=\/wp\/v2\/project\/2786\/revisions"}],"wp:featuredmedia":[{"embeddable":true,"href":"https:\/\/www.defensoria.gob.ec\/index.php?rest_route=\/wp\/v2\/media\/2787"}],"wp:attachment":[{"href":"https:\/\/www.defensoria.gob.ec\/index.php?rest_route=%2Fwp%2Fv2%2Fmedia&parent=2786"}],"wp:term":[{"taxonomy":"project_category","embeddable":true,"href":"https:\/\/www.defensoria.gob.ec\/index.php?rest_route=%2Fwp%2Fv2%2Fproject_category&post=2786"},{"taxonomy":"project_tag","embeddable":true,"href":"https:\/\/www.defensoria.gob.ec\/index.php?rest_route=%2Fwp%2Fv2%2Fproject_tag&post=2786"}],"curies":[{"name":"wp","href":"https:\/\/api.w.org\/{rel}","templated":true}]}}

Sucumbíos: se reunió la mesa de Movilidad Humana

<p>[et_pb_section fb_built=»1&#8243; _builder_version=»3.19.13&#8243;][et_pb_row _builder_version=»3.19.13&#8243;][et_pb_column type=»3_4&#8243; _builder_version=»3.19.13&#8243;][et_pb_post_title meta=»off» featured_image=»off» _builder_version=»3.19.13&#8243;][/et_pb_post_title][et_pb_text text_orientation=»justified» _builder_version=»3.19.13&#8243; text_font=»||||||||»]</p>
<p>Edilma Borja Paredes, defensora pública provincial de Sucumbíos y Jean Jaramillo, consultor especialista en movilidad humana participaron, el 22 de enero, en la Mesa de Movilidad de Sucumbíos y Orellana, con la finalidad de canalizar acciones para garantizar la atención a los usuarios.</p>
<p>En la reunión, en la que estuvieron los representantes de la Defensoría del Pueblo, ACNUR, Cáritas, Servicio Jesuita para los Refugiados, Consejo Noruego, el Ministerio de Relaciones Exteriores presentó el nuevo servicio de visado electrónico y se definieron los planes de acción para el  2019, de cada una de las instituciones involucradas.</p>
<p>[/et_pb_text][et_pb_gallery _builder_version=»3.19.13&#8243; gallery_ids=»2787&#8243;][/et_pb_gallery][/et_pb_column][et_pb_column type=»1_4&#8243; _builder_version=»3.19.13&#8243;][et_pb_sidebar _builder_version=»3.19.13&#8243;][/et_pb_sidebar][/et_pb_column][/et_pb_row][/et_pb_section]</p>

<p>Edilma Borja Paredes, defensora pública provincial de Sucumbíos y Jean Jaramillo, consultor especialista en movilidad humana participaron, el 22 de enero, en la Mesa de Movilidad de Sucumbíos y Orellana, [&hellip;]</p>
