{"id":2780,"date":"2019-02-12T16:21:52","date_gmt":"2019-02-12T16:21:52","guid":{"rendered":"https:\/\/www.defensoria.gob.ec\/?post_type=project&#038;p=2780"},"modified":"2019-02-12T16:21:52","modified_gmt":"2019-02-12T16:21:52","slug":"tungurahua-se-socializo-el-convenio-de-cooperacion-con-la-comunidad-salasaca","status":"publish","type":"project","link":"https:\/\/www.defensoria.gob.ec\/?project=tungurahua-se-socializo-el-convenio-de-cooperacion-con-la-comunidad-salasaca","title":{"rendered":"Tungurahua: se socializ\u00f3 el convenio de cooperaci\u00f3n con la comunidad Salasaca"},"content":{"rendered":"<p>[et_pb_section fb_built=\u00bb1&#8243; _builder_version=\u00bb3.19.13&#8243;][et_pb_row _builder_version=\u00bb3.19.13&#8243;][et_pb_column type=\u00bb3_4&#8243; _builder_version=\u00bb3.19.13&#8243;][et_pb_post_title meta=\u00bboff\u00bb featured_image=\u00bboff\u00bb _builder_version=\u00bb3.19.13&#8243;][\/et_pb_post_title][et_pb_text text_orientation=\u00bbjustified\u00bb _builder_version=\u00bb3.19.13&#8243; text_font=\u00bb||||||||\u00bb]<\/p>\n<p>\u00c1ngel Israel Jarr\u00edn, defensor p\u00fablico provincial de Tungurahua, visit\u00f3 el 29 de enero, la parroquia Salasca, con el fin de socializar el convenio de cooperaci\u00f3n entre esta comunidad y la Defensor\u00eda P\u00fablica. En el evento estuvieron presentes la comisaria del cant\u00f3n Pelileo y el jefe de Polic\u00eda del circuito Pelileo-Patate.<\/p>\n<audio class=\"wp-audio-shortcode\" id=\"audio-2780-1\" preload=\"none\" style=\"width: 100%;\" controls=\"controls\"><source type=\"audio\/mpeg\" src=\"https:\/\/www.defensoria.gob.ec\/wp-content\/uploads\/2019\/02\/Tungurahua.mp3?_=1\" \/><a href=\"https:\/\/www.defensoria.gob.ec\/wp-content\/uploads\/2019\/02\/Tungurahua.mp3\">https:\/\/www.defensoria.gob.ec\/wp-content\/uploads\/2019\/02\/Tungurahua.mp3<\/a><\/audio>\n<p>[\/et_pb_text][et_pb_gallery _builder_version=\u00bb3.19.13&#8243; gallery_ids=\u00bb2781&#8243;][\/et_pb_gallery][\/et_pb_column][et_pb_column type=\u00bb1_4&#8243; _builder_version=\u00bb3.19.13&#8243;][et_pb_sidebar _builder_version=\u00bb3.19.13&#8243;][\/et_pb_sidebar][\/et_pb_column][\/et_pb_row][\/et_pb_section]<\/p>\n","protected":false},"excerpt":{"rendered":"<p>\u00c1ngel Israel Jarr\u00edn, defensor p\u00fablico provincial de Tungurahua, visit\u00f3 el 29 de enero, la parroquia Salasca, con el fin de socializar el convenio de cooperaci\u00f3n entre esta comunidad y la [&hellip;]<\/p>\n","protected":false},"author":1,"featured_media":2781,"comment_status":"open","ping_status":"closed","template":"","meta":{"_et_pb_use_builder":"on","_et_pb_old_content":"","_et_gb_content_width":"","footnotes":""},"project_category":[8],"project_tag":[],"class_list":["post-2780","project","type-project","status-publish","has-post-thumbnail","hentry","project_category-cerca-a-ti"],"_links":{"self":[{"href":"https:\/\/www.defensoria.gob.ec\/index.php?rest_route=\/wp\/v2\/project\/2780","targetHints":{"allow":["GET"]}}],"collection":[{"href":"https:\/\/www.defensoria.gob.ec\/index.php?rest_route=\/wp\/v2\/project"}],"about":[{"href":"https:\/\/www.defensoria.gob.ec\/index.php?rest_route=\/wp\/v2\/types\/project"}],"author":[{"embeddable":true,"href":"https:\/\/www.defensoria.gob.ec\/index.php?rest_route=\/wp\/v2\/users\/1"}],"replies":[{"embeddable":true,"href":"https:\/\/www.defensoria.gob.ec\/index.php?rest_route=%2Fwp%2Fv2%2Fcomments&post=2780"}],"version-history":[{"count":0,"href":"https:\/\/www.defensoria.gob.ec\/index.php?rest_route=\/wp\/v2\/project\/2780\/revisions"}],"wp:featuredmedia":[{"embeddable":true,"href":"https:\/\/www.defensoria.gob.ec\/index.php?rest_route=\/wp\/v2\/media\/2781"}],"wp:attachment":[{"href":"https:\/\/www.defensoria.gob.ec\/index.php?rest_route=%2Fwp%2Fv2%2Fmedia&parent=2780"}],"wp:term":[{"taxonomy":"project_category","embeddable":true,"href":"https:\/\/www.defensoria.gob.ec\/index.php?rest_route=%2Fwp%2Fv2%2Fproject_category&post=2780"},{"taxonomy":"project_tag","embeddable":true,"href":"https:\/\/www.defensoria.gob.ec\/index.php?rest_route=%2Fwp%2Fv2%2Fproject_tag&post=2780"}],"curies":[{"name":"wp","href":"https:\/\/api.w.org\/{rel}","templated":true}]}}

Tungurahua: se socializó el convenio de cooperación con la comunidad Salasaca

<p>[et_pb_section fb_built=»1&#8243; _builder_version=»3.19.13&#8243;][et_pb_row _builder_version=»3.19.13&#8243;][et_pb_column type=»3_4&#8243; _builder_version=»3.19.13&#8243;][et_pb_post_title meta=»off» featured_image=»off» _builder_version=»3.19.13&#8243;][/et_pb_post_title][et_pb_text text_orientation=»justified» _builder_version=»3.19.13&#8243; text_font=»||||||||»]</p>
<p>Ángel Israel Jarrín, defensor público provincial de Tungurahua, visitó el 29 de enero, la parroquia Salasca, con el fin de socializar el convenio de cooperación entre esta comunidad y la Defensoría Pública. En el evento estuvieron presentes la comisaria del cantón Pelileo y el jefe de Policía del circuito Pelileo-Patate.</p>
<audio class="wp-audio-shortcode" id="audio-2780-1" preload="none" style="width: 100%;" controls="controls"><source type="audio/mpeg" src="https://www.defensoria.gob.ec/wp-content/uploads/2019/02/Tungurahua.mp3?_=1" /><a href="https://www.defensoria.gob.ec/wp-content/uploads/2019/02/Tungurahua.mp3">https://www.defensoria.gob.ec/wp-content/uploads/2019/02/Tungurahua.mp3</a></audio>
<p>[/et_pb_text][et_pb_gallery _builder_version=»3.19.13&#8243; gallery_ids=»2781&#8243;][/et_pb_gallery][/et_pb_column][et_pb_column type=»1_4&#8243; _builder_version=»3.19.13&#8243;][et_pb_sidebar _builder_version=»3.19.13&#8243;][/et_pb_sidebar][/et_pb_column][/et_pb_row][/et_pb_section]</p>

<p>Ángel Israel Jarrín, defensor público provincial de Tungurahua, visitó el 29 de enero, la parroquia Salasca, con el fin de socializar el convenio de cooperación entre esta comunidad y la [&hellip;]</p>
