{"id":2772,"date":"2019-02-12T16:17:51","date_gmt":"2019-02-12T16:17:51","guid":{"rendered":"https:\/\/www.defensoria.gob.ec\/?post_type=project&#038;p=2772"},"modified":"2019-02-12T16:18:26","modified_gmt":"2019-02-12T16:18:26","slug":"pichincha-se-realizo-visita-a-la-casa-de-confianza","status":"publish","type":"project","link":"https:\/\/www.defensoria.gob.ec\/?project=pichincha-se-realizo-visita-a-la-casa-de-confianza","title":{"rendered":"Pichincha: se realiz\u00f3 visita a la Casa de Confianza"},"content":{"rendered":"<p>[et_pb_section fb_built=\u00bb1&#8243; _builder_version=\u00bb3.19.13&#8243;][et_pb_row _builder_version=\u00bb3.19.13&#8243;][et_pb_column type=\u00bb3_4&#8243; _builder_version=\u00bb3.19.13&#8243;][et_pb_post_title meta=\u00bboff\u00bb featured_image=\u00bboff\u00bb _builder_version=\u00bb3.19.13&#8243;][\/et_pb_post_title][et_pb_text text_orientation=\u00bbjustified\u00bb _builder_version=\u00bb3.19.13&#8243; text_font=\u00bb||||||||\u00bb]<\/p>\n<p>Con el fin de conocer las necesidades de las personas privadas de la libertad, el 7 de febrero, Anah\u00ed Brice\u00f1o, defensora p\u00fablica provincial de Pichincha y Andrea Guerrero, subdirectora de Patrocinio Penal, realizaron un recorrido por el Centro de Privaci\u00f3n de la libertad Quito Femenino Atenci\u00f3n Prioritaria \u00abCasa de confianza\u00bb, donde se encuentra \u00a0detenidas 70 mujeres con sus hijos, unos 52 ni\u00f1os de entre cero y cinco a\u00f1os de edad.<\/p>\n<p>Adem\u00e1s, la Defensor\u00eda P\u00fablica realiz\u00f3 una feria ciudadana, para difundir los servicios gratuitos que entrega la instituci\u00f3n, particularmente en materia penal y ni\u00f1ez y\u00a0 adolescencia, donde se atendieron a aproximadamente 50 mujeres. Estos eventos fueron coordinados por el jefe del sub proceso de Ejecuci\u00f3n de la Pena, Luis Mendoza.<\/p>\n<audio class=\"wp-audio-shortcode\" id=\"audio-2772-1\" preload=\"none\" style=\"width: 100%;\" controls=\"controls\"><source type=\"audio\/mpeg\" src=\"https:\/\/www.defensoria.gob.ec\/wp-content\/uploads\/2019\/02\/Pichincha.mp3?_=1\" \/><a href=\"https:\/\/www.defensoria.gob.ec\/wp-content\/uploads\/2019\/02\/Pichincha.mp3\">https:\/\/www.defensoria.gob.ec\/wp-content\/uploads\/2019\/02\/Pichincha.mp3<\/a><\/audio>\n<p>[\/et_pb_text][et_pb_gallery _builder_version=\u00bb3.19.13&#8243; gallery_ids=\u00bb2775,2774,2773&#8243;][\/et_pb_gallery][\/et_pb_column][et_pb_column type=\u00bb1_4&#8243; _builder_version=\u00bb3.19.13&#8243;][et_pb_sidebar _builder_version=\u00bb3.19.13&#8243;][\/et_pb_sidebar][\/et_pb_column][\/et_pb_row][\/et_pb_section]<\/p>\n","protected":false},"excerpt":{"rendered":"<p>Con el fin de conocer las necesidades de las personas privadas de la libertad, el 7 de febrero, Anah\u00ed Brice\u00f1o, defensora p\u00fablica provincial de Pichincha y Andrea Guerrero, subdirectora de [&hellip;]<\/p>\n","protected":false},"author":1,"featured_media":2773,"comment_status":"open","ping_status":"closed","template":"","meta":{"_et_pb_use_builder":"on","_et_pb_old_content":"","_et_gb_content_width":"","footnotes":""},"project_category":[8],"project_tag":[],"class_list":["post-2772","project","type-project","status-publish","has-post-thumbnail","hentry","project_category-cerca-a-ti"],"_links":{"self":[{"href":"https:\/\/www.defensoria.gob.ec\/index.php?rest_route=\/wp\/v2\/project\/2772","targetHints":{"allow":["GET"]}}],"collection":[{"href":"https:\/\/www.defensoria.gob.ec\/index.php?rest_route=\/wp\/v2\/project"}],"about":[{"href":"https:\/\/www.defensoria.gob.ec\/index.php?rest_route=\/wp\/v2\/types\/project"}],"author":[{"embeddable":true,"href":"https:\/\/www.defensoria.gob.ec\/index.php?rest_route=\/wp\/v2\/users\/1"}],"replies":[{"embeddable":true,"href":"https:\/\/www.defensoria.gob.ec\/index.php?rest_route=%2Fwp%2Fv2%2Fcomments&post=2772"}],"version-history":[{"count":0,"href":"https:\/\/www.defensoria.gob.ec\/index.php?rest_route=\/wp\/v2\/project\/2772\/revisions"}],"wp:featuredmedia":[{"embeddable":true,"href":"https:\/\/www.defensoria.gob.ec\/index.php?rest_route=\/wp\/v2\/media\/2773"}],"wp:attachment":[{"href":"https:\/\/www.defensoria.gob.ec\/index.php?rest_route=%2Fwp%2Fv2%2Fmedia&parent=2772"}],"wp:term":[{"taxonomy":"project_category","embeddable":true,"href":"https:\/\/www.defensoria.gob.ec\/index.php?rest_route=%2Fwp%2Fv2%2Fproject_category&post=2772"},{"taxonomy":"project_tag","embeddable":true,"href":"https:\/\/www.defensoria.gob.ec\/index.php?rest_route=%2Fwp%2Fv2%2Fproject_tag&post=2772"}],"curies":[{"name":"wp","href":"https:\/\/api.w.org\/{rel}","templated":true}]}}

Pichincha: se realizó visita a la Casa de Confianza

<p>[et_pb_section fb_built=»1&#8243; _builder_version=»3.19.13&#8243;][et_pb_row _builder_version=»3.19.13&#8243;][et_pb_column type=»3_4&#8243; _builder_version=»3.19.13&#8243;][et_pb_post_title meta=»off» featured_image=»off» _builder_version=»3.19.13&#8243;][/et_pb_post_title][et_pb_text text_orientation=»justified» _builder_version=»3.19.13&#8243; text_font=»||||||||»]</p>
<p>Con el fin de conocer las necesidades de las personas privadas de la libertad, el 7 de febrero, Anahí Briceño, defensora pública provincial de Pichincha y Andrea Guerrero, subdirectora de Patrocinio Penal, realizaron un recorrido por el Centro de Privación de la libertad Quito Femenino Atención Prioritaria «Casa de confianza», donde se encuentra  detenidas 70 mujeres con sus hijos, unos 52 niños de entre cero y cinco años de edad.</p>
<p>Además, la Defensoría Pública realizó una feria ciudadana, para difundir los servicios gratuitos que entrega la institución, particularmente en materia penal y niñez y  adolescencia, donde se atendieron a aproximadamente 50 mujeres. Estos eventos fueron coordinados por el jefe del sub proceso de Ejecución de la Pena, Luis Mendoza.</p>
<audio class="wp-audio-shortcode" id="audio-2772-1" preload="none" style="width: 100%;" controls="controls"><source type="audio/mpeg" src="https://www.defensoria.gob.ec/wp-content/uploads/2019/02/Pichincha.mp3?_=1" /><a href="https://www.defensoria.gob.ec/wp-content/uploads/2019/02/Pichincha.mp3">https://www.defensoria.gob.ec/wp-content/uploads/2019/02/Pichincha.mp3</a></audio>
<p>[/et_pb_text][et_pb_gallery _builder_version=»3.19.13&#8243; gallery_ids=»2775,2774,2773&#8243;][/et_pb_gallery][/et_pb_column][et_pb_column type=»1_4&#8243; _builder_version=»3.19.13&#8243;][et_pb_sidebar _builder_version=»3.19.13&#8243;][/et_pb_sidebar][/et_pb_column][/et_pb_row][/et_pb_section]</p>

<p>Con el fin de conocer las necesidades de las personas privadas de la libertad, el 7 de febrero, Anahí Briceño, defensora pública provincial de Pichincha y Andrea Guerrero, subdirectora de [&hellip;]</p>
