{"id":2728,"date":"2019-02-07T20:08:31","date_gmt":"2019-02-07T20:08:31","guid":{"rendered":"https:\/\/www.defensoria.gob.ec\/?post_type=project&#038;p=2728"},"modified":"2019-02-07T20:21:30","modified_gmt":"2019-02-07T20:21:30","slug":"manabi-se-realizo-una-difusion-de-servicios-en-el-recinto-ayampe","status":"publish","type":"project","link":"https:\/\/www.defensoria.gob.ec\/?project=manabi-se-realizo-una-difusion-de-servicios-en-el-recinto-ayampe","title":{"rendered":"Manab\u00ed: se realiz\u00f3 una difusi\u00f3n de servicios en el recinto Ayampe"},"content":{"rendered":"<p>[et_pb_section fb_built=\u00bb1&#8243; _builder_version=\u00bb3.19.12&#8243;][et_pb_row _builder_version=\u00bb3.19.12&#8243;][et_pb_column type=\u00bb3_4&#8243; _builder_version=\u00bb3.19.12&#8243; parallax=\u00bboff\u00bb parallax_method=\u00bbon\u00bb][et_pb_post_title meta=\u00bboff\u00bb featured_image=\u00bboff\u00bb _builder_version=\u00bb3.19.12&#8243;][\/et_pb_post_title][et_pb_text _builder_version=\u00bb3.19.12&#8243; text_font=\u00bb||||||||\u00bb text_orientation=\u00bbjustified\u00bb]<\/p>\n<p>El 2 de febrero, un equipo misional de la Defensor\u00eda P\u00fablica de Manab\u00ed visit\u00f3 el recinto Ayampe, del cant\u00f3n Puerto L\u00f3pez, donde usuarios recibieron informaci\u00f3n sobre los servicios gratuitos que brinda la Instituci\u00f3n.<\/p>\n<p>Adem\u00e1s, el defensor p\u00fablico provincial de Manab\u00ed, Jos\u00e9 Jarre, indic\u00f3 que la Defensor\u00eda P\u00fablica brinda asistencia legal a las personas que no cuentan con los recursos para contratar el servicio de un abogado particular; \u201cacercamos los servicios; d\u00eda a d\u00eda salimos a parques, plazas, instituciones educativas y barrios con el fin de brindar asesor\u00eda legal a los ciudadanos que lo requieran; la instituci\u00f3n garantiza los derechos\u201d se\u00f1al\u00f3 Jarre.<\/p>\n<audio class=\"wp-audio-shortcode\" id=\"audio-2728-1\" preload=\"none\" style=\"width: 100%;\" controls=\"controls\"><source type=\"audio\/mpeg\" src=\"https:\/\/www.defensoria.gob.ec\/wp-content\/uploads\/2019\/02\/manabi.mp3?_=1\" \/><a href=\"https:\/\/www.defensoria.gob.ec\/wp-content\/uploads\/2019\/02\/manabi.mp3\">https:\/\/www.defensoria.gob.ec\/wp-content\/uploads\/2019\/02\/manabi.mp3<\/a><\/audio>\n<p>[\/et_pb_text][et_pb_gallery gallery_ids=\u00bb2730,2729&#8243; _builder_version=\u00bb3.19.12&#8243;][\/et_pb_gallery][\/et_pb_column][et_pb_column type=\u00bb1_4&#8243; _builder_version=\u00bb3.19.12&#8243; parallax=\u00bboff\u00bb parallax_method=\u00bbon\u00bb][et_pb_sidebar _builder_version=\u00bb3.19.12&#8243;][\/et_pb_sidebar][\/et_pb_column][\/et_pb_row][\/et_pb_section]<\/p>\n","protected":false},"excerpt":{"rendered":"<p>El 2 de febrero, un equipo misional de la Defensor\u00eda P\u00fablica de Manab\u00ed visit\u00f3 el recinto Ayampe, del cant\u00f3n Puerto L\u00f3pez, donde usuarios recibieron informaci\u00f3n sobre los servicios gratuitos que [&hellip;]<\/p>\n","protected":false},"author":1,"featured_media":2729,"comment_status":"open","ping_status":"closed","template":"","meta":{"_et_pb_use_builder":"on","_et_pb_old_content":"","_et_gb_content_width":"","footnotes":""},"project_category":[8],"project_tag":[],"class_list":["post-2728","project","type-project","status-publish","has-post-thumbnail","hentry","project_category-cerca-a-ti"],"_links":{"self":[{"href":"https:\/\/www.defensoria.gob.ec\/index.php?rest_route=\/wp\/v2\/project\/2728","targetHints":{"allow":["GET"]}}],"collection":[{"href":"https:\/\/www.defensoria.gob.ec\/index.php?rest_route=\/wp\/v2\/project"}],"about":[{"href":"https:\/\/www.defensoria.gob.ec\/index.php?rest_route=\/wp\/v2\/types\/project"}],"author":[{"embeddable":true,"href":"https:\/\/www.defensoria.gob.ec\/index.php?rest_route=\/wp\/v2\/users\/1"}],"replies":[{"embeddable":true,"href":"https:\/\/www.defensoria.gob.ec\/index.php?rest_route=%2Fwp%2Fv2%2Fcomments&post=2728"}],"version-history":[{"count":0,"href":"https:\/\/www.defensoria.gob.ec\/index.php?rest_route=\/wp\/v2\/project\/2728\/revisions"}],"wp:featuredmedia":[{"embeddable":true,"href":"https:\/\/www.defensoria.gob.ec\/index.php?rest_route=\/wp\/v2\/media\/2729"}],"wp:attachment":[{"href":"https:\/\/www.defensoria.gob.ec\/index.php?rest_route=%2Fwp%2Fv2%2Fmedia&parent=2728"}],"wp:term":[{"taxonomy":"project_category","embeddable":true,"href":"https:\/\/www.defensoria.gob.ec\/index.php?rest_route=%2Fwp%2Fv2%2Fproject_category&post=2728"},{"taxonomy":"project_tag","embeddable":true,"href":"https:\/\/www.defensoria.gob.ec\/index.php?rest_route=%2Fwp%2Fv2%2Fproject_tag&post=2728"}],"curies":[{"name":"wp","href":"https:\/\/api.w.org\/{rel}","templated":true}]}}

Manabí: se realizó una difusión de servicios en el recinto Ayampe

<p>[et_pb_section fb_built=»1&#8243; _builder_version=»3.19.12&#8243;][et_pb_row _builder_version=»3.19.12&#8243;][et_pb_column type=»3_4&#8243; _builder_version=»3.19.12&#8243; parallax=»off» parallax_method=»on»][et_pb_post_title meta=»off» featured_image=»off» _builder_version=»3.19.12&#8243;][/et_pb_post_title][et_pb_text _builder_version=»3.19.12&#8243; text_font=»||||||||» text_orientation=»justified»]</p>
<p>El 2 de febrero, un equipo misional de la Defensoría Pública de Manabí visitó el recinto Ayampe, del cantón Puerto López, donde usuarios recibieron información sobre los servicios gratuitos que brinda la Institución.</p>
<p>Además, el defensor público provincial de Manabí, José Jarre, indicó que la Defensoría Pública brinda asistencia legal a las personas que no cuentan con los recursos para contratar el servicio de un abogado particular; “acercamos los servicios; día a día salimos a parques, plazas, instituciones educativas y barrios con el fin de brindar asesoría legal a los ciudadanos que lo requieran; la institución garantiza los derechos” señaló Jarre.</p>
<audio class="wp-audio-shortcode" id="audio-2728-1" preload="none" style="width: 100%;" controls="controls"><source type="audio/mpeg" src="https://www.defensoria.gob.ec/wp-content/uploads/2019/02/manabi.mp3?_=1" /><a href="https://www.defensoria.gob.ec/wp-content/uploads/2019/02/manabi.mp3">https://www.defensoria.gob.ec/wp-content/uploads/2019/02/manabi.mp3</a></audio>
<p>[/et_pb_text][et_pb_gallery gallery_ids=»2730,2729&#8243; _builder_version=»3.19.12&#8243;][/et_pb_gallery][/et_pb_column][et_pb_column type=»1_4&#8243; _builder_version=»3.19.12&#8243; parallax=»off» parallax_method=»on»][et_pb_sidebar _builder_version=»3.19.12&#8243;][/et_pb_sidebar][/et_pb_column][/et_pb_row][/et_pb_section]</p>

<p>El 2 de febrero, un equipo misional de la Defensoría Pública de Manabí visitó el recinto Ayampe, del cantón Puerto López, donde usuarios recibieron información sobre los servicios gratuitos que [&hellip;]</p>
