{"id":2722,"date":"2019-02-07T20:05:23","date_gmt":"2019-02-07T20:05:23","guid":{"rendered":"https:\/\/www.defensoria.gob.ec\/?post_type=project&#038;p=2722"},"modified":"2019-02-07T20:05:29","modified_gmt":"2019-02-07T20:05:29","slug":"el-oro-se-instalo-mesa-provincial-de-justicia-y-genero","status":"publish","type":"project","link":"https:\/\/www.defensoria.gob.ec\/?project=el-oro-se-instalo-mesa-provincial-de-justicia-y-genero","title":{"rendered":"El Oro: se instal\u00f3 Mesa provincial de justicia y g\u00e9nero"},"content":{"rendered":"<p>[et_pb_section fb_built=\u00bb1&#8243; _builder_version=\u00bb3.19.12&#8243;][et_pb_row _builder_version=\u00bb3.19.12&#8243;][et_pb_column type=\u00bb3_4&#8243; _builder_version=\u00bb3.19.12&#8243; parallax=\u00bboff\u00bb parallax_method=\u00bbon\u00bb][et_pb_post_title meta=\u00bboff\u00bb featured_image=\u00bboff\u00bb _builder_version=\u00bb3.19.12&#8243;][\/et_pb_post_title][et_pb_text text_orientation=\u00bbjustified\u00bb _builder_version=\u00bb3.19.12&#8243; text_font=\u00bb||||||||\u00bb]<\/p>\n<p>El 25 de enero, el Defensor P\u00fablico Provincial de El Oro, Jaime Coello; junto al\u00a0 gobernador de la provincia de El Oro, Danilo Maridue\u00f1a; particip\u00f3 en la primera reuni\u00f3n del Comit\u00e9 Provincial de Seguridad Ciudadana, en la Sala de Sesiones de la Gobernaci\u00f3n de la provincia; a la que asistieron tambi\u00e9n autoridades locales del Consejo de la Judicatura, del Ministerio del Interior, de la Polic\u00eda Judicial, del Ecu 911 y de la Defensor\u00eda del Pueblo.<\/p>\n<p>Durante el encuentro se estableci\u00f3 la necesidad de dise\u00f1ar una estrategia interinstitucional para la seguridad ciudadana con el objetivo de liderar un plan de prevenci\u00f3n y atenci\u00f3n, en el \u00e1mbito de cada una de las competencias de las instituciones participantes.<\/p>\n<p>El Defensor P\u00fablico Provincial se\u00f1al\u00f3 que esta mesa de trabajo tiene como prioridad establecer ejes estrat\u00e9gicos a fin de brindar una respuesta inmediata al llamado de una persona que sea v\u00edctima de violencia. Adem\u00e1s, indic\u00f3 que la Instituci\u00f3n trabaja arduamente en la prevenci\u00f3n contra la violencia de g\u00e9nero.<\/p>\n<p>[\/et_pb_text][et_pb_gallery _builder_version=\u00bb3.19.12&#8243; gallery_ids=\u00bb2725,2723,2724&#8243;][\/et_pb_gallery][\/et_pb_column][et_pb_column type=\u00bb1_4&#8243; _builder_version=\u00bb3.19.12&#8243; parallax=\u00bboff\u00bb parallax_method=\u00bbon\u00bb][et_pb_sidebar _builder_version=\u00bb3.19.12&#8243;][\/et_pb_sidebar][\/et_pb_column][\/et_pb_row][\/et_pb_section]<\/p>\n","protected":false},"excerpt":{"rendered":"<p>El 25 de enero, el Defensor P\u00fablico Provincial de El Oro, Jaime Coello; junto al\u00a0 gobernador de la provincia de El Oro, Danilo Maridue\u00f1a; particip\u00f3 en la primera reuni\u00f3n del [&hellip;]<\/p>\n","protected":false},"author":1,"featured_media":2723,"comment_status":"open","ping_status":"closed","template":"","meta":{"_et_pb_use_builder":"on","_et_pb_old_content":"","_et_gb_content_width":"","footnotes":""},"project_category":[8],"project_tag":[],"class_list":["post-2722","project","type-project","status-publish","has-post-thumbnail","hentry","project_category-cerca-a-ti"],"_links":{"self":[{"href":"https:\/\/www.defensoria.gob.ec\/index.php?rest_route=\/wp\/v2\/project\/2722","targetHints":{"allow":["GET"]}}],"collection":[{"href":"https:\/\/www.defensoria.gob.ec\/index.php?rest_route=\/wp\/v2\/project"}],"about":[{"href":"https:\/\/www.defensoria.gob.ec\/index.php?rest_route=\/wp\/v2\/types\/project"}],"author":[{"embeddable":true,"href":"https:\/\/www.defensoria.gob.ec\/index.php?rest_route=\/wp\/v2\/users\/1"}],"replies":[{"embeddable":true,"href":"https:\/\/www.defensoria.gob.ec\/index.php?rest_route=%2Fwp%2Fv2%2Fcomments&post=2722"}],"version-history":[{"count":0,"href":"https:\/\/www.defensoria.gob.ec\/index.php?rest_route=\/wp\/v2\/project\/2722\/revisions"}],"wp:featuredmedia":[{"embeddable":true,"href":"https:\/\/www.defensoria.gob.ec\/index.php?rest_route=\/wp\/v2\/media\/2723"}],"wp:attachment":[{"href":"https:\/\/www.defensoria.gob.ec\/index.php?rest_route=%2Fwp%2Fv2%2Fmedia&parent=2722"}],"wp:term":[{"taxonomy":"project_category","embeddable":true,"href":"https:\/\/www.defensoria.gob.ec\/index.php?rest_route=%2Fwp%2Fv2%2Fproject_category&post=2722"},{"taxonomy":"project_tag","embeddable":true,"href":"https:\/\/www.defensoria.gob.ec\/index.php?rest_route=%2Fwp%2Fv2%2Fproject_tag&post=2722"}],"curies":[{"name":"wp","href":"https:\/\/api.w.org\/{rel}","templated":true}]}}

El Oro: se instaló Mesa provincial de justicia y género

<p>[et_pb_section fb_built=»1&#8243; _builder_version=»3.19.12&#8243;][et_pb_row _builder_version=»3.19.12&#8243;][et_pb_column type=»3_4&#8243; _builder_version=»3.19.12&#8243; parallax=»off» parallax_method=»on»][et_pb_post_title meta=»off» featured_image=»off» _builder_version=»3.19.12&#8243;][/et_pb_post_title][et_pb_text text_orientation=»justified» _builder_version=»3.19.12&#8243; text_font=»||||||||»]</p>
<p>El 25 de enero, el Defensor Público Provincial de El Oro, Jaime Coello; junto al  gobernador de la provincia de El Oro, Danilo Maridueña; participó en la primera reunión del Comité Provincial de Seguridad Ciudadana, en la Sala de Sesiones de la Gobernación de la provincia; a la que asistieron también autoridades locales del Consejo de la Judicatura, del Ministerio del Interior, de la Policía Judicial, del Ecu 911 y de la Defensoría del Pueblo.</p>
<p>Durante el encuentro se estableció la necesidad de diseñar una estrategia interinstitucional para la seguridad ciudadana con el objetivo de liderar un plan de prevención y atención, en el ámbito de cada una de las competencias de las instituciones participantes.</p>
<p>El Defensor Público Provincial señaló que esta mesa de trabajo tiene como prioridad establecer ejes estratégicos a fin de brindar una respuesta inmediata al llamado de una persona que sea víctima de violencia. Además, indicó que la Institución trabaja arduamente en la prevención contra la violencia de género.</p>
<p>[/et_pb_text][et_pb_gallery _builder_version=»3.19.12&#8243; gallery_ids=»2725,2723,2724&#8243;][/et_pb_gallery][/et_pb_column][et_pb_column type=»1_4&#8243; _builder_version=»3.19.12&#8243; parallax=»off» parallax_method=»on»][et_pb_sidebar _builder_version=»3.19.12&#8243;][/et_pb_sidebar][/et_pb_column][/et_pb_row][/et_pb_section]</p>

<p>El 25 de enero, el Defensor Público Provincial de El Oro, Jaime Coello; junto al  gobernador de la provincia de El Oro, Danilo Maridueña; participó en la primera reunión del [&hellip;]</p>
