{"id":2716,"date":"2019-02-07T20:00:05","date_gmt":"2019-02-07T20:00:05","guid":{"rendered":"https:\/\/www.defensoria.gob.ec\/?post_type=project&#038;p=2716"},"modified":"2019-02-07T20:02:13","modified_gmt":"2019-02-07T20:02:13","slug":"canar-reunion-del-comite-interinstitucional-de-proteccion-a-victimas","status":"publish","type":"project","link":"https:\/\/www.defensoria.gob.ec\/?project=canar-reunion-del-comite-interinstitucional-de-proteccion-a-victimas","title":{"rendered":"Ca\u00f1ar: reuni\u00f3n del Comit\u00e9 Interinstitucional de Protecci\u00f3n a V\u00edctimas"},"content":{"rendered":"<p>[et_pb_section fb_built=\u00bb1&#8243; _builder_version=\u00bb3.19.12&#8243;][et_pb_row _builder_version=\u00bb3.19.12&#8243;][et_pb_column type=\u00bb3_4&#8243; _builder_version=\u00bb3.19.12&#8243; parallax=\u00bboff\u00bb parallax_method=\u00bbon\u00bb][et_pb_post_title meta=\u00bboff\u00bb featured_image=\u00bboff\u00bb _builder_version=\u00bb3.19.12&#8243;][\/et_pb_post_title][et_pb_text _builder_version=\u00bb3.19.12&#8243;]<\/p>\n<p>Cristian Verdugo, defensor p\u00fablico provincial del Ca\u00f1ar, particip\u00f3 en la primera reuni\u00f3n del a\u00f1o del Comit\u00e9 Interinstitucional de Protecci\u00f3n a V\u00edctimas, que se realiz\u00f3 el 24 de enero, en la Fiscal\u00eda. En la cita se definieron estrategias de prevenci\u00f3n y acciones espec\u00edficas para la atenci\u00f3n en casos urgentes.<\/p>\n<audio class=\"wp-audio-shortcode\" id=\"audio-2716-1\" preload=\"none\" style=\"width: 100%;\" controls=\"controls\"><source type=\"audio\/mpeg\" src=\"https:\/\/www.defensoria.gob.ec\/wp-content\/uploads\/2019\/02\/nota_canar.mp3?_=1\" \/><a href=\"https:\/\/www.defensoria.gob.ec\/wp-content\/uploads\/2019\/02\/nota_canar.mp3\">https:\/\/www.defensoria.gob.ec\/wp-content\/uploads\/2019\/02\/nota_canar.mp3<\/a><\/audio>\n<p>[\/et_pb_text][et_pb_gallery _builder_version=\u00bb3.19.12&#8243; gallery_ids=\u00bb2717&#8243;][\/et_pb_gallery][\/et_pb_column][et_pb_column type=\u00bb1_4&#8243; _builder_version=\u00bb3.19.12&#8243; parallax=\u00bboff\u00bb parallax_method=\u00bbon\u00bb][et_pb_sidebar _builder_version=\u00bb3.19.12&#8243;][\/et_pb_sidebar][\/et_pb_column][\/et_pb_row][\/et_pb_section]<\/p>\n","protected":false},"excerpt":{"rendered":"<p>Cristian Verdugo, defensor p\u00fablico provincial del Ca\u00f1ar, particip\u00f3 en la primera reuni\u00f3n del a\u00f1o del Comit\u00e9 Interinstitucional de Protecci\u00f3n a V\u00edctimas, que se realiz\u00f3 el 24 de enero, en la [&hellip;]<\/p>\n","protected":false},"author":1,"featured_media":2717,"comment_status":"open","ping_status":"closed","template":"","meta":{"_et_pb_use_builder":"on","_et_pb_old_content":"","_et_gb_content_width":"","footnotes":""},"project_category":[8],"project_tag":[],"class_list":["post-2716","project","type-project","status-publish","has-post-thumbnail","hentry","project_category-cerca-a-ti"],"_links":{"self":[{"href":"https:\/\/www.defensoria.gob.ec\/index.php?rest_route=\/wp\/v2\/project\/2716","targetHints":{"allow":["GET"]}}],"collection":[{"href":"https:\/\/www.defensoria.gob.ec\/index.php?rest_route=\/wp\/v2\/project"}],"about":[{"href":"https:\/\/www.defensoria.gob.ec\/index.php?rest_route=\/wp\/v2\/types\/project"}],"author":[{"embeddable":true,"href":"https:\/\/www.defensoria.gob.ec\/index.php?rest_route=\/wp\/v2\/users\/1"}],"replies":[{"embeddable":true,"href":"https:\/\/www.defensoria.gob.ec\/index.php?rest_route=%2Fwp%2Fv2%2Fcomments&post=2716"}],"version-history":[{"count":0,"href":"https:\/\/www.defensoria.gob.ec\/index.php?rest_route=\/wp\/v2\/project\/2716\/revisions"}],"wp:featuredmedia":[{"embeddable":true,"href":"https:\/\/www.defensoria.gob.ec\/index.php?rest_route=\/wp\/v2\/media\/2717"}],"wp:attachment":[{"href":"https:\/\/www.defensoria.gob.ec\/index.php?rest_route=%2Fwp%2Fv2%2Fmedia&parent=2716"}],"wp:term":[{"taxonomy":"project_category","embeddable":true,"href":"https:\/\/www.defensoria.gob.ec\/index.php?rest_route=%2Fwp%2Fv2%2Fproject_category&post=2716"},{"taxonomy":"project_tag","embeddable":true,"href":"https:\/\/www.defensoria.gob.ec\/index.php?rest_route=%2Fwp%2Fv2%2Fproject_tag&post=2716"}],"curies":[{"name":"wp","href":"https:\/\/api.w.org\/{rel}","templated":true}]}}

Cañar: reunión del Comité Interinstitucional de Protección a Víctimas

<p>[et_pb_section fb_built=»1&#8243; _builder_version=»3.19.12&#8243;][et_pb_row _builder_version=»3.19.12&#8243;][et_pb_column type=»3_4&#8243; _builder_version=»3.19.12&#8243; parallax=»off» parallax_method=»on»][et_pb_post_title meta=»off» featured_image=»off» _builder_version=»3.19.12&#8243;][/et_pb_post_title][et_pb_text _builder_version=»3.19.12&#8243;]</p>
<p>Cristian Verdugo, defensor público provincial del Cañar, participó en la primera reunión del año del Comité Interinstitucional de Protección a Víctimas, que se realizó el 24 de enero, en la Fiscalía. En la cita se definieron estrategias de prevención y acciones específicas para la atención en casos urgentes.</p>
<audio class="wp-audio-shortcode" id="audio-2716-1" preload="none" style="width: 100%;" controls="controls"><source type="audio/mpeg" src="https://www.defensoria.gob.ec/wp-content/uploads/2019/02/nota_canar.mp3?_=1" /><a href="https://www.defensoria.gob.ec/wp-content/uploads/2019/02/nota_canar.mp3">https://www.defensoria.gob.ec/wp-content/uploads/2019/02/nota_canar.mp3</a></audio>
<p>[/et_pb_text][et_pb_gallery _builder_version=»3.19.12&#8243; gallery_ids=»2717&#8243;][/et_pb_gallery][/et_pb_column][et_pb_column type=»1_4&#8243; _builder_version=»3.19.12&#8243; parallax=»off» parallax_method=»on»][et_pb_sidebar _builder_version=»3.19.12&#8243;][/et_pb_sidebar][/et_pb_column][/et_pb_row][/et_pb_section]</p>

<p>Cristian Verdugo, defensor público provincial del Cañar, participó en la primera reunión del año del Comité Interinstitucional de Protección a Víctimas, que se realizó el 24 de enero, en la [&hellip;]</p>
