{"id":2710,"date":"2019-02-07T19:55:43","date_gmt":"2019-02-07T19:55:43","guid":{"rendered":"https:\/\/www.defensoria.gob.ec\/?post_type=project&#038;p=2710"},"modified":"2019-02-07T19:57:23","modified_gmt":"2019-02-07T19:57:23","slug":"santo-domingo-mesa-de-movilidad-humana-y-capacitacion-al-personal-misional","status":"publish","type":"project","link":"https:\/\/www.defensoria.gob.ec\/?project=santo-domingo-mesa-de-movilidad-humana-y-capacitacion-al-personal-misional","title":{"rendered":"Santo Domingo: mesa de movilidad humana y capacitaci\u00f3n al personal misional"},"content":{"rendered":"<p>[et_pb_section fb_built=\u00bb1&#8243; _builder_version=\u00bb3.19.12&#8243;][et_pb_row _builder_version=\u00bb3.19.12&#8243;][et_pb_column type=\u00bb3_4&#8243; _builder_version=\u00bb3.19.12&#8243; parallax=\u00bboff\u00bb parallax_method=\u00bbon\u00bb][et_pb_post_title meta=\u00bboff\u00bb featured_image=\u00bboff\u00bb _builder_version=\u00bb3.19.12&#8243;][\/et_pb_post_title][et_pb_text text_orientation=\u00bbjustified\u00bb _builder_version=\u00bb3.19.12&#8243; text_font=\u00bb||||||||\u00bb]<\/p>\n<p>Mauricio Sotal\u00edn, defensor p\u00fablico provincial de Santo Domingo de los Ts\u00e1chilas particip\u00f3, el 28 de enero, en la Mesa de Movilidad Humana, donde hizo un llamado a la convivencia pac\u00edfica, libre de actos discriminatorios, tras los hechos ocurridos en Ibarra. Adem\u00e1s, destac\u00f3 que la Defensor\u00eda P\u00fablica entrega permanentemente asesor\u00eda legal a migrantes venezolanos.<\/p>\n<p>Con el\u00a0 fin de fortalecer las estrategias de legitimaci\u00f3n oral, los d\u00edas 17, 18 y 21 de enero, el personal misional de la Defensor\u00eda P\u00fablica de Santo Domingo de los Ts\u00e1chilas recibi\u00f3 una capacitaci\u00f3n en \u201cLitigaci\u00f3n Oral en casos de delitos sexuales\u201d, a cargo de las juezas del Tribunal de Garant\u00edas Penales: Anabel Torres y Sandra B\u00f3squez.<\/p>\n<p>El taller que permiti\u00f3 la actualizaci\u00f3n de los defensores p\u00fablicos en este tema, concluy\u00f3\u00a0 con una simulaci\u00f3n de audiencia, en la que tambi\u00e9n participaron estudiantes de la Universidad Uniandes.<\/p>\n<p>[\/et_pb_text][et_pb_gallery _builder_version=\u00bb3.19.12&#8243; gallery_ids=\u00bb2712,2711&#8243;][\/et_pb_gallery][\/et_pb_column][et_pb_column type=\u00bb1_4&#8243; _builder_version=\u00bb3.19.12&#8243; parallax=\u00bboff\u00bb parallax_method=\u00bbon\u00bb][et_pb_sidebar _builder_version=\u00bb3.19.12&#8243;][\/et_pb_sidebar][\/et_pb_column][\/et_pb_row][\/et_pb_section]<\/p>\n","protected":false},"excerpt":{"rendered":"<p>Mauricio Sotal\u00edn, defensor p\u00fablico provincial de Santo Domingo de los Ts\u00e1chilas particip\u00f3, el 28 de enero, en la Mesa de Movilidad Humana, donde hizo un llamado a la convivencia pac\u00edfica, [&hellip;]<\/p>\n","protected":false},"author":1,"featured_media":2712,"comment_status":"open","ping_status":"closed","template":"","meta":{"_et_pb_use_builder":"on","_et_pb_old_content":"","_et_gb_content_width":"","footnotes":""},"project_category":[8],"project_tag":[],"class_list":["post-2710","project","type-project","status-publish","has-post-thumbnail","hentry","project_category-cerca-a-ti"],"_links":{"self":[{"href":"https:\/\/www.defensoria.gob.ec\/index.php?rest_route=\/wp\/v2\/project\/2710","targetHints":{"allow":["GET"]}}],"collection":[{"href":"https:\/\/www.defensoria.gob.ec\/index.php?rest_route=\/wp\/v2\/project"}],"about":[{"href":"https:\/\/www.defensoria.gob.ec\/index.php?rest_route=\/wp\/v2\/types\/project"}],"author":[{"embeddable":true,"href":"https:\/\/www.defensoria.gob.ec\/index.php?rest_route=\/wp\/v2\/users\/1"}],"replies":[{"embeddable":true,"href":"https:\/\/www.defensoria.gob.ec\/index.php?rest_route=%2Fwp%2Fv2%2Fcomments&post=2710"}],"version-history":[{"count":0,"href":"https:\/\/www.defensoria.gob.ec\/index.php?rest_route=\/wp\/v2\/project\/2710\/revisions"}],"wp:featuredmedia":[{"embeddable":true,"href":"https:\/\/www.defensoria.gob.ec\/index.php?rest_route=\/wp\/v2\/media\/2712"}],"wp:attachment":[{"href":"https:\/\/www.defensoria.gob.ec\/index.php?rest_route=%2Fwp%2Fv2%2Fmedia&parent=2710"}],"wp:term":[{"taxonomy":"project_category","embeddable":true,"href":"https:\/\/www.defensoria.gob.ec\/index.php?rest_route=%2Fwp%2Fv2%2Fproject_category&post=2710"},{"taxonomy":"project_tag","embeddable":true,"href":"https:\/\/www.defensoria.gob.ec\/index.php?rest_route=%2Fwp%2Fv2%2Fproject_tag&post=2710"}],"curies":[{"name":"wp","href":"https:\/\/api.w.org\/{rel}","templated":true}]}}

Santo Domingo: mesa de movilidad humana y capacitación al personal misional

<p>[et_pb_section fb_built=»1&#8243; _builder_version=»3.19.12&#8243;][et_pb_row _builder_version=»3.19.12&#8243;][et_pb_column type=»3_4&#8243; _builder_version=»3.19.12&#8243; parallax=»off» parallax_method=»on»][et_pb_post_title meta=»off» featured_image=»off» _builder_version=»3.19.12&#8243;][/et_pb_post_title][et_pb_text text_orientation=»justified» _builder_version=»3.19.12&#8243; text_font=»||||||||»]</p>
<p>Mauricio Sotalín, defensor público provincial de Santo Domingo de los Tsáchilas participó, el 28 de enero, en la Mesa de Movilidad Humana, donde hizo un llamado a la convivencia pacífica, libre de actos discriminatorios, tras los hechos ocurridos en Ibarra. Además, destacó que la Defensoría Pública entrega permanentemente asesoría legal a migrantes venezolanos.</p>
<p>Con el  fin de fortalecer las estrategias de legitimación oral, los días 17, 18 y 21 de enero, el personal misional de la Defensoría Pública de Santo Domingo de los Tsáchilas recibió una capacitación en “Litigación Oral en casos de delitos sexuales”, a cargo de las juezas del Tribunal de Garantías Penales: Anabel Torres y Sandra Bósquez.</p>
<p>El taller que permitió la actualización de los defensores públicos en este tema, concluyó  con una simulación de audiencia, en la que también participaron estudiantes de la Universidad Uniandes.</p>
<p>[/et_pb_text][et_pb_gallery _builder_version=»3.19.12&#8243; gallery_ids=»2712,2711&#8243;][/et_pb_gallery][/et_pb_column][et_pb_column type=»1_4&#8243; _builder_version=»3.19.12&#8243; parallax=»off» parallax_method=»on»][et_pb_sidebar _builder_version=»3.19.12&#8243;][/et_pb_sidebar][/et_pb_column][/et_pb_row][/et_pb_section]</p>

<p>Mauricio Sotalín, defensor público provincial de Santo Domingo de los Tsáchilas participó, el 28 de enero, en la Mesa de Movilidad Humana, donde hizo un llamado a la convivencia pacífica, [&hellip;]</p>
