{"id":2652,"date":"2019-02-05T20:42:09","date_gmt":"2019-02-05T20:42:09","guid":{"rendered":"https:\/\/www.defensoria.gob.ec\/?post_type=project&#038;p=2652"},"modified":"2019-02-05T20:42:17","modified_gmt":"2019-02-05T20:42:17","slug":"cotopaxi-se-instalo-mesa-de-trabajo","status":"publish","type":"project","link":"https:\/\/www.defensoria.gob.ec\/?project=cotopaxi-se-instalo-mesa-de-trabajo","title":{"rendered":"Cotopaxi: se instal\u00f3 Mesa de trabajo"},"content":{"rendered":"<p>[et_pb_section fb_built=\u00bb1&#8243; _builder_version=\u00bb3.19.10&#8243;][et_pb_row _builder_version=\u00bb3.19.10&#8243;][et_pb_column type=\u00bb3_4&#8243; _builder_version=\u00bb3.19.10&#8243; parallax=\u00bboff\u00bb parallax_method=\u00bbon\u00bb][et_pb_post_title meta=\u00bboff\u00bb featured_image=\u00bboff\u00bb _builder_version=\u00bb3.19.10&#8243;][\/et_pb_post_title][et_pb_text text_orientation=\u00bbjustified\u00bb _builder_version=\u00bb3.19.10&#8243; text_font=\u00bb||||||||\u00bb]<\/p>\n<p>El 01 de febrero, en Cotopaxi, se llev\u00f3 a cabo una mesa de trabajo coordinada por la Defensor\u00eda P\u00fablica, en la que participaron representantes de diferentes instituciones: Subsecretaria General de Atenci\u00f3n a Personas Privadas de Libertad, Consejo de la Judicatura, Fiscal\u00eda Defensor\u00eda del Pueblo y GAD Municipal Latacunga, con el fin de garantizar los derechos de las personas privadas de libertad del Centro de Rehabilitaci\u00f3n Social -Regional Sierra Centro Norte.<\/p>\n<p>El encuentro permiti\u00f3 generar un espacio de debate en torno al tema de derechos de las personas privadas de libertad; y, coordinar acciones con las instituciones que forman parte de la administraci\u00f3n de justicia, que permitan ofrecer un servicio oportuno, eficaz y eficiente en beneficio de los grupos de atenci\u00f3n prioritaria.<\/p>\n<p>[\/et_pb_text][et_pb_gallery _builder_version=\u00bb3.19.10&#8243; gallery_ids=\u00bb2653,2654,2655&#8243;][\/et_pb_gallery][\/et_pb_column][et_pb_column type=\u00bb1_4&#8243; _builder_version=\u00bb3.19.10&#8243; parallax=\u00bboff\u00bb parallax_method=\u00bbon\u00bb][et_pb_sidebar _builder_version=\u00bb3.19.10&#8243;][\/et_pb_sidebar][\/et_pb_column][\/et_pb_row][\/et_pb_section]<\/p>\n","protected":false},"excerpt":{"rendered":"<p>El 01 de febrero, en Cotopaxi, se llev\u00f3 a cabo una mesa de trabajo coordinada por la Defensor\u00eda P\u00fablica, en la que participaron representantes de diferentes instituciones: Subsecretaria General de [&hellip;]<\/p>\n","protected":false},"author":1,"featured_media":2653,"comment_status":"open","ping_status":"closed","template":"","meta":{"_et_pb_use_builder":"on","_et_pb_old_content":"","_et_gb_content_width":"","footnotes":""},"project_category":[8],"project_tag":[],"class_list":["post-2652","project","type-project","status-publish","has-post-thumbnail","hentry","project_category-cerca-a-ti"],"_links":{"self":[{"href":"https:\/\/www.defensoria.gob.ec\/index.php?rest_route=\/wp\/v2\/project\/2652","targetHints":{"allow":["GET"]}}],"collection":[{"href":"https:\/\/www.defensoria.gob.ec\/index.php?rest_route=\/wp\/v2\/project"}],"about":[{"href":"https:\/\/www.defensoria.gob.ec\/index.php?rest_route=\/wp\/v2\/types\/project"}],"author":[{"embeddable":true,"href":"https:\/\/www.defensoria.gob.ec\/index.php?rest_route=\/wp\/v2\/users\/1"}],"replies":[{"embeddable":true,"href":"https:\/\/www.defensoria.gob.ec\/index.php?rest_route=%2Fwp%2Fv2%2Fcomments&post=2652"}],"version-history":[{"count":0,"href":"https:\/\/www.defensoria.gob.ec\/index.php?rest_route=\/wp\/v2\/project\/2652\/revisions"}],"wp:featuredmedia":[{"embeddable":true,"href":"https:\/\/www.defensoria.gob.ec\/index.php?rest_route=\/wp\/v2\/media\/2653"}],"wp:attachment":[{"href":"https:\/\/www.defensoria.gob.ec\/index.php?rest_route=%2Fwp%2Fv2%2Fmedia&parent=2652"}],"wp:term":[{"taxonomy":"project_category","embeddable":true,"href":"https:\/\/www.defensoria.gob.ec\/index.php?rest_route=%2Fwp%2Fv2%2Fproject_category&post=2652"},{"taxonomy":"project_tag","embeddable":true,"href":"https:\/\/www.defensoria.gob.ec\/index.php?rest_route=%2Fwp%2Fv2%2Fproject_tag&post=2652"}],"curies":[{"name":"wp","href":"https:\/\/api.w.org\/{rel}","templated":true}]}}

Cotopaxi: se instaló Mesa de trabajo

<p>[et_pb_section fb_built=»1&#8243; _builder_version=»3.19.10&#8243;][et_pb_row _builder_version=»3.19.10&#8243;][et_pb_column type=»3_4&#8243; _builder_version=»3.19.10&#8243; parallax=»off» parallax_method=»on»][et_pb_post_title meta=»off» featured_image=»off» _builder_version=»3.19.10&#8243;][/et_pb_post_title][et_pb_text text_orientation=»justified» _builder_version=»3.19.10&#8243; text_font=»||||||||»]</p>
<p>El 01 de febrero, en Cotopaxi, se llevó a cabo una mesa de trabajo coordinada por la Defensoría Pública, en la que participaron representantes de diferentes instituciones: Subsecretaria General de Atención a Personas Privadas de Libertad, Consejo de la Judicatura, Fiscalía Defensoría del Pueblo y GAD Municipal Latacunga, con el fin de garantizar los derechos de las personas privadas de libertad del Centro de Rehabilitación Social -Regional Sierra Centro Norte.</p>
<p>El encuentro permitió generar un espacio de debate en torno al tema de derechos de las personas privadas de libertad; y, coordinar acciones con las instituciones que forman parte de la administración de justicia, que permitan ofrecer un servicio oportuno, eficaz y eficiente en beneficio de los grupos de atención prioritaria.</p>
<p>[/et_pb_text][et_pb_gallery _builder_version=»3.19.10&#8243; gallery_ids=»2653,2654,2655&#8243;][/et_pb_gallery][/et_pb_column][et_pb_column type=»1_4&#8243; _builder_version=»3.19.10&#8243; parallax=»off» parallax_method=»on»][et_pb_sidebar _builder_version=»3.19.10&#8243;][/et_pb_sidebar][/et_pb_column][/et_pb_row][/et_pb_section]</p>

<p>El 01 de febrero, en Cotopaxi, se llevó a cabo una mesa de trabajo coordinada por la Defensoría Pública, en la que participaron representantes de diferentes instituciones: Subsecretaria General de [&hellip;]</p>
