{"id":2618,"date":"2019-02-04T15:51:38","date_gmt":"2019-02-04T15:51:38","guid":{"rendered":"https:\/\/www.defensoria.gob.ec\/?post_type=project&#038;p=2618"},"modified":"2019-02-04T17:28:21","modified_gmt":"2019-02-04T17:28:21","slug":"iniciaron-las-jornadas-de-capacitacion-2019-para-defensores-publicos-en-quito","status":"publish","type":"project","link":"https:\/\/www.defensoria.gob.ec\/?project=iniciaron-las-jornadas-de-capacitacion-2019-para-defensores-publicos-en-quito","title":{"rendered":"Iniciaron las jornadas de capacitaci\u00f3n 2019 para defensores p\u00fablicos en Quito"},"content":{"rendered":"<p>[et_pb_section fb_built=\u00bb1&#8243; _builder_version=\u00bb3.19.10&#8243;][et_pb_row _builder_version=\u00bb3.19.10&#8243;][et_pb_column type=\u00bb3_4&#8243; _builder_version=\u00bb3.19.10&#8243; parallax=\u00bboff\u00bb parallax_method=\u00bbon\u00bb][et_pb_post_title meta=\u00bboff\u00bb featured_image=\u00bboff\u00bb _builder_version=\u00bb3.19.10&#8243;][\/et_pb_post_title][et_pb_text _builder_version=\u00bb3.19.10&#8243; text_font=\u00bb||||||||\u00bb text_orientation=\u00bbjustified\u00bb]<\/p>\n<p>Alrededor de 30 defensores p\u00fablicos participaron en el taller: \u201cPerfiles criminales\u201d, dictado por la mag\u00edster Nora Mantilla, entre el 1 y 2 de febrero, en el auditorio del edificio matriz.<\/p>\n<p>La jornada de capacitaci\u00f3n es parte de un cronograma preparado para este a\u00f1o, el mismo que inici\u00f3 con el tema de criminalidad, a prop\u00f3sito de los \u00faltimos acontecimientos de los casos de \u201cMartha\u201d y \u201cDiana\u201d, se\u00f1al\u00f3 el Coordinador Nacional de Gesti\u00f3n de Defensa P\u00fablica, Dr. Ricardo Morales, tras la presentaci\u00f3n del taller.<\/p>\n<p>Anunci\u00f3 que este martes 5 de febrero se prev\u00e9 tambi\u00e9n el taller: \u201cT\u00e9cnica de Oralidad y desarrollo de la prueba en materia laboral\u201d, que dictar\u00e1 el Dr. Carlos D\u00e1vila. El objetivo es mantener actualizados a los defensores p\u00fablicos en estas tem\u00e1ticas, puntualiz\u00f3 el Dr. Ricardo Morales.<\/p>\n<p>B009-2019<br \/> 04-febrero-2019<\/p>\n<audio class=\"wp-audio-shortcode\" id=\"audio-2618-1\" preload=\"none\" style=\"width: 100%;\" controls=\"controls\"><source type=\"audio\/mpeg\" src=\"https:\/\/www.defensoria.gob.ec\/wp-content\/uploads\/2019\/02\/morales.mp3?_=1\" \/><a href=\"https:\/\/www.defensoria.gob.ec\/wp-content\/uploads\/2019\/02\/morales.mp3\">https:\/\/www.defensoria.gob.ec\/wp-content\/uploads\/2019\/02\/morales.mp3<\/a><\/audio>\n<p>[\/et_pb_text][et_pb_gallery gallery_ids=\u00bb2621,2620,2619&#8243; _builder_version=\u00bb3.19.10&#8243;][\/et_pb_gallery][\/et_pb_column][et_pb_column type=\u00bb1_4&#8243; _builder_version=\u00bb3.19.10&#8243; parallax=\u00bboff\u00bb parallax_method=\u00bbon\u00bb][et_pb_sidebar _builder_version=\u00bb3.19.10&#8243;][\/et_pb_sidebar][\/et_pb_column][\/et_pb_row][\/et_pb_section]<\/p>\n","protected":false},"excerpt":{"rendered":"<p>Alrededor de 30 defensores p\u00fablicos participaron en el taller: \u201cPerfiles criminales\u201d, dictado por la mag\u00edster Nora Mantilla, entre el 1 y 2 de febrero, en el auditorio del edificio matriz. [&hellip;]<\/p>\n","protected":false},"author":1,"featured_media":2622,"comment_status":"open","ping_status":"closed","template":"","meta":{"_et_pb_use_builder":"on","_et_pb_old_content":"","_et_gb_content_width":"","footnotes":""},"project_category":[5],"project_tag":[],"class_list":["post-2618","project","type-project","status-publish","has-post-thumbnail","hentry","project_category-noticias"],"_links":{"self":[{"href":"https:\/\/www.defensoria.gob.ec\/index.php?rest_route=\/wp\/v2\/project\/2618","targetHints":{"allow":["GET"]}}],"collection":[{"href":"https:\/\/www.defensoria.gob.ec\/index.php?rest_route=\/wp\/v2\/project"}],"about":[{"href":"https:\/\/www.defensoria.gob.ec\/index.php?rest_route=\/wp\/v2\/types\/project"}],"author":[{"embeddable":true,"href":"https:\/\/www.defensoria.gob.ec\/index.php?rest_route=\/wp\/v2\/users\/1"}],"replies":[{"embeddable":true,"href":"https:\/\/www.defensoria.gob.ec\/index.php?rest_route=%2Fwp%2Fv2%2Fcomments&post=2618"}],"version-history":[{"count":0,"href":"https:\/\/www.defensoria.gob.ec\/index.php?rest_route=\/wp\/v2\/project\/2618\/revisions"}],"wp:featuredmedia":[{"embeddable":true,"href":"https:\/\/www.defensoria.gob.ec\/index.php?rest_route=\/wp\/v2\/media\/2622"}],"wp:attachment":[{"href":"https:\/\/www.defensoria.gob.ec\/index.php?rest_route=%2Fwp%2Fv2%2Fmedia&parent=2618"}],"wp:term":[{"taxonomy":"project_category","embeddable":true,"href":"https:\/\/www.defensoria.gob.ec\/index.php?rest_route=%2Fwp%2Fv2%2Fproject_category&post=2618"},{"taxonomy":"project_tag","embeddable":true,"href":"https:\/\/www.defensoria.gob.ec\/index.php?rest_route=%2Fwp%2Fv2%2Fproject_tag&post=2618"}],"curies":[{"name":"wp","href":"https:\/\/api.w.org\/{rel}","templated":true}]}}

Iniciaron las jornadas de capacitación 2019 para defensores públicos en Quito

<p>[et_pb_section fb_built=»1&#8243; _builder_version=»3.19.10&#8243;][et_pb_row _builder_version=»3.19.10&#8243;][et_pb_column type=»3_4&#8243; _builder_version=»3.19.10&#8243; parallax=»off» parallax_method=»on»][et_pb_post_title meta=»off» featured_image=»off» _builder_version=»3.19.10&#8243;][/et_pb_post_title][et_pb_text _builder_version=»3.19.10&#8243; text_font=»||||||||» text_orientation=»justified»]</p>
<p>Alrededor de 30 defensores públicos participaron en el taller: “Perfiles criminales”, dictado por la magíster Nora Mantilla, entre el 1 y 2 de febrero, en el auditorio del edificio matriz.</p>
<p>La jornada de capacitación es parte de un cronograma preparado para este año, el mismo que inició con el tema de criminalidad, a propósito de los últimos acontecimientos de los casos de “Martha” y “Diana”, señaló el Coordinador Nacional de Gestión de Defensa Pública, Dr. Ricardo Morales, tras la presentación del taller.</p>
<p>Anunció que este martes 5 de febrero se prevé también el taller: “Técnica de Oralidad y desarrollo de la prueba en materia laboral”, que dictará el Dr. Carlos Dávila. El objetivo es mantener actualizados a los defensores públicos en estas temáticas, puntualizó el Dr. Ricardo Morales.</p>
<p>B009-2019<br /> 04-febrero-2019</p>
<audio class="wp-audio-shortcode" id="audio-2618-1" preload="none" style="width: 100%;" controls="controls"><source type="audio/mpeg" src="https://www.defensoria.gob.ec/wp-content/uploads/2019/02/morales.mp3?_=1" /><a href="https://www.defensoria.gob.ec/wp-content/uploads/2019/02/morales.mp3">https://www.defensoria.gob.ec/wp-content/uploads/2019/02/morales.mp3</a></audio>
<p>[/et_pb_text][et_pb_gallery gallery_ids=»2621,2620,2619&#8243; _builder_version=»3.19.10&#8243;][/et_pb_gallery][/et_pb_column][et_pb_column type=»1_4&#8243; _builder_version=»3.19.10&#8243; parallax=»off» parallax_method=»on»][et_pb_sidebar _builder_version=»3.19.10&#8243;][/et_pb_sidebar][/et_pb_column][/et_pb_row][/et_pb_section]</p>

<p>Alrededor de 30 defensores públicos participaron en el taller: “Perfiles criminales”, dictado por la magíster Nora Mantilla, entre el 1 y 2 de febrero, en el auditorio del edificio matriz. [&hellip;]</p>
