{"id":2562,"date":"2019-01-31T20:48:37","date_gmt":"2019-01-31T20:48:37","guid":{"rendered":"https:\/\/www.defensoria.gob.ec\/?post_type=project&#038;p=2562"},"modified":"2019-01-31T22:00:56","modified_gmt":"2019-01-31T22:00:56","slug":"manabi-se-instalo-la-mesa-de-movilidad-humana","status":"publish","type":"project","link":"https:\/\/www.defensoria.gob.ec\/?project=manabi-se-instalo-la-mesa-de-movilidad-humana","title":{"rendered":"Manab\u00ed: se instal\u00f3 la Mesa de Movilidad Humana"},"content":{"rendered":"<p>[et_pb_section fb_built=\u00bb1&#8243; _builder_version=\u00bb3.19.5&#8243;][et_pb_row _builder_version=\u00bb3.19.5&#8243;][et_pb_column type=\u00bb3_4&#8243; _builder_version=\u00bb3.19.5&#8243; parallax=\u00bboff\u00bb parallax_method=\u00bbon\u00bb][et_pb_post_title meta=\u00bboff\u00bb featured_image=\u00bboff\u00bb _builder_version=\u00bb3.19.5&#8243;][\/et_pb_post_title][et_pb_text _builder_version=\u00bb3.19.5&#8243; text_font=\u00bb||||||||\u00bb text_orientation=\u00bbjustified\u00bb]<\/p>\n<p>El 24 de enero, Jos\u00e9 Jarr\u00e9, defensor p\u00fablico provincial de Manab\u00ed, particip\u00f3 en la Mesa Provincial de Movilidad Humana, que se llev\u00f3 a cabo en el sal\u00f3n Francisco Pacheco, de la ciudad de Portoviejo. Durante la mesa de trabajo abordaron temas relacionados con incremento inusual de flujos migratorios de ciudadanos venezolanos.<\/p>\n<p>Jarre indic\u00f3 que la Defensor\u00eda P\u00fablica trabaja constantemente por garantizar los derechos de las personas que se encuentran en situaci\u00f3n de movilidad humana, reconociendo la necesidad de articular acciones interinstitucionales a fin de que se brinde una atenci\u00f3n integral.<\/p>\n<p>[\/et_pb_text][et_pb_gallery gallery_ids=\u00bb2579&#8243; _builder_version=\u00bb3.19.5&#8243;][\/et_pb_gallery][\/et_pb_column][et_pb_column type=\u00bb1_4&#8243; _builder_version=\u00bb3.19.5&#8243; parallax=\u00bboff\u00bb parallax_method=\u00bbon\u00bb][et_pb_sidebar _builder_version=\u00bb3.19.5&#8243;][\/et_pb_sidebar][\/et_pb_column][\/et_pb_row][\/et_pb_section]<\/p>\n","protected":false},"excerpt":{"rendered":"<p>El 24 de enero, Jos\u00e9 Jarr\u00e9, defensor p\u00fablico provincial de Manab\u00ed, particip\u00f3 en la Mesa Provincial de Movilidad Humana, que se llev\u00f3 a cabo en el sal\u00f3n Francisco Pacheco, de [&hellip;]<\/p>\n","protected":false},"author":1,"featured_media":2579,"comment_status":"open","ping_status":"closed","template":"","meta":{"_et_pb_use_builder":"on","_et_pb_old_content":"","_et_gb_content_width":"","footnotes":""},"project_category":[8],"project_tag":[],"class_list":["post-2562","project","type-project","status-publish","has-post-thumbnail","hentry","project_category-cerca-a-ti"],"_links":{"self":[{"href":"https:\/\/www.defensoria.gob.ec\/index.php?rest_route=\/wp\/v2\/project\/2562","targetHints":{"allow":["GET"]}}],"collection":[{"href":"https:\/\/www.defensoria.gob.ec\/index.php?rest_route=\/wp\/v2\/project"}],"about":[{"href":"https:\/\/www.defensoria.gob.ec\/index.php?rest_route=\/wp\/v2\/types\/project"}],"author":[{"embeddable":true,"href":"https:\/\/www.defensoria.gob.ec\/index.php?rest_route=\/wp\/v2\/users\/1"}],"replies":[{"embeddable":true,"href":"https:\/\/www.defensoria.gob.ec\/index.php?rest_route=%2Fwp%2Fv2%2Fcomments&post=2562"}],"version-history":[{"count":0,"href":"https:\/\/www.defensoria.gob.ec\/index.php?rest_route=\/wp\/v2\/project\/2562\/revisions"}],"wp:featuredmedia":[{"embeddable":true,"href":"https:\/\/www.defensoria.gob.ec\/index.php?rest_route=\/wp\/v2\/media\/2579"}],"wp:attachment":[{"href":"https:\/\/www.defensoria.gob.ec\/index.php?rest_route=%2Fwp%2Fv2%2Fmedia&parent=2562"}],"wp:term":[{"taxonomy":"project_category","embeddable":true,"href":"https:\/\/www.defensoria.gob.ec\/index.php?rest_route=%2Fwp%2Fv2%2Fproject_category&post=2562"},{"taxonomy":"project_tag","embeddable":true,"href":"https:\/\/www.defensoria.gob.ec\/index.php?rest_route=%2Fwp%2Fv2%2Fproject_tag&post=2562"}],"curies":[{"name":"wp","href":"https:\/\/api.w.org\/{rel}","templated":true}]}}

Manabí: se instaló la Mesa de Movilidad Humana

<p>[et_pb_section fb_built=»1&#8243; _builder_version=»3.19.5&#8243;][et_pb_row _builder_version=»3.19.5&#8243;][et_pb_column type=»3_4&#8243; _builder_version=»3.19.5&#8243; parallax=»off» parallax_method=»on»][et_pb_post_title meta=»off» featured_image=»off» _builder_version=»3.19.5&#8243;][/et_pb_post_title][et_pb_text _builder_version=»3.19.5&#8243; text_font=»||||||||» text_orientation=»justified»]</p>
<p>El 24 de enero, José Jarré, defensor público provincial de Manabí, participó en la Mesa Provincial de Movilidad Humana, que se llevó a cabo en el salón Francisco Pacheco, de la ciudad de Portoviejo. Durante la mesa de trabajo abordaron temas relacionados con incremento inusual de flujos migratorios de ciudadanos venezolanos.</p>
<p>Jarre indicó que la Defensoría Pública trabaja constantemente por garantizar los derechos de las personas que se encuentran en situación de movilidad humana, reconociendo la necesidad de articular acciones interinstitucionales a fin de que se brinde una atención integral.</p>
<p>[/et_pb_text][et_pb_gallery gallery_ids=»2579&#8243; _builder_version=»3.19.5&#8243;][/et_pb_gallery][/et_pb_column][et_pb_column type=»1_4&#8243; _builder_version=»3.19.5&#8243; parallax=»off» parallax_method=»on»][et_pb_sidebar _builder_version=»3.19.5&#8243;][/et_pb_sidebar][/et_pb_column][/et_pb_row][/et_pb_section]</p>

<p>El 24 de enero, José Jarré, defensor público provincial de Manabí, participó en la Mesa Provincial de Movilidad Humana, que se llevó a cabo en el salón Francisco Pacheco, de [&hellip;]</p>
